{"id":20975,"date":"2018-01-02T00:59:46","date_gmt":"2018-01-02T00:59:46","guid":{"rendered":"http:\/\/biblian.is\/videy\/fjorda-mosebok-9-kafli\/"},"modified":"2018-01-02T00:59:46","modified_gmt":"2018-01-02T00:59:46","slug":"fjorda-mosebok-9-kafli","status":"publish","type":"page","link":"https:\/\/biblian.is\/videy\/fjorda-mosebok-9-kafli\/","title":{"rendered":"Fj\u00f3r\u00f0a M\u00f3seb\u00f3k 9. kafli"},"content":{"rendered":"<div class=\"fyrirsognVidey\">P\u00e1skar haldnir. Fer\u00f0ir \u00cdsraelsmanna.<\/div>\n<p><a name=\"1\"><span class=\"versanumer\">1<\/span><\/a>Og Drottinn tala\u00f0i vi\u00f0 M\u00f3ses \u00ed S\u00edna\u00edey\u00f0im\u00f6rku \u00e1 \u00f6\u00f0ru \u00e1ri eftir burtf\u00f6r \u00feeirra \u00far Egyptalandi \u00ed fyrsta m\u00e1nu\u00f0i og m\u00e6lti:<a name=\"2\"><span class=\"versanumer\">2<\/span><\/a>\u00cdsraelssynir skulu halda p\u00e1ska \u00e1 tilteknum t\u00edma.<a name=\"3\"><span class=\"versanumer\">3<\/span><\/a>\u00c1 14da degi \u00ed \u00feessum m\u00e1nu\u00f0i m\u00f3t aftni skulu\u00f0 \u00fe\u00e9r \u00fe\u00e1 halda \u00e1 tilteknum t\u00edma; eftir \u00f6llum \u00feeirra setningum og \u00f6llum \u00feeirra si\u00f0um skulu\u00f0 \u00fe\u00e9r halda \u00fe\u00e1.<a name=\"4\"><span class=\"versanumer\">4<\/span><\/a>Og M\u00f3ses tala\u00f0i til \u00cdsraelssona, a\u00f0 \u00feeir skyldu halda p\u00e1ska.<a name=\"5\"><span class=\"versanumer\">5<\/span><\/a>Og \u00feeir h\u00e9ldu p\u00e1ska \u00feann 14da dag \u00ed \u00feeim fyrsta m\u00e1nu\u00f0i, m\u00f3t aftni, \u00ed S\u00edna\u00edey\u00f0im\u00f6rku; eins og Drottinn haf\u00f0i bo\u00f0i\u00f0 M\u00f3ses, svo gj\u00f6r\u00f0u \u00cdsraelsb\u00f6rn algj\u00f6rlega.<a name=\"6\"><span class=\"versanumer\">6<\/span><\/a>Og \u00fear voru menn, sem h\u00f6f\u00f0u saurgast af l\u00edki framli\u00f0ins manns, og g\u00e1tu ei haldi\u00f0 p\u00e1ska \u00feann sama dag. \u00deeir gengu fyrir M\u00f3ses og Aron \u00feann sama dag.<a name=\"7\"><span class=\"versanumer\">7<\/span><\/a>Og \u00feeir s\u00f6mu menn s\u00f6g\u00f0u vi\u00f0 hann: v\u00e9r erum or\u00f0nir \u00f3hreinir af l\u00edki framli\u00f0ins manns; hvar fyrir skulum v\u00e9r standa \u00e1 baki annarra, a\u00f0 v\u00e9r ekki berum f\u00f3rnarg\u00e1fu Drottins fram \u00e1 s\u00ednum t\u00edma me\u00f0 \u00cdsraelssonum.<a name=\"8\"><span class=\"versanumer\">8<\/span><\/a>Og M\u00f3ses svara\u00f0i \u00feeim: b\u00ed\u00f0i\u00f0, a\u00f0 eg heyri hva\u00f0 Drottinn b\u00fd\u00f0ur, y\u00f0ur vi\u00f0v\u00edkjandi.<a name=\"9\"><span class=\"versanumer\">9<\/span><\/a>Og Drottinn tala\u00f0i vi\u00f0 M\u00f3ses og m\u00e6lti:<a name=\"10\"><span class=\"versanumer\">10<\/span><\/a>tala \u00fe\u00fa vi\u00f0 \u00cdsraelssonu og seg: \u00feegar einhv\u00f6r er \u00f3hreinn af l\u00edki, e\u00f0a hann er \u00ed langfer\u00f0, me\u00f0al y\u00f0ar, e\u00f0a me\u00f0al y\u00f0ar ni\u00f0ja, svo haldi hann Drottni p\u00e1ska.<a name=\"11\"><span class=\"versanumer\">11<\/span><\/a>\u00cd \u00f6\u00f0rum m\u00e1nu\u00f0i \u00e1 14da degi m\u00f3t aftni skulu \u00feeir \u00fe\u00e1 halda; me\u00f0 \u00f3s\u00fdr\u00f0um <span class='VideyAth'>(brau\u00f0um)<\/span> og beiskum jurtum skulu \u00feeir eta p\u00e1skalambi\u00f0.<a name=\"12\"><span class=\"versanumer\">12<\/span><\/a>\u00deeir skulu ekkert af \u00fev\u00ed leifa til morguns, og ekkert \u00feess bein brj\u00f3ta; eftir \u00f6llum setningum p\u00e1skanna, skulu \u00feeir \u00fe\u00e1 halda.<a name=\"13\"><span class=\"versanumer\">13<\/span><\/a>En hv\u00f6r sem er hreinn og ekki er \u00e1 fer\u00f0, og fors\u00f3mar a\u00f0 halda p\u00e1ska, \u00feess s\u00e1l ver\u00f0i uppr\u00e6tt fr\u00e1 hans f\u00f3lki, s\u00f6kum \u00feess hann frambar ekki Drottins f\u00f3rnarg\u00e1fu \u00e1 r\u00e9ttum t\u00edma; s\u00e1 sami ma\u00f0ur beri s\u00edna sekt.<a name=\"14\"><span class=\"versanumer\">14<\/span><\/a>Og s\u00e9 framandi ma\u00f0ur hj\u00e1 y\u00f0ur, \u00fe\u00e1 haldi hann p\u00e1ska; eftir p\u00e1skasetningum og \u00feeirra si\u00f0um, haldi hann \u00fe\u00e1. Sama regla s\u00e9 fyrir y\u00f0ur og fyrir \u00feann framandi, og fyrir \u00feann \u00ed landinu f\u00e6dda. <br \/><a name=\"15\"><span class=\"versanumer\">15<\/span><\/a>Og \u00e1 \u00feeim degi sem b\u00fa\u00f0in var reist, huldi sk\u00fd b\u00fa\u00f0 l\u00f6gm\u00e1lstjaldsins, og um kv\u00f6ldi\u00f0 var yfir b\u00fa\u00f0inni a\u00f0 sj\u00e1 sem eld allt til morguns,<a name=\"16\"><span class=\"versanumer\">16<\/span><\/a>og svo var \u00fea\u00f0 \u00e1vallt, sk\u00fd huldi hana, og var \u00e1 a\u00f0 l\u00edta sem eldur v\u00e6ri \u00e1 n\u00e6turnar.<a name=\"17\"><span class=\"versanumer\">17<\/span><\/a>Og \u00feegar sk\u00fdi\u00f0 lyfti s\u00e9r upp af tjaldinu, \u00fe\u00e1 t\u00f3ku \u00cdsraelssynir sig upp; og \u00fear sem sk\u00fdi\u00f0 nam sta\u00f0ar, \u00fear settu \u00cdsraelssynir s\u00ednar herb\u00fa\u00f0ir.<a name=\"18\"><span class=\"versanumer\">18<\/span><\/a>A\u00f0 Drottins bo\u00f0i t\u00f3ku \u00cdsraelssynir sig upp, og a\u00f0 Drottins bo\u00f0i settu \u00feeir s\u00ednar herb\u00fa\u00f0ir; allan \u00feann t\u00edma sem sk\u00fdi\u00f0 var kyrrt \u00e1 b\u00fa\u00f0inni, h\u00e9ldu \u00feeir kyrru fyrir,<a name=\"19\"><span class=\"versanumer\">19<\/span><\/a>og me\u00f0an sk\u00fdi\u00f0 \u00ed langan t\u00edma sta\u00f0n\u00e6mdist \u00e1 b\u00fa\u00f0inni, g\u00e6ttu \u00cdsraelssynir \u00feess sem g\u00e6ta var Drottni vi\u00f0v\u00edkjandi, og t\u00f3ku sig ekki upp.<a name=\"20\"><span class=\"versanumer\">20<\/span><\/a>Og \u00feegar sk\u00fdi\u00f0 var f\u00e1a daga yfir b\u00fa\u00f0inni svo l\u00e1gu \u00feeir \u00ed herb\u00fa\u00f0unum eftir bo\u00f0i Drottins og eftir bo\u00f0i Drottins t\u00f3ku \u00feeir sig upp.<a name=\"21\"><span class=\"versanumer\">21<\/span><\/a>Og vildi \u00fea\u00f0 til a\u00f0 sk\u00fdi\u00f0 v\u00e6ri fr\u00e1 kv\u00f6ldi allt til morguns, og t\u00e6ki sig upp um morguninn, svo t\u00f3ku \u00feeir sig upp; e\u00f0a hv\u00f6rt heldur dag e\u00f0a n\u00f3tt, ef sk\u00fdi\u00f0 t\u00f3k sig upp, svo t\u00f3ku \u00feeir sig upp;<a name=\"22\"><span class=\"versanumer\">22<\/span><\/a>e\u00f0a tvo daga e\u00f0a einn m\u00e1nu\u00f0 e\u00f0a lengri t\u00edma; svo lengi sem sk\u00fdi\u00f0 var yfir b\u00fa\u00f0inni, l\u00e1gu \u00cdsraelssynir um kyrrt, og t\u00f3ku sig ekki upp; en \u00feegar \u00fea\u00f0 h\u00f3f sig upp, svo t\u00f3ku \u00feeir sig upp.<a name=\"23\"><span class=\"versanumer\">23<\/span><\/a>Eftir bo\u00f0i Drottins, settu \u00feeir herb\u00fa\u00f0ir og eftir bo\u00f0i Drottins t\u00f3ku \u00feeir sig upp; \u00feess sem var a\u00f0 g\u00e6ta Drottins vegna, g\u00e6ttu \u00feeir eftir bo\u00f0i Drottins fyrir millig\u00f6ngu M\u00f3ses.<\/p>\n<div class=\"footnoteVidey\"><\/div>\n","protected":false},"excerpt":{"rendered":"<p>P\u00e1skar haldnir. Fer\u00f0ir \u00cdsraelsmanna. 1Og Drottinn tala\u00f0i vi\u00f0 M\u00f3ses \u00ed S\u00edna\u00edey\u00f0im\u00f6rku \u00e1 \u00f6\u00f0ru \u00e1ri eftir burtf\u00f6r \u00feeirra \u00far Egyptalandi \u00ed fyrsta m\u00e1nu\u00f0i og m\u00e6lti:2\u00cdsraelssynir skulu halda p\u00e1ska \u00e1 tilteknum t\u00edma.3\u00c1 14da degi \u00ed \u00feessum m\u00e1nu\u00f0i m\u00f3t aftni skulu\u00f0 \u00fe\u00e9r \u00fe\u00e1 halda \u00e1 tilteknum t\u00edma; eftir \u00f6llum \u00feeirra setningum og \u00f6llum \u00feeirra si\u00f0um skulu\u00f0 \u00fe\u00e9r halda \u00fe\u00e1.4Og M\u00f3ses tala\u00f0i til \u00cdsraelssona, a\u00f0 \u00feeir skyldu halda p\u00e1ska.5Og \u00feeir h\u00e9ldu p\u00e1ska \u00feann 14da dag \u00ed \u00feeim fyrsta m\u00e1nu\u00f0i, m\u00f3t aftni, \u00ed S\u00edna\u00edey\u00f0im\u00f6rku; eins og Drottinn haf\u00f0i bo\u00f0i\u00f0 M\u00f3ses, svo gj\u00f6r\u00f0u \u00cdsraelsb\u00f6rn algj\u00f6rlega.6Og \u00fear voru menn, sem h\u00f6f\u00f0u saurgast af l\u00edki framli\u00f0ins manns, og <a href=\"https:\/\/biblian.is\/videy\/fjorda-mosebok-9-kafli\/\"> [&#8230;]<\/a><\/p>\n","protected":false},"author":1,"featured_media":0,"parent":0,"menu_order":0,"comment_status":"open","ping_status":"open","template":"bibliukaflar.php","meta":{"footnotes":""},"class_list":["post-20975","page","type-page","status-publish","hentry"],"_links":{"self":[{"href":"https:\/\/biblian.is\/videy\/wp-json\/wp\/v2\/pages\/20975","targetHints":{"allow":["GET"]}}],"collection":[{"href":"https:\/\/biblian.is\/videy\/wp-json\/wp\/v2\/pages"}],"about":[{"href":"https:\/\/biblian.is\/videy\/wp-json\/wp\/v2\/types\/page"}],"author":[{"embeddable":true,"href":"https:\/\/biblian.is\/videy\/wp-json\/wp\/v2\/users\/1"}],"replies":[{"embeddable":true,"href":"https:\/\/biblian.is\/videy\/wp-json\/wp\/v2\/comments?post=20975"}],"version-history":[{"count":0,"href":"https:\/\/biblian.is\/videy\/wp-json\/wp\/v2\/pages\/20975\/revisions"}],"wp:attachment":[{"href":"https:\/\/biblian.is\/videy\/wp-json\/wp\/v2\/media?parent=20975"}],"curies":[{"name":"wp","href":"https:\/\/api.w.org\/{rel}","templated":true}]}}