{"id":20971,"date":"2018-01-02T00:59:46","date_gmt":"2018-01-02T00:59:46","guid":{"rendered":"http:\/\/biblian.is\/videy\/fjorda-mosebok-5-kafli\/"},"modified":"2018-01-02T00:59:46","modified_gmt":"2018-01-02T00:59:46","slug":"fjorda-mosebok-5-kafli","status":"publish","type":"page","link":"https:\/\/biblian.is\/videy\/fjorda-mosebok-5-kafli\/","title":{"rendered":"Fj\u00f3r\u00f0a M\u00f3seb\u00f3k 5. kafli"},"content":{"rendered":"<div class=\"fyrirsognVidey\">Hreinl\u00e6ti \u00ed herb\u00fa\u00f0unum. Um konu sem hleypur fr\u00e1 manni.<\/div>\n<p><a name=\"1\"><span class=\"versanumer\">1<\/span><\/a>Og Drottinn tala\u00f0i vi\u00f0 M\u00f3ses og m\u00e6lti:<a name=\"2\"><span class=\"versanumer\">2<\/span><\/a>skipa \u00fe\u00fa \u00cdsraelssonum a\u00f0 \u00feeir l\u00e1ti burt \u00far herb\u00fa\u00f0unum alla holdsveika og \u00fe\u00e1 sem hafa s\u00e1\u00f0l\u00e1t, og \u00fe\u00e1 sem hafa saurga\u00f0 sig \u00e1 l\u00edki;<a name=\"3\"><span class=\"versanumer\">3<\/span><\/a>eins karl sem konu skulu\u00f0 \u00fe\u00e9r burt reka, \u00far herb\u00fa\u00f0unum skulu\u00f0 \u00fe\u00e9r \u00fe\u00e1 l\u00e1ta, svo \u00feeir ei saurgi y\u00f0ar herb\u00fa\u00f0ir, \u00ed hv\u00f6rjum eg b\u00fd me\u00f0al y\u00f0ar.<a name=\"4\"><span class=\"versanumer\">4<\/span><\/a>Og \u00cdsraelsmenn gj\u00f6r\u00f0u svo, og l\u00e9tu \u00fe\u00e1 burt \u00far herb\u00fa\u00f0unum; eins og Drottinn haf\u00f0i tala\u00f0 vi\u00f0 M\u00f3ses, svo gj\u00f6r\u00f0u \u00cdsraelssynir.<br \/><a name=\"5\"><span class=\"versanumer\">5<\/span><\/a>Og Drottinn tala\u00f0i vi\u00f0 M\u00f3ses og m\u00e6lti:<a name=\"6\"><span class=\"versanumer\">6<\/span><\/a>tala \u00fe\u00fa vi\u00f0 \u00cdsraelssyni: \u00feegar ma\u00f0ur e\u00f0a kona dr\u00fdgir einhv\u00f6rja synd, sem m\u00f6nnum er t\u00edtt, og brj\u00f3ta \u00e1 m\u00f3ti Drottni, og s\u00fa hin sama s\u00e1l hefir gj\u00f6rt sig seka;<a name=\"7\"><span class=\"versanumer\">7<\/span><\/a>svo skulu \u00feeir j\u00e1ta \u00fe\u00e1 synd, sem \u00feeir hafa dr\u00fdgt og b\u00e6ta skulu \u00feeir s\u00edna sekt, sj\u00e1lfa summuna, og fimmta parti skulu \u00feeir b\u00e6ta vi\u00f0, og \u00feetta skulu \u00feeir gjalda \u00feeim er \u00feeir gj\u00f6r\u00f0u sig seka vi\u00f0.<a name=\"8\"><span class=\"versanumer\">8<\/span><\/a>Og hafi ma\u00f0urinn <span class='VideyAth'>*)<\/span> engan n\u00e1inn \u00e6ttingja til a\u00f0 grei\u00f0a honum b\u00e6turnar, svo tilheyra b\u00e6turnar Drottni, \u00fe. e. prestinum, auk forl\u00edkunarhr\u00fatsins, me\u00f0 hv\u00f6rjum menn forl\u00edka \u00fe\u00e1 seku.<a name=\"9\"><span class=\"versanumer\">9<\/span><\/a>Og allt upplyftingaroffur af \u00f6llu \u00fev\u00ed sem \u00cdsraelssynir helga, a\u00f0 \u00feeir f\u00e6ri \u00fea\u00f0 prestinum, skal honum tilheyra.<a name=\"10\"><span class=\"versanumer\">10<\/span><\/a>Og hva\u00f0eina helga\u00f0, \u00fea\u00f0 skal vera hans; gefi einhv\u00f6r eitthva\u00f0 prestinum, \u00fe\u00e1 skal hann hafa \u00fea\u00f0.<br \/><a name=\"11\"><span class=\"versanumer\">11<\/span><\/a>Og Drottinn tala\u00f0i vi\u00f0 M\u00f3ses og m\u00e6lti:<a name=\"12\"><span class=\"versanumer\">12<\/span><\/a>tala \u00fe\u00fa vi\u00f0 \u00cdsraelssyni og seg \u00feeim: \u00feegar kona einhv\u00f6rs manns fellur til lausl\u00e6tis og ver\u00f0ur honum \u00f3tr\u00fa;<a name=\"13\"><span class=\"versanumer\">13<\/span><\/a>og annar ma\u00f0ur leggst me\u00f0 henni, en ma\u00f0urinn veit ei af, og \u00fea\u00f0 er ske\u00f0 leynilega a\u00f0 h\u00fan er saurgu\u00f0, og \u00fear eru engin vitni m\u00f3ti henni, og h\u00fan er ekki a\u00f0 verkinu sta\u00f0in<a name=\"14\"><span class=\"versanumer\">14<\/span><\/a>og yfir hann kemur vandl\u00e6tingarandi, svo a\u00f0 hann vandar um vi\u00f0 konu s\u00edna, og h\u00fan er saurgu\u00f0; e\u00f0a \u00fear kemur yfir hann vandl\u00e6tingarandi a\u00f0 hann vandl\u00e6tir um vi\u00f0 konu s\u00edna, og h\u00fan er ekki saurgu\u00f0:<a name=\"15\"><span class=\"versanumer\">15<\/span><\/a>svo fari ma\u00f0urinn me\u00f0 konu s\u00edna til prestsins, og f\u00e6ri honum s\u00edna f\u00f3rnarg\u00e1fu hennar vegna, t\u00edunda part af efa byggmj\u00f6ls; engu vi\u00f0smj\u00f6ri skal hann \u00fear yfir hella, og engu reykelsi \u00fear \u00e1 str\u00e1; \u00fev\u00ed \u00fea\u00f0 er vandl\u00e6tingarmatoffur, endurminningarmatoffur sem minnir \u00e1 yfirtro\u00f0slu.<a name=\"16\"><span class=\"versanumer\">16<\/span><\/a>Og presturinn lei\u00f0i hana fram yfir Drottin<a name=\"17\"><span class=\"versanumer\">17<\/span><\/a>og taki v\u00edgt vatn \u00ed leirker; og mosk af g\u00f3lfi b\u00fa\u00f0arinnar taki hann og l\u00e1ti \u00ed vatni\u00f0.<a name=\"18\"><span class=\"versanumer\">18<\/span><\/a>Og presturinn lei\u00f0i konuna fram fyrir Drottin, og taki af henni h\u00f6fu\u00f0fati\u00f0, og leggi \u00ed hennar h\u00f6nd matoffri\u00f0 endurminningarinnar, matoffur vandl\u00e6tingarinnar; og \u00ed prestsins hendi s\u00e9 beiska vatni\u00f0 sem ollir b\u00f6lvunar,<a name=\"19\"><span class=\"versanumer\">19<\/span><\/a>og presturinn gangi hart \u00e1 konuna og segi vi\u00f0 hana: hafi enginn ma\u00f0ur hj\u00e1 \u00fe\u00e9r legi\u00f0, og hafir \u00fe\u00fa ekki leyft \u00fe\u00e9r \u00f3leyfilega lausung \u00e1 bak vi\u00f0 \u00feinn mann, svo ver\u00f0i \u00feetta beiska vatn, sem b\u00f6lvunar ollir, \u00fe\u00e9r \u00f3sakn\u00e6mt;<a name=\"20\"><span class=\"versanumer\">20<\/span><\/a>en hafir \u00fe\u00fa dr\u00fdgt los\u00e6\u00f0i \u00e1 bak vi\u00f0 \u00feinn mann, og s\u00e9rtu saurgu\u00f0, og hafi einhv\u00f6r annar en ma\u00f0urinn \u00feinn me\u00f0 \u00fe\u00e9r lagst,<a name=\"21\"><span class=\"versanumer\">21<\/span><\/a>svo \u00fer\u00fdsti presturinn a\u00f0 konunni me\u00f0 b\u00f6lvunars\u00e6rinu, og segi vi\u00f0 konuna: svo gj\u00f6ri Drottinn \u00feig a\u00f0 b\u00f6lvun <span class='VideyAth'>(vi\u00f0undri)<\/span> me\u00f0al \u00fe\u00edns f\u00f3lks, svo a\u00f0 Drottinn l\u00e1ti \u00fe\u00ednar lendar hja\u00f0na og \u00feinn kvi\u00f0 \u00fer\u00fatna.<a name=\"22\"><span class=\"versanumer\">22<\/span><\/a>Og \u00feetta vatn sem hefir me\u00f0fer\u00f0is b\u00f6lvan, f\u00e6ri hana \u00ed \u00fe\u00edn innyfli, svo \u00feinn kvi\u00f0ur \u00fer\u00fatni og \u00fe\u00ednar lendar hja\u00f0ni; og konan segi: \u00fea\u00f0 veri svo! \u00fea\u00f0 veri svo!<a name=\"23\"><span class=\"versanumer\">23<\/span><\/a>\u00de\u00e1 skrifi presturinn \u00feessa form\u00e6lingu \u00ed b\u00f3kina, og \u00fevoi hana af me\u00f0 beiska vatninu,<a name=\"24\"><span class=\"versanumer\">24<\/span><\/a>og gefi konunni beiska vatni\u00f0, sem b\u00f6lvan hefir me\u00f0fer\u00f0is, a\u00f0 drekka, svo \u00fea\u00f0 b\u00f6lvun me\u00f0 s\u00e9r hafandi vatn, \u00ferengi s\u00e9r \u00ed hana og ver\u00f0i a\u00f0 beiskju.<a name=\"25\"><span class=\"versanumer\">25<\/span><\/a>Og presturinn taki vi\u00f0 vandl\u00e6tingarinnar matoffri \u00far hendi konunnar, frammi fyrir Drottni, og beri \u00fea\u00f0 \u00e1 altari\u00f0.<a name=\"26\"><span class=\"versanumer\">26<\/span><\/a>Og presturinn taki handfylli af matoffrinu, svo sem f\u00f3rnarpart, og upptendri \u00e1 altarinu, og eftir \u00fea\u00f0 skal hann f\u00e1 konunni vatni\u00f0 a\u00f0 drekka.<a name=\"27\"><span class=\"versanumer\">27<\/span><\/a>Og hafi hann fengi\u00f0 konunni vatni\u00f0 a\u00f0 drekka, og s\u00e9 h\u00fan saurgu\u00f0, og hafi h\u00fan veri\u00f0 manninum \u00f3tr\u00fa, svo mun \u00fea\u00f0 vatn, sem b\u00f6lvun hefur me\u00f0fer\u00f0is, \u00ferengja s\u00e9r inn \u00ed hana til beiskju, og mun hennar kvi\u00f0ur \u00fer\u00fatna, og hennar lendar hja\u00f0na, og konan mun ver\u00f0a a\u00f0 b\u00f6lvun me\u00f0al s\u00edns f\u00f3lks.<a name=\"28\"><span class=\"versanumer\">28<\/span><\/a>En s\u00e9 konan ekki saurgu\u00f0 og s\u00e9 h\u00fan hrein, svo mun h\u00fan ver\u00f0a \u00f3str\u00f6ffu\u00f0, og eignast afkv\u00e6mi.<a name=\"29\"><span class=\"versanumer\">29<\/span><\/a>\u00deetta eru l\u00f6gin um vandl\u00e6ting. \u00deegar kona dr\u00fdgir lausung bak vi\u00f0 mann sinn og ver\u00f0ur saurgu\u00f0,<a name=\"30\"><span class=\"versanumer\">30<\/span><\/a>e\u00f0a \u00feegar vandl\u00e6tingarandi kemur yfir manninn, svo hann vandl\u00e6tir um vi\u00f0 s\u00edna konu: svo fari hann me\u00f0 konuna fram fyrir Drottin, og presturinn fari me\u00f0 hana eftir \u00feessu l\u00f6gm\u00e1li.<a name=\"31\"><span class=\"versanumer\">31<\/span><\/a>Og ma\u00f0urinn s\u00e9 fr\u00ed vi\u00f0 sekt, og sama kona beri s\u00edna sekt.<\/p>\n<div class=\"footnoteVidey\">*) S\u00e1 ma\u00f0ur sem broti\u00f0 var \u00e1 m\u00f3ti og er d\u00e1inn.<\/div>\n","protected":false},"excerpt":{"rendered":"<p>Hreinl\u00e6ti \u00ed herb\u00fa\u00f0unum. Um konu sem hleypur fr\u00e1 manni. 1Og Drottinn tala\u00f0i vi\u00f0 M\u00f3ses og m\u00e6lti:2skipa \u00fe\u00fa \u00cdsraelssonum a\u00f0 \u00feeir l\u00e1ti burt \u00far herb\u00fa\u00f0unum alla holdsveika og \u00fe\u00e1 sem hafa s\u00e1\u00f0l\u00e1t, og \u00fe\u00e1 sem hafa saurga\u00f0 sig \u00e1 l\u00edki;3eins karl sem konu skulu\u00f0 \u00fe\u00e9r burt reka, \u00far herb\u00fa\u00f0unum skulu\u00f0 \u00fe\u00e9r \u00fe\u00e1 l\u00e1ta, svo \u00feeir ei saurgi y\u00f0ar herb\u00fa\u00f0ir, \u00ed hv\u00f6rjum eg b\u00fd me\u00f0al y\u00f0ar.4Og \u00cdsraelsmenn gj\u00f6r\u00f0u svo, og l\u00e9tu \u00fe\u00e1 burt \u00far herb\u00fa\u00f0unum; eins og Drottinn haf\u00f0i tala\u00f0 vi\u00f0 M\u00f3ses, svo gj\u00f6r\u00f0u \u00cdsraelssynir.5Og Drottinn tala\u00f0i vi\u00f0 M\u00f3ses og m\u00e6lti:6tala \u00fe\u00fa vi\u00f0 \u00cdsraelssyni: \u00feegar ma\u00f0ur e\u00f0a kona dr\u00fdgir einhv\u00f6rja synd, sem <a href=\"https:\/\/biblian.is\/videy\/fjorda-mosebok-5-kafli\/\"> [&#8230;]<\/a><\/p>\n","protected":false},"author":1,"featured_media":0,"parent":0,"menu_order":0,"comment_status":"open","ping_status":"open","template":"bibliukaflar.php","meta":{"footnotes":""},"class_list":["post-20971","page","type-page","status-publish","hentry"],"_links":{"self":[{"href":"https:\/\/biblian.is\/videy\/wp-json\/wp\/v2\/pages\/20971","targetHints":{"allow":["GET"]}}],"collection":[{"href":"https:\/\/biblian.is\/videy\/wp-json\/wp\/v2\/pages"}],"about":[{"href":"https:\/\/biblian.is\/videy\/wp-json\/wp\/v2\/types\/page"}],"author":[{"embeddable":true,"href":"https:\/\/biblian.is\/videy\/wp-json\/wp\/v2\/users\/1"}],"replies":[{"embeddable":true,"href":"https:\/\/biblian.is\/videy\/wp-json\/wp\/v2\/comments?post=20971"}],"version-history":[{"count":0,"href":"https:\/\/biblian.is\/videy\/wp-json\/wp\/v2\/pages\/20971\/revisions"}],"wp:attachment":[{"href":"https:\/\/biblian.is\/videy\/wp-json\/wp\/v2\/media?parent=20971"}],"curies":[{"name":"wp","href":"https:\/\/api.w.org\/{rel}","templated":true}]}}