{"id":20966,"date":"2018-01-02T00:59:41","date_gmt":"2018-01-02T00:59:41","guid":{"rendered":"http:\/\/biblian.is\/videy\/thridja-mosebok-27-kafli\/"},"modified":"2018-01-02T00:59:41","modified_gmt":"2018-01-02T00:59:41","slug":"thridja-mosebok-27-kafli","status":"publish","type":"page","link":"https:\/\/biblian.is\/videy\/thridja-mosebok-27-kafli\/","title":{"rendered":"\u00deri\u00f0ja M\u00f3seb\u00f3k 27. kafli"},"content":{"rendered":"<div class=\"fyrirsognVidey\">Um \u00fea\u00f0 sem Gu\u00f0i er helga\u00f0, og hv\u00f6rnig \u00fea\u00f0 m\u00e1 leysast.<\/div>\n<p><a name=\"1\"><span class=\"versanumer\">1<\/span><\/a>Ennframar tala\u00f0i Drottinn \u00feannig vi\u00f0 M\u00f3ses:<a name=\"2\"><span class=\"versanumer\">2<\/span><\/a>Tala \u00fe\u00fa vi\u00f0 \u00cdsraelsb\u00f6rn og seg \u00fe\u00fa \u00feeim: Ef nokkur heitir Drottni m\u00f6nnum, skulu \u00feeir af \u00fe\u00e9r metast;<a name=\"3\"><span class=\"versanumer\">3<\/span><\/a>\u00fe\u00fa skalt meta karlmann fr\u00e1 tv\u00edtugsaldri til sextugs fyrir fimmtygi sikla eftir helgid\u00f3mssikils vigt,<a name=\"4\"><span class=\"versanumer\">4<\/span><\/a>en kvenmann vi\u00f0 \u00ferj\u00e1t\u00edu sikla,<a name=\"5\"><span class=\"versanumer\">5<\/span><\/a>en karlmann fimm \u00e1ra til tv\u00edtugs skaltu meta tuttugu, en kvenmann fyrir t\u00edu sikla;<a name=\"6\"><span class=\"versanumer\">6<\/span><\/a>en m\u00e1na\u00f0argamalt sveinbarn til fimm \u00e1ra fyrir fimm sikla en meybarn fyrir \u00ferj\u00e1.<a name=\"7\"><span class=\"versanumer\">7<\/span><\/a>En karlmann sext\u00edu \u00e1ra og \u00fear yfir skaltu meta fyrir fimmt\u00e1n sikla, en kvenmann fyrir t\u00edu sikla.<a name=\"8\"><span class=\"versanumer\">8<\/span><\/a>En ef nokkur er of f\u00e1t\u00e6kur til a\u00f0 geta greitt ver\u00f0i\u00f0, sem \u00fe\u00fa hefir mati\u00f0 hann fyrir, \u00fe\u00e1 skal hann koma fram fyrir \u00e6\u00f0sta prestinn, hann skal meta hann, eftir \u00fev\u00ed sem hann hefir r\u00e1\u00f0 til a\u00f0 grei\u00f0a skal hann meta hann.<br \/><a name=\"9\"><span class=\"versanumer\">9<\/span><\/a>En ef \u00fea\u00f0 er af \u00feeim kvikf\u00e9na\u00f0i, sem menn plaga a\u00f0 f\u00f3rnf\u00e6ra Drottni sem f\u00f3rnarg\u00e1fu, \u00fe\u00e1 skal allt \u00fea\u00f0 sem hann gefur Drottni af honum vera heilagt;<a name=\"10\"><span class=\"versanumer\">10<\/span><\/a>menn skulu ekki l\u00e1ta \u00fea\u00f0 burt fyrir anna\u00f0, e\u00f0a skipta um \u00fea\u00f0, hv\u00f6rki hi\u00f0 betra fyrir \u00fea\u00f0 sem verra er, e\u00f0a hi\u00f0 verra fyrir anna\u00f0 betra; en ef nokkur hefir skipti \u00e1 einni skepnu fyrir a\u00f0ra, \u00fe\u00e1 skal b\u00e6\u00f0i s\u00fa sem skipt var um, og s\u00fa sem kom \u00ed hennar sta\u00f0 vera Drottni helgu\u00f0.<a name=\"11\"><span class=\"versanumer\">11<\/span><\/a>En s\u00e9rhv\u00f6rt d\u00fdr af \u00f3hreinum kvikf\u00e9na\u00f0i, sem menn ekki f\u00e6ra Drottni til f\u00f3rnarg\u00e1fu, skal hann lei\u00f0a fyrir prestinn,<a name=\"12\"><span class=\"versanumer\">12<\/span><\/a>og hann skal ver\u00f0leggja \u00fea\u00f0 eftir \u00fev\u00ed sem \u00fea\u00f0 er mikils e\u00f0a l\u00edtils vert, og ver\u00f0legging hans skal standa;<a name=\"13\"><span class=\"versanumer\">13<\/span><\/a>en ef hann vill leysa \u00fea\u00f0 til s\u00edn, skal hann gjalda fimmta part fram yfir \u00fea\u00f0 sem \u00fe\u00fa virtir \u00fea\u00f0.<a name=\"14\"><span class=\"versanumer\">14<\/span><\/a>En ef nokkur helgar h\u00fas sitt til \u00feess \u00fea\u00f0 s\u00e9 Drottni helga\u00f0, \u00fe\u00e1 skal presturinn vir\u00f0a \u00fea\u00f0, eftir sem \u00fea\u00f0 er vert, mikils e\u00f0a l\u00edtils, og \u00fear vi\u00f0 skal standa sem hann vir\u00f0ir \u00fea\u00f0.<a name=\"15\"><span class=\"versanumer\">15<\/span><\/a>En ef s\u00e1 sem helga\u00f0i h\u00fas sitt Drottni vill leysa \u00fea\u00f0 til s\u00edn aftur, \u00fe\u00e1 skal hann gjalda fimmta part fram yfir \u00fea\u00f0 sem \u00fea\u00f0 var virt fyrir, og \u00fe\u00e1 er h\u00fasi\u00f0 hans.<a name=\"16\"><span class=\"versanumer\">16<\/span><\/a>En ef nokkur helgar Drottni nokku\u00f0 af \u00feeim akri, sem hann \u00e1, \u00fe\u00e1 skaltu meta \u00fea\u00f0 eftir \u00fats\u00e6\u00f0inu, fyrir hv\u00f6rn komer byggs sem \u00ed landi\u00f0 s\u00e1ist, fimmt\u00edu sikla silfurs.<a name=\"17\"><span class=\"versanumer\">17<\/span><\/a>Ef hann helgar sinn akur fr\u00e1 fagna\u00f0ar\u00e1rinu, skal \u00fea\u00f0 standa vi\u00f0 \u00fe\u00edna vir\u00f0ingu;<a name=\"18\"><span class=\"versanumer\">18<\/span><\/a>en ef hann helgar sinn akur eftir fagna\u00f0ar\u00e1ri\u00f0, skal presturinn reikna honum ver\u00f0i\u00f0 eftir \u00e1rat\u00f6lunni til fagna\u00f0ar\u00e1rsins og draga \u00fear eftir af ver\u00f0inu sem \u00fe\u00fa settir.<a name=\"19\"><span class=\"versanumer\">19<\/span><\/a>En vill s\u00e1 sem helga\u00f0i akurinn leysa hann aftur til s\u00edn skal hann b\u00e6ta fimmta parti silfurs vi\u00f0 \u00fea\u00f0 sem \u00fe\u00fa ver\u00f0lag\u00f0ir hann, \u00fe\u00e1 m\u00e1 hann ver\u00f0a hans.<a name=\"20\"><span class=\"versanumer\">20<\/span><\/a>En ef hann vill ekki leysa hann aftur til s\u00edn, en selur hann \u00f6\u00f0rum stendur hann ekki framar til lausnar;<a name=\"21\"><span class=\"versanumer\">21<\/span><\/a>heldur skal s\u00e1 sami akur vera Drottni helga\u00f0ur \u00feegar fagna\u00f0ar\u00e1ri\u00f0 er \u00fatrunni\u00f0, l\u00edka sem annar alhelga\u00f0ur akur, og skal vera prestsins eign.<a name=\"22\"><span class=\"versanumer\">22<\/span><\/a>En ef nokkur helgar Drottni \u00feann akur, sem hann hefir keypt, en ekki er hans erf\u00f0ag\u00f3ss,<a name=\"23\"><span class=\"versanumer\">23<\/span><\/a>\u00fe\u00e1 skal presturinn reikna honum til g\u00f3\u00f0a ver\u00f0 hans allt til fagna\u00f0ar\u00e1rsins, eftir \u00fe\u00ednu mati, og sama dag skal hann gjalda honum lausnargjaldi\u00f0 eftir \u00fe\u00ednu mati; og hann er \u00fe\u00e1 Drottni helga\u00f0ur;<a name=\"24\"><span class=\"versanumer\">24<\/span><\/a>en \u00e1 fagna\u00f0ar\u00e1rinu kemur hann aftur til \u00feess, af hv\u00f6rjum hann keypti hann, hv\u00f6rs erf\u00f0ag\u00f3ss hann er.<a name=\"25\"><span class=\"versanumer\">25<\/span><\/a>\u00d6ll \u00fe\u00edn vir\u00f0ing skal vera eftir helgid\u00f3mssiklum; en einn sikill er tuttugu gerar.<br \/><a name=\"26\"><span class=\"versanumer\">26<\/span><\/a>En fyrsta bur\u00f0 af kvikf\u00e9na\u00f0i, sem tilheyrir Drottni, af \u00fev\u00ed hann er frumborinn, skal enginn Drottni helga, hv\u00f6rt heldur \u00fea\u00f0 er nautkind e\u00f0a sau\u00f0kind tilheyrir h\u00fan Drottni.<a name=\"27\"><span class=\"versanumer\">27<\/span><\/a>En ef hann er af \u00f3hreinum f\u00e9na\u00f0i skulu menn leysa \u00fea\u00f0, og b\u00e6ta fimmta parti ver\u00f0s vi\u00f0; en vilji hann ekki leysa hann, skal hann seljast eftir \u00feinni vir\u00f0ingu.<a name=\"28\"><span class=\"versanumer\">28<\/span><\/a>\u00de\u00f3 skal ekkert seljast e\u00f0a leysast af \u00fev\u00ed sem bannf\u00e6rt er, af \u00f6llu \u00fev\u00ed sem hann \u00e1, sem nokkur hefir me\u00f0 bannf\u00e6ringu helga\u00f0 Drottni, hv\u00f6rt \u00fea\u00f0 er heldur menn e\u00f0a f\u00e9na\u00f0ur, e\u00f0a erf\u00f0aland; allt bannf\u00e6rt er h\u00e1heilagt fyrir Drottni.<a name=\"29\"><span class=\"versanumer\">29<\/span><\/a>Ekkert bannf\u00e6rt, enginn bannf\u00e6r\u00f0ur ma\u00f0ur, m\u00e1 leysast, hann skal dau\u00f0a deyja.<br \/><a name=\"30\"><span class=\"versanumer\">30<\/span><\/a>\u00d6ll t\u00edund af landinu, af landsins gr\u00f3\u00f0a og \u00e1v\u00f6xtum trj\u00e1nna, tilheyrir Drottni; \u00fea\u00f0 er Drottni helga\u00f0.<a name=\"31\"><span class=\"versanumer\">31<\/span><\/a>En ef nokkur vill leysa nokku\u00f0 af sinni t\u00edund, \u00fe\u00e1 skal hann gjalda fimmta part <span class='VideyAth'>(ver\u00f0s)<\/span> fram yfir;<a name=\"32\"><span class=\"versanumer\">32<\/span><\/a>og \u00f6ll t\u00edund af st\u00f3rf\u00e9na\u00f0i og sm\u00e1f\u00e9na\u00f0i, sem er undir staf hir\u00f0irsins, hv\u00f6r t\u00edunda skepna skal vera Drottni helgu\u00f0.<a name=\"33\"><span class=\"versanumer\">33<\/span><\/a>Menn skulu ekki <span class='VideyAth'>(n\u00e1kv\u00e6mlega)<\/span> rannsaka hv\u00f6rt \u00fea\u00f0 er gott e\u00f0a lakt og ekki hafa skipti \u00e1 \u00fev\u00ed, en ef nokkur hefir skipti \u00e1 \u00fev\u00ed, \u00fe\u00e1 skal b\u00e6\u00f0i \u00fea\u00f0 sem skipt var og \u00fea\u00f0 sem kom \u00ed \u00feess sta\u00f0, vera Drottni helga\u00f0; \u00fea\u00f0 m\u00e1 ekki aftur leysast.<br \/><a name=\"34\"><span class=\"versanumer\">34<\/span><\/a>\u00deetta eru \u00feau bo\u00f0or\u00f0, sem Drottinn gaf M\u00f3ses fyrir \u00cdsraelsb\u00f6rn \u00e1 fjallinu S\u00edna\u00ed.<\/p>\n<div class=\"footnoteVidey\">V. 2. Hj\u00e1 m\u00f6rgum fornaldar\u00fej\u00f3\u00f0um var \u00fea\u00f0 t\u00ed\u00f0kanlegt a\u00f0 heita \u00e1 gu\u00f0i s\u00edna, og a\u00f0 sama hafi smeygt s\u00e9r inn hj\u00e1 Gy\u00f0inganna forfe\u00f0rum m\u00e1 sj\u00e1 af 1 M\u00f3s. 28,20 en af 2 M\u00f3s. 23,22 m\u00e1 sj\u00e1 a\u00f0 Gu\u00f0i er eigi um \u00fev\u00edl\u00edkar heitgjafir, en vildi \u00fe\u00f3 haldast skyldu, til a\u00f0 venja \u00e1 haldinyr\u00f0i, nema heitgj\u00f6fin s\u00e9 \u00f3gu\u00f0leg. M\u00f3sis leyfir h\u00e9r a\u00f0 leysa \u00fat me\u00f0 peningum \u00fea\u00f0 heiti\u00f0 er.  V. 10. Bo\u00f0or\u00f0i\u00f0 um: a\u00f0 menn megi ekki skipta um \u00fea\u00f0 sem menn hafa heiti\u00f0, er gefi\u00f0 til \u00feess, a\u00f0 venja Gy\u00f0inga fr\u00e1 \u00f6llum prettum og \u00e1s\u00e6lnisbr\u00f6g\u00f0um.  V. 16. Komer: 5 kvartil.  V. 25. Helgid\u00f3mssikill var \u00e1 Krists d\u00f6gum h\u00e9r um bil \u00bd spes\u00eda. Gera: minnsta, eiginlega baun.  V. 26. \u00dea\u00f0 var engin heitgj\u00f6f, \u00fev\u00ed Drottinn haf\u00f0i \u00e1skili\u00f0 s\u00e9r \u00fea\u00f0. 2 M\u00f3s. 13,2.12.15. 4 M\u00f3s. 3,13.  V. 27. \u00d3hreinn, \u00fe. e. m\u00e1 eigi etast af m\u00f6nnum.  V. 28. Bannf\u00e6rt (\u00e1 hebr.: kerem) kallast \u00fea\u00f0 sem \u00e1kvar\u00f0a\u00f0 er til ey\u00f0ileggingar. Malak. 3,24. Sakkar. 14,11. \u00dea\u00f0 m\u00e1tti ekki \u00fatleysast. 5 M\u00f3s. 2,34. 1 Sam. 15,3. J\u00f3s. 6,18. 10,28. Hv\u00f6rki menn, f\u00e9na\u00f0ur n\u00e9 borgir e\u00f0a anna\u00f0.<\/div>\n","protected":false},"excerpt":{"rendered":"<p>Um \u00fea\u00f0 sem Gu\u00f0i er helga\u00f0, og hv\u00f6rnig \u00fea\u00f0 m\u00e1 leysast. 1Ennframar tala\u00f0i Drottinn \u00feannig vi\u00f0 M\u00f3ses:2Tala \u00fe\u00fa vi\u00f0 \u00cdsraelsb\u00f6rn og seg \u00fe\u00fa \u00feeim: Ef nokkur heitir Drottni m\u00f6nnum, skulu \u00feeir af \u00fe\u00e9r metast;3\u00fe\u00fa skalt meta karlmann fr\u00e1 tv\u00edtugsaldri til sextugs fyrir fimmtygi sikla eftir helgid\u00f3mssikils vigt,4en kvenmann vi\u00f0 \u00ferj\u00e1t\u00edu sikla,5en karlmann fimm \u00e1ra til tv\u00edtugs skaltu meta tuttugu, en kvenmann fyrir t\u00edu sikla;6en m\u00e1na\u00f0argamalt sveinbarn til fimm \u00e1ra fyrir fimm sikla en meybarn fyrir \u00ferj\u00e1.7En karlmann sext\u00edu \u00e1ra og \u00fear yfir skaltu meta fyrir fimmt\u00e1n sikla, en kvenmann fyrir t\u00edu sikla.8En ef nokkur er of f\u00e1t\u00e6kur til a\u00f0 geta <a href=\"https:\/\/biblian.is\/videy\/thridja-mosebok-27-kafli\/\"> [&#8230;]<\/a><\/p>\n","protected":false},"author":1,"featured_media":0,"parent":0,"menu_order":0,"comment_status":"open","ping_status":"open","template":"bibliukaflar.php","meta":{"footnotes":""},"class_list":["post-20966","page","type-page","status-publish","hentry"],"_links":{"self":[{"href":"https:\/\/biblian.is\/videy\/wp-json\/wp\/v2\/pages\/20966","targetHints":{"allow":["GET"]}}],"collection":[{"href":"https:\/\/biblian.is\/videy\/wp-json\/wp\/v2\/pages"}],"about":[{"href":"https:\/\/biblian.is\/videy\/wp-json\/wp\/v2\/types\/page"}],"author":[{"embeddable":true,"href":"https:\/\/biblian.is\/videy\/wp-json\/wp\/v2\/users\/1"}],"replies":[{"embeddable":true,"href":"https:\/\/biblian.is\/videy\/wp-json\/wp\/v2\/comments?post=20966"}],"version-history":[{"count":0,"href":"https:\/\/biblian.is\/videy\/wp-json\/wp\/v2\/pages\/20966\/revisions"}],"wp:attachment":[{"href":"https:\/\/biblian.is\/videy\/wp-json\/wp\/v2\/media?parent=20966"}],"curies":[{"name":"wp","href":"https:\/\/api.w.org\/{rel}","templated":true}]}}