{"id":20956,"date":"2018-01-02T00:59:41","date_gmt":"2018-01-02T00:59:41","guid":{"rendered":"http:\/\/biblian.is\/videy\/thridja-mosebok-17-kafli\/"},"modified":"2018-01-02T00:59:41","modified_gmt":"2018-01-02T00:59:41","slug":"thridja-mosebok-17-kafli","status":"publish","type":"page","link":"https:\/\/biblian.is\/videy\/thridja-mosebok-17-kafli\/","title":{"rendered":"\u00deri\u00f0ja M\u00f3seb\u00f3k 17. kafli"},"content":{"rendered":"<div class=\"fyrirsognVidey\">Drottinn bannar f\u00f3rnf\u00e6ringar nema hj\u00e1 samkundutjaldb\u00fa\u00f0inni. A\u00f0 bor\u00f0a bl\u00f3\u00f0, o.s.fr.<\/div>\n<p><a name=\"1\"><span class=\"versanumer\">1<\/span><\/a>Drottinn tala\u00f0i ennframar \u00feannig vi\u00f0 M\u00f3ses:<a name=\"2\"><span class=\"versanumer\">2<\/span><\/a>Tala \u00fe\u00fa til Arons og sona hans og allra \u00cdsraelsbarna og seg \u00feeim a\u00f0 \u00fea\u00f0 s\u00e9 Drottins bo\u00f0:<a name=\"3\"><span class=\"versanumer\">3<\/span><\/a>a\u00f0 hv\u00f6r s\u00e1 af \u00cdsraels h\u00fasi sem sl\u00e1trar nautkind, e\u00f0a sau\u00f0kind, e\u00f0a geit \u00ed herb\u00fa\u00f0unum e\u00f0a fyrir utan \u00fe\u00e6r, og<a name=\"4\"><span class=\"versanumer\">4<\/span><\/a>lei\u00f0ir \u00fea\u00f0 ekki fram fyrir samkundutjaldb\u00fa\u00f0ardyrnar ef hann \u00e6tlar a\u00f0 f\u00f3rnf\u00e6ra \u00fea\u00f0 Drottni, fram fyrir hans b\u00fasta\u00f0, hann skal vera bl\u00f3\u00f0sekur; hann hefir bl\u00f3\u00f0i \u00fathellt, og skal uppr\u00e6tast fr\u00e1 s\u00ednu f\u00f3lki;<a name=\"5\"><span class=\"versanumer\">5<\/span><\/a>\u00fear fyrir skulu \u00cdsraelsb\u00f6rn koma me\u00f0 \u00feeirra sl\u00e1tursf\u00f3rnir, sem \u00feeir vanir hafa veri\u00f0 a\u00f0 sl\u00e1tra \u00e1 m\u00f6rkinni, og f\u00e6ra \u00fe\u00e6r Drottni, til dyra samkundutjaldb\u00fa\u00f0arinnar, til prestsins; \u00fear skulu \u00feeir sl\u00e1tra \u00feeim Drottni svo sem \u00feakkl\u00e6tisf\u00f3rnum,<a name=\"6\"><span class=\"versanumer\">6<\/span><\/a>og presturinn skal st\u00f6kkva bl\u00f3\u00f0inu \u00e1 altari Drottins <span class='VideyAth'>(sem stendur)<\/span> fyrir framan samkundutjaldb\u00fa\u00f0ardyrnar, og upptendra \u00fea\u00f0 feita Drottni til s\u00e6tleiksilms;<a name=\"7\"><span class=\"versanumer\">7<\/span><\/a>en ekki skulu \u00feeir framar f\u00e6ra f\u00f3rnir \u00feeim str\u00fdh\u00e6r\u00f0u gu\u00f0um, hv\u00f6rja \u00feeir hafa elt og dr\u00fdgt h\u00f3r me\u00f0. \u00deetta skal vera \u00feeim \u00e6varandi l\u00f6gm\u00e1l og \u00feeirra eftirkomendum;<a name=\"8\"><span class=\"versanumer\">8<\/span><\/a>\u00fear fyrir skaltu segja \u00feeim: hv\u00f6r s\u00e1 ma\u00f0ur af h\u00fasi \u00cdsraels, e\u00f0a framandi, sem b\u00fdr \u00e1 me\u00f0al \u00feeirra, sem kemur me\u00f0 brennif\u00f3rn, e\u00f0a sl\u00e1tursf\u00f3rn,<a name=\"9\"><span class=\"versanumer\">9<\/span><\/a>og ekki lei\u00f0ir hana fyrir dyr samkundutjaldb\u00fa\u00f0arinnar, fyrir auglit Drottins, hann skal uppr\u00e6tast fr\u00e1 s\u00ednu f\u00f3lki.<br \/><a name=\"10\"><span class=\"versanumer\">10<\/span><\/a>Hv\u00f6r s\u00e1 ma\u00f0ur af h\u00fasi \u00cdsraels, e\u00f0a framandi sem b\u00fdr \u00e1 me\u00f0al \u00cdsrael\u00edtanna, sem etur bl\u00f3\u00f0, gegn \u00feeirri bl\u00f3\u00f0\u00e1tu vil eg setja mig, og uppr\u00e6ta hann fr\u00e1 s\u00ednu f\u00f3lki;<a name=\"11\"><span class=\"versanumer\">11<\/span><\/a>\u00fev\u00ed l\u00edf d\u00fdrsins er \u00ed bl\u00f3\u00f0inu, en eg hefi gefi\u00f0 y\u00f0ur bl\u00f3\u00f0 fyrir altari\u00f0, til \u00feess forl\u00edkun \u00fear me\u00f0 skei fyrir y\u00f0ar s\u00e1lir; bl\u00f3\u00f0i\u00f0 er \u00fea\u00f0, sem forl\u00edkar fyrir s\u00e1lina.<a name=\"12\"><span class=\"versanumer\">12<\/span><\/a>\u00deess vegna hefi eg sagt til \u00cdsraelsni\u00f0ja: enginn af \u00cdsraelsb\u00f6rnum m\u00e1 eta bl\u00f3\u00f0, og ekki m\u00e1 heldur nokkur framandi sem b\u00fdr \u00e1 me\u00f0al \u00feeirra eta bl\u00f3\u00f0.<a name=\"13\"><span class=\"versanumer\">13<\/span><\/a>Ef nokkur af \u00cdsraelsb\u00f6rnum e\u00f0a ma\u00f0ur \u00fatlendur, sem b\u00fdr \u00e1 me\u00f0al \u00feeirra vei\u00f0ir villid\u00fdr e\u00f0a fugl, sem m\u00e1 etast, \u00fe\u00e1 skal hann hella ni\u00f0ur bl\u00f3\u00f0inu, og hylja \u00fea\u00f0 me\u00f0 j\u00f6r\u00f0u;<a name=\"14\"><span class=\"versanumer\">14<\/span><\/a>\u00fev\u00ed a\u00f0 s\u00e9rhv\u00f6rs lifanda l\u00edf er bl\u00f3\u00f0i \u00feess, bl\u00f3\u00f0i\u00f0 er \u00feess l\u00edf; \u00feess vegna sag\u00f0a eg til \u00cdsraelsbarna: einkis d\u00fdrs bl\u00f3\u00f0 skulu\u00f0 \u00fe\u00e9r eta, \u00fev\u00ed s\u00e9rhv\u00f6rs d\u00fdrs l\u00edf er bl\u00f3\u00f0 \u00feess, og hv\u00f6r sem \u00fea\u00f0 etur skal uppr\u00e6tast.<br \/><a name=\"15\"><span class=\"versanumer\">15<\/span><\/a>Hv\u00f6r sem hr\u00e6 etur e\u00f0a \u00fea\u00f0 sem af villid\u00fdri er sundurrifi\u00f0, skal \u00fevo kl\u00e6\u00f0i s\u00edn og lauga sig \u00ed vatni og er \u00f3hreinn til kv\u00f6lds; en \u00far \u00fev\u00ed er hann hreinn;<a name=\"16\"><span class=\"versanumer\">16<\/span><\/a>en ef hann ekki \u00fev\u00e6r \u00feau n\u00e9 laugar sinn l\u00edkama, \u00fe\u00e1 ber hann s\u00edna sekt.<\/p>\n<div class=\"footnoteVidey\">V. 4. 2 M\u00f3s. 21,12. 3 M\u00f3s. 3,17.  V. 7. Egypskir d\u00fdrku\u00f0u afgu\u00f0i \u00ed \u00fdmsum d\u00fdramyndum. 2 M\u00f3s. 32,4.8.18.19. 2 Kron. 11,15. \u00cdsraelsb\u00f6rn h\u00f3ru\u00f0ust, e\u00f0a t\u00f3ku framhj\u00e1 Gu\u00f0i, \u00feegar \u00feeir d\u00fdrku\u00f0u afgu\u00f0i; og hv\u00f6r sem \u00fea\u00f0 gj\u00f6r\u00f0i \u00e1tti a\u00f0 gr\u00fdtast (5 M\u00f3s. 17,2\u20135), en heil borg sem gj\u00f6r\u00f0i sig \u00fear \u00ed seka, gj\u00f6rsamlega a\u00f0 ey\u00f0ileggjast.  V. 14. Vegna \u00feess bl\u00f3\u00f0i\u00f0 var haldi\u00f0 hi\u00f0 d\u00fdrm\u00e6tasta af d\u00fdri hv\u00f6rju, var \u00fea\u00f0 Gu\u00f0i einum helga\u00f0 og m\u00e1tti ekki af m\u00f6nnum etast. Me\u00f0 \u00feessu banni fyrirbygg\u00f0ust og heimuglegar hei\u00f0inglegar bl\u00f3tveislur.<\/div>\n","protected":false},"excerpt":{"rendered":"<p>Drottinn bannar f\u00f3rnf\u00e6ringar nema hj\u00e1 samkundutjaldb\u00fa\u00f0inni. A\u00f0 bor\u00f0a bl\u00f3\u00f0, o.s.fr. 1Drottinn tala\u00f0i ennframar \u00feannig vi\u00f0 M\u00f3ses:2Tala \u00fe\u00fa til Arons og sona hans og allra \u00cdsraelsbarna og seg \u00feeim a\u00f0 \u00fea\u00f0 s\u00e9 Drottins bo\u00f0:3a\u00f0 hv\u00f6r s\u00e1 af \u00cdsraels h\u00fasi sem sl\u00e1trar nautkind, e\u00f0a sau\u00f0kind, e\u00f0a geit \u00ed herb\u00fa\u00f0unum e\u00f0a fyrir utan \u00fe\u00e6r, og4lei\u00f0ir \u00fea\u00f0 ekki fram fyrir samkundutjaldb\u00fa\u00f0ardyrnar ef hann \u00e6tlar a\u00f0 f\u00f3rnf\u00e6ra \u00fea\u00f0 Drottni, fram fyrir hans b\u00fasta\u00f0, hann skal vera bl\u00f3\u00f0sekur; hann hefir bl\u00f3\u00f0i \u00fathellt, og skal uppr\u00e6tast fr\u00e1 s\u00ednu f\u00f3lki;5\u00fear fyrir skulu \u00cdsraelsb\u00f6rn koma me\u00f0 \u00feeirra sl\u00e1tursf\u00f3rnir, sem \u00feeir vanir hafa veri\u00f0 a\u00f0 sl\u00e1tra \u00e1 m\u00f6rkinni, og f\u00e6ra <a href=\"https:\/\/biblian.is\/videy\/thridja-mosebok-17-kafli\/\"> [&#8230;]<\/a><\/p>\n","protected":false},"author":1,"featured_media":0,"parent":0,"menu_order":0,"comment_status":"open","ping_status":"open","template":"bibliukaflar.php","meta":{"footnotes":""},"class_list":["post-20956","page","type-page","status-publish","hentry"],"_links":{"self":[{"href":"https:\/\/biblian.is\/videy\/wp-json\/wp\/v2\/pages\/20956","targetHints":{"allow":["GET"]}}],"collection":[{"href":"https:\/\/biblian.is\/videy\/wp-json\/wp\/v2\/pages"}],"about":[{"href":"https:\/\/biblian.is\/videy\/wp-json\/wp\/v2\/types\/page"}],"author":[{"embeddable":true,"href":"https:\/\/biblian.is\/videy\/wp-json\/wp\/v2\/users\/1"}],"replies":[{"embeddable":true,"href":"https:\/\/biblian.is\/videy\/wp-json\/wp\/v2\/comments?post=20956"}],"version-history":[{"count":0,"href":"https:\/\/biblian.is\/videy\/wp-json\/wp\/v2\/pages\/20956\/revisions"}],"wp:attachment":[{"href":"https:\/\/biblian.is\/videy\/wp-json\/wp\/v2\/media?parent=20956"}],"curies":[{"name":"wp","href":"https:\/\/api.w.org\/{rel}","templated":true}]}}