{"id":20948,"date":"2018-01-02T00:59:35","date_gmt":"2018-01-02T00:59:35","guid":{"rendered":"http:\/\/biblian.is\/videy\/thridja-mosebok-9-kafli\/"},"modified":"2018-01-02T00:59:35","modified_gmt":"2018-01-02T00:59:35","slug":"thridja-mosebok-9-kafli","status":"publish","type":"page","link":"https:\/\/biblian.is\/videy\/thridja-mosebok-9-kafli\/","title":{"rendered":"\u00deri\u00f0ja M\u00f3seb\u00f3k 9. kafli"},"content":{"rendered":"<div class=\"fyrirsognVidey\">Arons f\u00f3rn o.s.frv.<\/div>\n<p><a name=\"1\"><span class=\"versanumer\">1<\/span><\/a>\u00c1 \u00e1ttunda deginum samankalla\u00f0i M\u00f3ses Aron, syni hans og \u00f6ldunga \u00cdsraelsl\u00fd\u00f0s,<a name=\"2\"><span class=\"versanumer\">2<\/span><\/a>og sag\u00f0i til Arons: Taktu fyrir \u00feig k\u00e1lf til syndaf\u00f3rnar og hr\u00fat til brennif\u00f3rnar, hv\u00f6rutveggja \u00e1n l\u00fdta, og lei\u00f0 fyrir augs\u00fdn Drottins;<a name=\"3\"><span class=\"versanumer\">3<\/span><\/a>en til \u00cdsraelsbarna skaltu segja: taki\u00f0 kjarnhafur til syndaf\u00f3rnar, og k\u00e1lf og sau\u00f0kind, hv\u00f6rutveggja veturgamalt og l\u00fdtalaust til brennif\u00f3rnar,<a name=\"4\"><span class=\"versanumer\">4<\/span><\/a>og nautkind og hr\u00fat til \u00feakkl\u00e6tisf\u00f3rnar, til \u00feess a\u00f0 \u00fea\u00f0 sl\u00e1trist fyrir augliti Drottins, og \u00e1samt matf\u00f3rn \u00e1dreif\u00f0ri vi\u00f0smj\u00f6ri; \u00fev\u00ed Drottinn mun \u00ed dag birtast y\u00f0ur.<a name=\"5\"><span class=\"versanumer\">5<\/span><\/a>\u00deeir komu me\u00f0 allt \u00fea\u00f0 sem M\u00f3ses bau\u00f0 \u00feeim fram fyrir samkundutjaldb\u00fa\u00f0ina, og allur s\u00f6fnu\u00f0urinn f\u00e6r\u00f0i sig n\u00e6r, og st\u00f3\u00f0 frammi fyrir Drottni.<a name=\"6\"><span class=\"versanumer\">6<\/span><\/a>\u00de\u00e1 segir M\u00f3ses: \u00feetta er \u00fea\u00f0 sem Drottinn hefir bo\u00f0i\u00f0 y\u00f0ur a\u00f0 gj\u00f6ra, og mun hans d\u00fdr\u00f0 birtast y\u00f0ur.<a name=\"7\"><span class=\"versanumer\">7<\/span><\/a>\u00dear eftir sag\u00f0i M\u00f3ses til Arons: n\u00e1l\u00e6g \u00feig altarinu og tilrei\u00f0 \u00fe\u00edna syndaf\u00f3rn og brennif\u00f3rn, svo \u00fe\u00fa forl\u00edkir fyrir \u00feig og fyrir f\u00f3lki\u00f0, og tilrei\u00f0 s\u00ed\u00f0an f\u00f3lksins f\u00f3rnarg\u00e1fu, til \u00feess \u00fe\u00fa forl\u00edkir fyrir \u00fea\u00f0, eins og Drottinn hefir bo\u00f0i\u00f0.<a name=\"8\"><span class=\"versanumer\">8<\/span><\/a>Aron gengur \u00fev\u00ed til altarisins, sl\u00e1trar k\u00e1lfinum til syndaf\u00f3rnar fyrir sig,<a name=\"9\"><span class=\"versanumer\">9<\/span><\/a>en synir hans f\u00e6r\u00f0u honum bl\u00f3\u00f0i\u00f0, hann d\u00fdf\u00f0i v\u00edsifingri s\u00ednum \u00ed \u00fea\u00f0, og rei\u00f0 \u00fev\u00ed \u00e1 horn altarisins, en hinu sem eftir var hellti hann ni\u00f0ur hj\u00e1 altarisins f\u00e6ti,<a name=\"10\"><span class=\"versanumer\">10<\/span><\/a>en m\u00f6rinn, n\u00fdrun og st\u00e6rra lifrarbla\u00f0i\u00f0 syndaf\u00f3rnarinnar upptendra\u00f0i hann \u00e1 altarinu, eins og Drottinn haf\u00f0i bo\u00f0i\u00f0 M\u00f3ses;<a name=\"11\"><span class=\"versanumer\">11<\/span><\/a>en kj\u00f6ti\u00f0 og skinni\u00f0 brenndi hann \u00ed eldi fyrir utan herb\u00fa\u00f0irnar.<a name=\"12\"><span class=\"versanumer\">12<\/span><\/a>S\u00ed\u00f0an sl\u00e1tra\u00f0i hann brennif\u00f3rninni; og Arons synir r\u00e9ttu a\u00f0 honum bl\u00f3\u00f0i\u00f0, en hann st\u00f6kkti \u00fev\u00ed um kring \u00e1 altari\u00f0;<a name=\"13\"><span class=\"versanumer\">13<\/span><\/a>\u00feeir r\u00e9ttu l\u00edka a\u00f0 honum brennif\u00f3rnina \u00ed stykkjum og h\u00f6fu\u00f0i\u00f0 og hann upptendra\u00f0i \u00fea\u00f0 \u00e1 altarinu;<a name=\"14\"><span class=\"versanumer\">14<\/span><\/a>innyflin \u00fevo\u00f0i hann og f\u00e6turnar, sem hann \u00fear \u00e1 eftir brenndi \u00e1 altarinu sem upptendran ofan \u00e1 sj\u00e1lfri brennif\u00f3rninni.<a name=\"15\"><span class=\"versanumer\">15<\/span><\/a>\u00dear \u00e1 eftir frambar hann f\u00f3rnarg\u00e1fu f\u00f3lksins, t\u00f3k hafurinn, sem \u00e6tla\u00f0ur var til syndaf\u00f3rnar fyrir f\u00f3lki\u00f0, sl\u00e1tra\u00f0i honum og gj\u00f6r\u00f0i hann a\u00f0 syndaf\u00f3rn, \u00e1 \u00feann h\u00e1tt sem \u00e1\u00f0ur er fr\u00e1sagt.<a name=\"16\"><span class=\"versanumer\">16<\/span><\/a>Hann framkom og svo me\u00f0 brennif\u00f3rnina og tilreiddi hana eins og tilsett var.<a name=\"17\"><span class=\"versanumer\">17<\/span><\/a>S\u00f6mulei\u00f0is frambar hann matf\u00f3rnina, t\u00f3k \u00fear af fullan knefa sinn og upptendra\u00f0i \u00fea\u00f0 \u00e1 altarinu, auk <span class='VideyAth'>(\u00feeirrar hv\u00f6rsdaglegu)<\/span> morgunbrennif\u00f3rnar.<a name=\"18\"><span class=\"versanumer\">18<\/span><\/a>\u00dear eftir sl\u00e1tra\u00f0i hann nautkindinni og hr\u00fatnum, \u00feakkl\u00e6tisf\u00f3rn f\u00f3lksins; en synir Arons r\u00e9ttu bl\u00f3\u00f0i\u00f0 a\u00f0 honum, en hann st\u00f6kkti \u00fev\u00ed allt \u00ed kring \u00e1 altari\u00f0.<a name=\"19\"><span class=\"versanumer\">19<\/span><\/a>\u00dear \u00e1 eftir r\u00e9ttu \u00feeir a\u00f0 honum feitina af nautkindinni og hr\u00fatnum: r\u00f3funa, netjuna, n\u00fdrun og st\u00e6rra lifrarbla\u00f0i\u00f0;<a name=\"20\"><span class=\"versanumer\">20<\/span><\/a>\u00feeir l\u00f6g\u00f0u \u00feessi fitustykki, ofan \u00e1 bringurnar, en Aron upptendra\u00f0i \u00e1 altarinu feitina,<a name=\"21\"><span class=\"versanumer\">21<\/span><\/a>en veifa\u00f0i bringunum og h\u00e6gra b\u00f3gnum sem veifingarf\u00f3rn fyrir Drottni, eins og M\u00f3ses haf\u00f0i bo\u00f0i\u00f0.<a name=\"22\"><span class=\"versanumer\">22<\/span><\/a>S\u00ed\u00f0an upplyfti Aron s\u00ednum h\u00f6ndum yfir f\u00f3lki\u00f0 og blessa\u00f0i \u00fea\u00f0, st\u00e9 s\u00ed\u00f0an ni\u00f0ur, eftir \u00fea\u00f0 a\u00f0 hann haf\u00f0i tilreitt synda-, brenni- og \u00feakkl\u00e6tisf\u00f3rnirnar.<a name=\"23\"><span class=\"versanumer\">23<\/span><\/a>\u00dear \u00e1 eftir gekk M\u00f3ses og Aron inn \u00ed samkundutjaldb\u00fa\u00f0ina; en \u00fe\u00e1 \u00feeir voru komnir \u00fat aftur og h\u00f6f\u00f0u blessa\u00f0 yfir f\u00f3lki\u00f0, \u00fe\u00e1 birtist d\u00fdr\u00f0 Drottins gj\u00f6rv\u00f6llum l\u00fd\u00f0num;<a name=\"24\"><span class=\"versanumer\">24<\/span><\/a>\u00fev\u00ed eldur \u00fatgekk fr\u00e1 Drottni sem eyddi \u00fev\u00ed, sem \u00e1 altarinu var: brennif\u00f3rninni og feitinni; en sem allur l\u00fd\u00f0urinn s\u00e1 \u00feetta, \u00e6pti hann fagna\u00f0ar\u00f3p, og f\u00e9ll fram \u00e1 s\u00ednar \u00e1sj\u00f3nur.<\/p>\n<div class=\"footnoteVidey\">V. 7. S\u00e9rhv\u00f6r synd, sem presturinn gj\u00f6r\u00f0i sig sekan \u00ed, gj\u00f6r\u00f0i allt f\u00f3lki\u00f0 sekt.  V. 17. sbr. 2 M\u00f3s. 29,39.  V. 24. Jafnvel hei\u00f0nir menn \u00e1litu \u00fea\u00f0 merki upp \u00e1 gu\u00f0a sinna vel\u00fe\u00f3knan, a\u00f0 f\u00f3rnir \u00feeirra brynnu glatt \u00e1 altarinu.<\/div>\n","protected":false},"excerpt":{"rendered":"<p>Arons f\u00f3rn o.s.frv. 1\u00c1 \u00e1ttunda deginum samankalla\u00f0i M\u00f3ses Aron, syni hans og \u00f6ldunga \u00cdsraelsl\u00fd\u00f0s,2og sag\u00f0i til Arons: Taktu fyrir \u00feig k\u00e1lf til syndaf\u00f3rnar og hr\u00fat til brennif\u00f3rnar, hv\u00f6rutveggja \u00e1n l\u00fdta, og lei\u00f0 fyrir augs\u00fdn Drottins;3en til \u00cdsraelsbarna skaltu segja: taki\u00f0 kjarnhafur til syndaf\u00f3rnar, og k\u00e1lf og sau\u00f0kind, hv\u00f6rutveggja veturgamalt og l\u00fdtalaust til brennif\u00f3rnar,4og nautkind og hr\u00fat til \u00feakkl\u00e6tisf\u00f3rnar, til \u00feess a\u00f0 \u00fea\u00f0 sl\u00e1trist fyrir augliti Drottins, og \u00e1samt matf\u00f3rn \u00e1dreif\u00f0ri vi\u00f0smj\u00f6ri; \u00fev\u00ed Drottinn mun \u00ed dag birtast y\u00f0ur.5\u00deeir komu me\u00f0 allt \u00fea\u00f0 sem M\u00f3ses bau\u00f0 \u00feeim fram fyrir samkundutjaldb\u00fa\u00f0ina, og allur s\u00f6fnu\u00f0urinn f\u00e6r\u00f0i sig n\u00e6r, og st\u00f3\u00f0 frammi fyrir Drottni.6\u00de\u00e1 <a href=\"https:\/\/biblian.is\/videy\/thridja-mosebok-9-kafli\/\"> [&#8230;]<\/a><\/p>\n","protected":false},"author":1,"featured_media":0,"parent":0,"menu_order":0,"comment_status":"open","ping_status":"open","template":"bibliukaflar.php","meta":{"footnotes":""},"class_list":["post-20948","page","type-page","status-publish","hentry"],"_links":{"self":[{"href":"https:\/\/biblian.is\/videy\/wp-json\/wp\/v2\/pages\/20948","targetHints":{"allow":["GET"]}}],"collection":[{"href":"https:\/\/biblian.is\/videy\/wp-json\/wp\/v2\/pages"}],"about":[{"href":"https:\/\/biblian.is\/videy\/wp-json\/wp\/v2\/types\/page"}],"author":[{"embeddable":true,"href":"https:\/\/biblian.is\/videy\/wp-json\/wp\/v2\/users\/1"}],"replies":[{"embeddable":true,"href":"https:\/\/biblian.is\/videy\/wp-json\/wp\/v2\/comments?post=20948"}],"version-history":[{"count":0,"href":"https:\/\/biblian.is\/videy\/wp-json\/wp\/v2\/pages\/20948\/revisions"}],"wp:attachment":[{"href":"https:\/\/biblian.is\/videy\/wp-json\/wp\/v2\/media?parent=20948"}],"curies":[{"name":"wp","href":"https:\/\/api.w.org\/{rel}","templated":true}]}}

Þriðja Mósebók 9. kafli

<div class="fyrirsognVidey">Arons fórn o.s.frv.</div>
<p><a name="1"><span class="versanumer">1</span></a>Á áttunda deginum samankallaði Móses Aron, syni hans og öldunga Ísraelslýðs,<a name="2"><span class="versanumer">2</span></a>og sagði til Arons: Taktu fyrir þig kálf til syndafórnar og hrút til brennifórnar, hvörutveggja án lýta, og leið fyrir augsýn Drottins;<a name="3"><span class="versanumer">3</span></a>en til Ísraelsbarna skaltu segja: takið kjarnhafur til syndafórnar, og kálf og sauðkind, hvörutveggja veturgamalt og lýtalaust til brennifórnar,<a name="4"><span class="versanumer">4</span></a>og nautkind og hrút til þakklætisfórnar, til þess að það slátrist fyrir augliti Drottins, og ásamt matfórn ádreifðri viðsmjöri; því Drottinn mun í dag birtast yður.<a name="5"><span class="versanumer">5</span></a>Þeir komu með allt það sem Móses bauð þeim fram fyrir samkundutjaldbúðina, og allur söfnuðurinn færði sig nær, og stóð frammi fyrir Drottni.<a name="6"><span class="versanumer">6</span></a>Þá segir Móses: þetta er það sem Drottinn hefir boðið yður að gjöra, og mun hans dýrð birtast yður.<a name="7"><span class="versanumer">7</span></a>Þar eftir sagði Móses til Arons: nálæg þig altarinu og tilreið þína syndafórn og brennifórn, svo þú forlíkir fyrir þig og fyrir fólkið, og tilreið síðan fólksins fórnargáfu, til þess þú forlíkir fyrir það, eins og Drottinn hefir boðið.<a name="8"><span class="versanumer">8</span></a>Aron gengur því til altarisins, slátrar kálfinum til syndafórnar fyrir sig,<a name="9"><span class="versanumer">9</span></a>en synir hans færðu honum blóðið, hann dýfði vísifingri sínum í það, og reið því á horn altarisins, en hinu sem eftir var hellti hann niður hjá altarisins fæti,<a name="10"><span class="versanumer">10</span></a>en mörinn, nýrun og stærra lifrarblaðið syndafórnarinnar upptendraði hann á altarinu, eins og Drottinn hafði boðið Móses;<a name="11"><span class="versanumer">11</span></a>en kjötið og skinnið brenndi hann í eldi fyrir utan herbúðirnar.<a name="12"><span class="versanumer">12</span></a>Síðan slátraði hann brennifórninni; og Arons synir réttu að honum blóðið, en hann stökkti því um kring á altarið;<a name="13"><span class="versanumer">13</span></a>þeir réttu líka að honum brennifórnina í stykkjum og höfuðið og hann upptendraði það á altarinu;<a name="14"><span class="versanumer">14</span></a>innyflin þvoði hann og fæturnar, sem hann þar á eftir brenndi á altarinu sem upptendran ofan á sjálfri brennifórninni.<a name="15"><span class="versanumer">15</span></a>Þar á eftir frambar hann fórnargáfu fólksins, tók hafurinn, sem ætlaður var til syndafórnar fyrir fólkið, slátraði honum og gjörði hann að syndafórn, á þann hátt sem áður er frásagt.<a name="16"><span class="versanumer">16</span></a>Hann framkom og svo með brennifórnina og tilreiddi hana eins og tilsett var.<a name="17"><span class="versanumer">17</span></a>Sömuleiðis frambar hann matfórnina, tók þar af fullan knefa sinn og upptendraði það á altarinu, auk <span class='VideyAth'>(þeirrar hvörsdaglegu)</span> morgunbrennifórnar.<a name="18"><span class="versanumer">18</span></a>Þar eftir slátraði hann nautkindinni og hrútnum, þakklætisfórn fólksins; en synir Arons réttu blóðið að honum, en hann stökkti því allt í kring á altarið.<a name="19"><span class="versanumer">19</span></a>Þar á eftir réttu þeir að honum feitina af nautkindinni og hrútnum: rófuna, netjuna, nýrun og stærra lifrarblaðið;<a name="20"><span class="versanumer">20</span></a>þeir lögðu þessi fitustykki, ofan á bringurnar, en Aron upptendraði á altarinu feitina,<a name="21"><span class="versanumer">21</span></a>en veifaði bringunum og hægra bógnum sem veifingarfórn fyrir Drottni, eins og Móses hafði boðið.<a name="22"><span class="versanumer">22</span></a>Síðan upplyfti Aron sínum höndum yfir fólkið og blessaði það, sté síðan niður, eftir það að hann hafði tilreitt synda-, brenni- og þakklætisfórnirnar.<a name="23"><span class="versanumer">23</span></a>Þar á eftir gekk Móses og Aron inn í samkundutjaldbúðina; en þá þeir voru komnir út aftur og höfðu blessað yfir fólkið, þá birtist dýrð Drottins gjörvöllum lýðnum;<a name="24"><span class="versanumer">24</span></a>því eldur útgekk frá Drottni sem eyddi því, sem á altarinu var: brennifórninni og feitinni; en sem allur lýðurinn sá þetta, æpti hann fagnaðaróp, og féll fram á sínar ásjónur.</p>
<div class="footnoteVidey">V. 7. Sérhvör synd, sem presturinn gjörði sig sekan í, gjörði allt fólkið sekt.  V. 17. sbr. 2 Mós. 29,39.  V. 24. Jafnvel heiðnir menn álitu það merki upp á guða sinna velþóknan, að fórnir þeirra brynnu glatt á altarinu.</div>

<p>Arons fórn o.s.frv. 1Á áttunda deginum samankallaði Móses Aron, syni hans og öldunga Ísraelslýðs,2og sagði til Arons: Taktu fyrir þig kálf til syndafórnar og hrút til brennifórnar, hvörutveggja án lýta, og leið fyrir augsýn Drottins;3en til Ísraelsbarna skaltu segja: takið kjarnhafur til syndafórnar, og kálf og sauðkind, hvörutveggja veturgamalt og lýtalaust til brennifórnar,4og nautkind og hrút til þakklætisfórnar, til þess að það slátrist fyrir augliti Drottins, og ásamt matfórn ádreifðri viðsmjöri; því Drottinn mun í dag birtast yður.5Þeir komu með allt það sem Móses bauð þeim fram fyrir samkundutjaldbúðina, og allur söfnuðurinn færði sig nær, og stóð frammi fyrir Drottni.6Þá <a href="https://biblian.is/videy/thridja-mosebok-9-kafli/"> [&#8230;]</a></p>
