{"id":20935,"date":"2018-01-02T00:59:35","date_gmt":"2018-01-02T00:59:35","guid":{"rendered":"http:\/\/biblian.is\/videy\/onnur-mosebok-36-kafli\/"},"modified":"2018-01-02T00:59:35","modified_gmt":"2018-01-02T00:59:35","slug":"onnur-mosebok-36-kafli","status":"publish","type":"page","link":"https:\/\/biblian.is\/videy\/onnur-mosebok-36-kafli\/","title":{"rendered":"\u00d6nnur M\u00f3seb\u00f3k 36. kafli"},"content":{"rendered":"<div class=\"fyrirsognVidey\">Gjafir f\u00f3lksins. Tjaldb\u00fa\u00f0arsm\u00ed\u00f0i\u00f0.<\/div>\n<p><a name=\"1\"><span class=\"versanumer\">1<\/span><\/a>Besalel og Ohol\u00edab og allir \u00feeir hagleiksmenn, sem Drottinn haf\u00f0i gefi\u00f0 vitsmuni og kunn\u00e1ttu, a\u00f0 skynja \u00f6ll \u00feau verk, er heyr\u00f0u til helgid\u00f3msins \u00fej\u00f3nustu, gj\u00f6r\u00f0u allt sem Drottinn haf\u00f0i bo\u00f0i\u00f0.<a name=\"2\"><span class=\"versanumer\">2<\/span><\/a>M\u00f3ses kalla\u00f0i til s\u00edn Besalel og Ohol\u00edab og alla \u00fe\u00e1 hagleiksmenn, hv\u00f6rjum Drottinn haf\u00f0i gefi\u00f0 hugvit, og hv\u00f6rn \u00feann mann, sem sj\u00e1lfkrafa vildi ganga a\u00f0 \u00feessu verki og leggja h\u00f6nd \u00e1 \u00fea\u00f0;<a name=\"3\"><span class=\"versanumer\">3<\/span><\/a>t\u00f3ku \u00feeir vi\u00f0 af M\u00f3ses allri \u00feeirri upplyftingarf\u00f3rn, sem \u00cdsraelsmenn h\u00f6f\u00f0u lagt til helgid\u00f3msgj\u00f6r\u00f0arinnar; og hv\u00f6rn morgun f\u00e6r\u00f0u menn \u00fe\u00f3 enn til hans gjafir sj\u00e1lfviljuglega.<a name=\"4\"><span class=\"versanumer\">4<\/span><\/a>\u00de\u00e1 komu allir smi\u00f0irnir, sem st\u00f6rfu\u00f0u, a\u00f0 helgid\u00f3msgj\u00f6r\u00f0inni, hv\u00f6r fr\u00e1 s\u00ednu verki, sem \u00feeir voru a\u00f0 vinna,<a name=\"5\"><span class=\"versanumer\">5<\/span><\/a>og s\u00f6g\u00f0u til M\u00f3sis: f\u00f3lki\u00f0 leggur til meir en \u00fe\u00f6rf gj\u00f6rist til a\u00f0 framkoma \u00fev\u00ed verki, sem Drottinn hefir bo\u00f0i\u00f0 a\u00f0 gj\u00f6ra.<a name=\"6\"><span class=\"versanumer\">6<\/span><\/a>\u00de\u00e1 l\u00e9t M\u00f3ses kalla \u00fat um herb\u00fa\u00f0irnar, og segja, a\u00f0 engin skyldi hv\u00f6rki karl n\u00e9 kona, hafa nokkurn starfa framar fyrir upplyftingarf\u00f3rnum til helgid\u00f3msins, og h\u00e6tti f\u00f3lki\u00f0 \u00fe\u00e1 till\u00f6gum s\u00ednum;<a name=\"7\"><span class=\"versanumer\">7<\/span><\/a>var \u00fe\u00e1 gn\u00f3gt verkefni fyrir \u00fe\u00e1 til alls \u00feess, er gj\u00f6ra \u00feurfti, og jafnvel var nokku\u00f0 afgangs. <br \/><a name=\"8\"><span class=\"versanumer\">8<\/span><\/a>Allir \u00feeir hagleiksmenn, sem st\u00f6rfu\u00f0u a\u00f0 verkinu, t\u00f3ku n\u00fa til a\u00f0 gj\u00f6ra tjaldb\u00fa\u00f0ina: \u00feeir gj\u00f6r\u00f0u 10 d\u00faka af hv\u00edtri vi\u00f0arull tvinna\u00f0ri, bl\u00e1rri ull, purpura og skarlati, me\u00f0 ker\u00fabum \u00e1, haglega \u00fatofnum.<a name=\"9\"><span class=\"versanumer\">9<\/span><\/a>Hv\u00f6r d\u00fakur var 28 \u00e1lna langur og fj\u00f6gra \u00e1lna brei\u00f0ur, og allir d\u00fakarnir voru jafnir a\u00f0 m\u00e1li;<a name=\"10\"><span class=\"versanumer\">10<\/span><\/a>fimm d\u00fakarnir voru tengdir saman s\u00e9r og aftur a\u00f0rir 5 s\u00e9r:<a name=\"11\"><span class=\"versanumer\">11<\/span><\/a>\u00fe\u00e1 voru gj\u00f6r\u00f0ar lykkjur af bl\u00e1u ullarbandi \u00e1 endaja\u00f0ri eins d\u00faksins vi\u00f0 samkomuna, og eins \u00e1 ysta d\u00fakja\u00f0rinum vi\u00f0 n\u00e6stu samkomu;<a name=\"12\"><span class=\"versanumer\">12<\/span><\/a>50 lykkjur voru gj\u00f6r\u00f0ar \u00e1 \u00f6\u00f0rum d\u00faknum, og eins voru gj\u00f6r\u00f0ar 50 lykkjur \u00e1 ja\u00f0ri \u00feess d\u00faksins, sem var vi\u00f0 n\u00e6stu samkomu, svo a\u00f0 lykkjurnar st\u00f3\u00f0ust \u00e1 hv\u00f6r vi\u00f0 a\u00f0ra;<a name=\"13\"><span class=\"versanumer\">13<\/span><\/a>\u00fe\u00e1 voru gj\u00f6r\u00f0ir 50 kr\u00f3kar af gulli, og tengdur saman hv\u00f6r d\u00fakurinn vi\u00f0 annan me\u00f0 kr\u00f3kunum, svo \u00fear af var\u00f0 ein tjaldb\u00fa\u00f0. <br \/><a name=\"14\"><span class=\"versanumer\">14<\/span><\/a>\u00dearn\u00e6st voru gj\u00f6r\u00f0ar \u00e1brei\u00f0ur af geitah\u00e1ri, til a\u00f0 tjalda me\u00f0 yfir b\u00fa\u00f0ina; af \u00feeim \u00e1brei\u00f0um voru b\u00fanar til 11;<a name=\"15\"><span class=\"versanumer\">15<\/span><\/a>hv\u00f6r \u00e1brei\u00f0a var 30 \u00e1lna l\u00f6ng, og fj\u00f6gra \u00e1lna brei\u00f0; allar 11 \u00e1brei\u00f0urnar voru jafnar a\u00f0 m\u00e1li;<a name=\"16\"><span class=\"versanumer\">16<\/span><\/a>\u00fe\u00e1 voru tengdar saman 5 \u00e1brei\u00f0urnar s\u00e9r, og 6 s\u00e9r,<a name=\"17\"><span class=\"versanumer\">17<\/span><\/a>gj\u00f6r\u00f0ar s\u00ed\u00f0an 50 lykkjur \u00e1 ysta \u00e1brei\u00f0uja\u00f0rinum vi\u00f0 samkomuna, og eins 50 lykkjur \u00e1 \u00e1brei\u00f0uja\u00f0rinum vi\u00f0 n\u00e6stu samkomu;<a name=\"18\"><span class=\"versanumer\">18<\/span><\/a>\u00fe\u00e1 voru gj\u00f6r\u00f0ir 50 eirkr\u00f3kar til a\u00f0 tengja saman tjaldi\u00f0, svo \u00fea\u00f0 yr\u00f0i einl\u00e6gt.<a name=\"19\"><span class=\"versanumer\">19<\/span><\/a>\u00dear a\u00f0 auki var gj\u00f6rt \u00feak yfir tjaldi\u00f0 af rau\u00f0litu\u00f0um hr\u00fataskinnum, og enn eitt \u00feak \u00fear utan yfir af selskinnum.<br \/><a name=\"20\"><span class=\"versanumer\">20<\/span><\/a>S\u00ed\u00f0an var telgdur beinn bor\u00f0vi\u00f0ur til tjaldb\u00fa\u00f0arinnar af belg\u00feornstrj\u00e1m;<a name=\"21\"><span class=\"versanumer\">21<\/span><\/a>var hv\u00f6rt bor\u00f0 10 \u00e1lna langt, og h\u00e1lfrar annarrar \u00e1lnar breitt;<a name=\"22\"><span class=\"versanumer\">22<\/span><\/a>\u00e1 hv\u00f6rju bor\u00f0i voru tveir tappar, jafnlangt hv\u00f6r fr\u00e1 \u00f6\u00f0rum, og svo var gj\u00f6rt \u00e1 \u00f6llum bor\u00f0um tjaldb\u00fa\u00f0arinnar.<a name=\"23\"><span class=\"versanumer\">23<\/span><\/a>Bor\u00f0vi\u00f0i tjaldb\u00fa\u00f0arinnar var svo haga\u00f0, a\u00f0 20 bor\u00f0 voru sunnanmegin, gegnt su\u00f0ri,<a name=\"24\"><span class=\"versanumer\">24<\/span><\/a>og gj\u00f6r\u00f0ir 40 pallar af silfri undir \u00feau 20 bor\u00f0, tveir pallar undir eitt bor\u00f0i\u00f0, til \u00feess \u00feeir tveir tappar, sem \u00e1 bor\u00f0inu voru, f\u00e9lli \u00fear \u00ed, og eins tveir pallar undir n\u00e6sta bor\u00f0, sinn fyrir hv\u00f6rn tappa.<a name=\"25\"><span class=\"versanumer\">25<\/span><\/a>Til annarrar hli\u00f0ar tjaldb\u00fa\u00f0arinnar gegnt nor\u00f0ri voru \u00e6tlu\u00f0 20 bor\u00f0,<a name=\"26\"><span class=\"versanumer\">26<\/span><\/a>og 40 silfurpallar fyrir \u00feau, nefnilega tveir pallar undir eitt bor\u00f0i\u00f0, og tveir undir n\u00e6sta bor\u00f0.<a name=\"27\"><span class=\"versanumer\">27<\/span><\/a>Til b\u00fa\u00f0argaflsins gegnt vestri voru \u00e6tlu\u00f0 6 bor\u00f0,<a name=\"28\"><span class=\"versanumer\">28<\/span><\/a>en tv\u00f6 bor\u00f0 til b\u00fa\u00f0arhornanna beggja vegna;<a name=\"29\"><span class=\"versanumer\">29<\/span><\/a>\u00feau voru b\u00e6\u00f0i tv\u00f6f\u00f6ld ne\u00f0an fr\u00e1, og h\u00e9ldu fullu m\u00e1li upp \u00far gegn allt til hins fyrsta hrings; \u00feannig var \u00feeim h\u00e1tta\u00f0 hvorumtveggjum, og voru \u00feetta \u00feeir tveir horngaflar;<a name=\"30\"><span class=\"versanumer\">30<\/span><\/a>\u00fea\u00f0 voru 8 bor\u00f0 me\u00f0 16 silfurp\u00f6llum, st\u00f3\u00f0u tveir pallar undir einu bor\u00f0inu, og tveir undir \u00fev\u00ed n\u00e6sta.<a name=\"31\"><span class=\"versanumer\">31<\/span><\/a>\u00dev\u00ed n\u00e6st voru gj\u00f6r\u00f0 \u00fevertr\u00e9 af belg\u00feornsvi\u00f0i, 5 a\u00f0 \u00f6\u00f0rum hli\u00f0vegi b\u00fa\u00f0arinnar,<a name=\"32\"><span class=\"versanumer\">32<\/span><\/a>og 5 a\u00f0 hinum, og enn 5 \u00fevertr\u00e9 a\u00f0 gafl\u00feili b\u00fa\u00f0arinnar vestanmegin.<a name=\"33\"><span class=\"versanumer\">33<\/span><\/a>\u00de\u00e1 var gj\u00f6rt mi\u00f0tr\u00e9\u00f0, sem ganga skyldi \u00ed gegnum bor\u00f0veggina, og liggja um \u00fevert fr\u00e1 einum enda til annars.<a name=\"34\"><span class=\"versanumer\">34<\/span><\/a>\u00de\u00e1 voru gullb\u00fanir bor\u00f0veggirnir, og hringarnir \u00ed \u00feeim, sem \u00fevertrj\u00e1num var smeygt inn \u00ed, gj\u00f6r\u00f0ir af gulli; \u00fevertr\u00e9n voru og gulli b\u00fain. <br \/><a name=\"35\"><span class=\"versanumer\">35<\/span><\/a>S\u00ed\u00f0an var fortjaldi\u00f0 gj\u00f6rt af d\u00f6kkbl\u00e1rri ull, purpura, skarlati og hv\u00edtri vi\u00f0arull tvinna\u00f0ri; \u00fear \u00e1 voru ker\u00fabar haglega \u00fatofnir.<a name=\"36\"><span class=\"versanumer\">36<\/span><\/a>\u00dear til voru gj\u00f6r\u00f0ar fj\u00f3rar sto\u00f0ir af belg\u00feornsvi\u00f0i, \u00fe\u00e6r voru gullb\u00fanar, me\u00f0 kr\u00f3kum \u00ed af gulli, en fyrir sto\u00f0irnar voru steyptir fj\u00f3rir pallar af silfri.<a name=\"37\"><span class=\"versanumer\">37<\/span><\/a>Tjald var og gj\u00f6rt fyrir b\u00fa\u00f0ardyrnar, \u00fea\u00f0 var af d\u00f6kkbl\u00e1rri ull, purpura, skarlati og hv\u00edtri vi\u00f0arull tvinna\u00f0ri, og glitofi\u00f0,<a name=\"38\"><span class=\"versanumer\">38<\/span><\/a>fyrir \u00feetta tjald voru gj\u00f6r\u00f0ar 5 s\u00falur me\u00f0 kr\u00f3kum \u00ed, og gulli b\u00fain s\u00falnah\u00f6fu\u00f0in og syllurnar, og 5 eirpallar b\u00fanir til undir s\u00falurnar.<\/p>\n<div class=\"footnoteVidey\"><\/div>\n","protected":false},"excerpt":{"rendered":"<p>Gjafir f\u00f3lksins. Tjaldb\u00fa\u00f0arsm\u00ed\u00f0i\u00f0. 1Besalel og Ohol\u00edab og allir \u00feeir hagleiksmenn, sem Drottinn haf\u00f0i gefi\u00f0 vitsmuni og kunn\u00e1ttu, a\u00f0 skynja \u00f6ll \u00feau verk, er heyr\u00f0u til helgid\u00f3msins \u00fej\u00f3nustu, gj\u00f6r\u00f0u allt sem Drottinn haf\u00f0i bo\u00f0i\u00f0.2M\u00f3ses kalla\u00f0i til s\u00edn Besalel og Ohol\u00edab og alla \u00fe\u00e1 hagleiksmenn, hv\u00f6rjum Drottinn haf\u00f0i gefi\u00f0 hugvit, og hv\u00f6rn \u00feann mann, sem sj\u00e1lfkrafa vildi ganga a\u00f0 \u00feessu verki og leggja h\u00f6nd \u00e1 \u00fea\u00f0;3t\u00f3ku \u00feeir vi\u00f0 af M\u00f3ses allri \u00feeirri upplyftingarf\u00f3rn, sem \u00cdsraelsmenn h\u00f6f\u00f0u lagt til helgid\u00f3msgj\u00f6r\u00f0arinnar; og hv\u00f6rn morgun f\u00e6r\u00f0u menn \u00fe\u00f3 enn til hans gjafir sj\u00e1lfviljuglega.4\u00de\u00e1 komu allir smi\u00f0irnir, sem st\u00f6rfu\u00f0u, a\u00f0 helgid\u00f3msgj\u00f6r\u00f0inni, hv\u00f6r fr\u00e1 s\u00ednu verki, sem <a href=\"https:\/\/biblian.is\/videy\/onnur-mosebok-36-kafli\/\"> [&#8230;]<\/a><\/p>\n","protected":false},"author":1,"featured_media":0,"parent":0,"menu_order":0,"comment_status":"open","ping_status":"open","template":"bibliukaflar.php","meta":{"footnotes":""},"class_list":["post-20935","page","type-page","status-publish","hentry"],"_links":{"self":[{"href":"https:\/\/biblian.is\/videy\/wp-json\/wp\/v2\/pages\/20935","targetHints":{"allow":["GET"]}}],"collection":[{"href":"https:\/\/biblian.is\/videy\/wp-json\/wp\/v2\/pages"}],"about":[{"href":"https:\/\/biblian.is\/videy\/wp-json\/wp\/v2\/types\/page"}],"author":[{"embeddable":true,"href":"https:\/\/biblian.is\/videy\/wp-json\/wp\/v2\/users\/1"}],"replies":[{"embeddable":true,"href":"https:\/\/biblian.is\/videy\/wp-json\/wp\/v2\/comments?post=20935"}],"version-history":[{"count":0,"href":"https:\/\/biblian.is\/videy\/wp-json\/wp\/v2\/pages\/20935\/revisions"}],"wp:attachment":[{"href":"https:\/\/biblian.is\/videy\/wp-json\/wp\/v2\/media?parent=20935"}],"curies":[{"name":"wp","href":"https:\/\/api.w.org\/{rel}","templated":true}]}}