{"id":20928,"date":"2018-01-02T00:59:30","date_gmt":"2018-01-02T00:59:30","guid":{"rendered":"http:\/\/biblian.is\/videy\/onnur-mosebok-29-kafli\/"},"modified":"2018-01-02T00:59:30","modified_gmt":"2018-01-02T00:59:30","slug":"onnur-mosebok-29-kafli","status":"publish","type":"page","link":"https:\/\/biblian.is\/videy\/onnur-mosebok-29-kafli\/","title":{"rendered":"\u00d6nnur M\u00f3seb\u00f3k 29. kafli"},"content":{"rendered":"<div class=\"fyrirsognVidey\">V\u00edgsla prestanna. S\u00fa daglega f\u00f3rn.<\/div>\n<p><a name=\"1\"><span class=\"versanumer\">1<\/span><\/a>\u00deetta er s\u00fa reglugj\u00f6r\u00f0, sem \u00fe\u00fa skalt fylgja, \u00feegar \u00fe\u00fa v\u00edgir \u00fe\u00e1 til a\u00f0 vera m\u00edna kennimenn: tak ungan uxa og tvo hr\u00fata gallalausa;<a name=\"2\"><span class=\"versanumer\">2<\/span><\/a>s\u00f6mulei\u00f0is \u00f3s\u00fdrt brau\u00f0, \u00f3s\u00fdr\u00f0ar k\u00f6kur vi\u00f0smj\u00f6ri stokknar, og \u00f3s\u00fdr\u00f0a hleifa smur\u00f0a me\u00f0 vi\u00f0smj\u00f6ri; \u00feetta skaltu gj\u00f6ra af hveiti.<a name=\"3\"><span class=\"versanumer\">3<\/span><\/a>\u00de\u00fa skalt l\u00e1ta \u00feetta \u00ed eina k\u00f6rfu, og bera \u00fea\u00f0 fram \u00ed k\u00f6rfunni, og lei\u00f0a fram uxann og b\u00e1\u00f0a hr\u00fatana;<a name=\"4\"><span class=\"versanumer\">4<\/span><\/a>\u00fe\u00e1 skaltu lei\u00f0a Aron og syni hans fyrir dyr samkundutjaldb\u00fa\u00f0arinnar, og lauga \u00fe\u00e1 \u00ed vatni;<a name=\"5\"><span class=\"versanumer\">5<\/span><\/a>s\u00ed\u00f0an skaltu taka kl\u00e6\u00f0in, og f\u00e6ra Aron \u00ed serkinn og h\u00f6kulkyrtilinn og \u00ed h\u00f6kulinn og brj\u00f3stskj\u00f6ldinn, og gir\u00f0a hann me\u00f0 h\u00f6kulbeltinu.<a name=\"6\"><span class=\"versanumer\">6<\/span><\/a>\u00de\u00e1 skaltu leggja ennid\u00fakinn um h\u00f6fu\u00f0 honum, og l\u00e1ta hinn heilaga dregil <span class='VideyAth'>(kap. 28,36\u201338)<\/span> um ennid\u00fakinn;<a name=\"7\"><span class=\"versanumer\">7<\/span><\/a>\u00fe\u00e1 skaltu taka smurningarvi\u00f0smj\u00f6ri\u00f0, og hella \u00fev\u00ed yfir h\u00f6fu\u00f0 hans, og smyrja hann.<a name=\"8\"><span class=\"versanumer\">8<\/span><\/a>S\u00ed\u00f0an skaltu lei\u00f0a fram sonu hans, og f\u00e6ra \u00fe\u00e1 \u00ed serkina,<a name=\"9\"><span class=\"versanumer\">9<\/span><\/a>gir\u00f0a \u00fe\u00e1 me\u00f0 beltum, b\u00e6\u00f0i Aron og sonu hans, og binda \u00e1 \u00fe\u00e1 h\u00f6fu\u00f0d\u00fakana, og eru \u00feeir \u00fe\u00e1 fullgildir til kennimansskapar \u00e6vinlega, og skaltu f\u00e1 \u00feeim emb\u00e6tti\u00f0 \u00ed hendur, Aroni og sonum hans. <br \/><a name=\"10\"><span class=\"versanumer\">10<\/span><\/a>S\u00ed\u00f0an skaltu lei\u00f0a uxann fram fyrir samkundutjaldb\u00fa\u00f0ina, og skulu \u00feeir Aron og synir hans leggja hendur s\u00ednar \u00e1 h\u00f6fu\u00f0 uxanum,<a name=\"11\"><span class=\"versanumer\">11<\/span><\/a>en \u00fe\u00fa skalt sl\u00e1tra uxanum frammi fyrir Drottni, fyrir dyrum samkundutjaldb\u00fa\u00f0arinnar.<a name=\"12\"><span class=\"versanumer\">12<\/span><\/a>S\u00ed\u00f0an skaltu taka nokku\u00f0 af bl\u00f3\u00f0i uxans, og rj\u00f3\u00f0ra me\u00f0 fingri \u00fe\u00ednum \u00e1 altarishornin, en \u00f6llu hinu bl\u00f3\u00f0inu skaltu ni\u00f0ur steypa vi\u00f0 altarisf\u00f3tinn.<a name=\"13\"><span class=\"versanumer\">13<\/span><\/a>\u00de\u00fa skalt taka alla netjuna, bl\u00f6\u00f0kuna af lifrinni, b\u00e6\u00f0i n\u00fdrun og n\u00fdrnam\u00f6rinn, og brenna \u00fea\u00f0 \u00e1 altarinu;<a name=\"14\"><span class=\"versanumer\">14<\/span><\/a>en kj\u00f6t uxans, h\u00fa\u00f0ina og gori\u00f0 skaltu brenna \u00ed eldi fyrir utan herb\u00fa\u00f0irnar, \u00fev\u00ed \u00fea\u00f0 er syndaf\u00f3rn.<br \/><a name=\"15\"><span class=\"versanumer\">15<\/span><\/a>\u00dev\u00ed n\u00e6st skaltu taka annan hr\u00fatinn, og skulu \u00feeir Aron og synir hans leggja hendur s\u00ednar \u00e1 h\u00f6fu\u00f0 hr\u00fatsins;<a name=\"16\"><span class=\"versanumer\">16<\/span><\/a>s\u00ed\u00f0an skaltu sl\u00e1tra hr\u00fatnum, taka bl\u00f3\u00f0 hans, og st\u00f6kkva \u00fev\u00ed allt um kring \u00e1 altari\u00f0.<a name=\"17\"><span class=\"versanumer\">17<\/span><\/a>En hr\u00fatinn skaltu lima \u00ed sundur, \u00fevo innyfli hans og l\u00e6ri, og leggja \u00feau ofan \u00e1 limina og h\u00f6fu\u00f0i\u00f0,<a name=\"18\"><span class=\"versanumer\">18<\/span><\/a>og brenna svo allan hr\u00fatinn \u00e1 altarinu; \u00fea\u00f0 er brennif\u00f3rn fyrir Drottni, og \u00feakkn\u00e6milegur ilmur, \u00fea\u00f0 er f\u00f3rn sem Drottni l\u00edkar. <br \/><a name=\"19\"><span class=\"versanumer\">19<\/span><\/a>\u00dearn\u00e6st skaltu taka hinn hr\u00fatinn, og skulu \u00feeir Aron og synir hans leggja hendur s\u00ednar \u00e1 h\u00f6fu\u00f0 hr\u00fatsins,<a name=\"20\"><span class=\"versanumer\">20<\/span><\/a>en \u00fe\u00fa skalt sl\u00e1tra hr\u00fatnum, og taka nokku\u00f0 af bl\u00f3\u00f0i hans, og r\u00ed\u00f0a \u00fev\u00ed \u00e1 h\u00e6gra eyrnasnepil Arons og sona hans, og \u00e1 h\u00e6gra \u00feumalfingur \u00feeirra, og \u00e1 h\u00e6gri \u00feumalt\u00e1 \u00feeirra, og st\u00f6kkva bl\u00f3\u00f0inu um kring \u00e1 altari\u00f0;<a name=\"21\"><span class=\"versanumer\">21<\/span><\/a>\u00fe\u00fa skalt taka nokku\u00f0 af \u00fev\u00ed bl\u00f3\u00f0i, sem er \u00e1 altarinu, og nokku\u00f0 af smurningavi\u00f0smj\u00f6rinu, og st\u00f6kkva \u00fev\u00ed \u00e1 Aron og kl\u00e6\u00f0i hans, og \u00fear me\u00f0 \u00e1 sonu hans og \u00feeirra kl\u00e6\u00f0i, og ver\u00f0ur hann \u00fe\u00e1 v\u00edg\u00f0ur og hans kl\u00e6\u00f0i, og synir hans og \u00feeirra kl\u00e6\u00f0i.<a name=\"22\"><span class=\"versanumer\">22<\/span><\/a>S\u00ed\u00f0an skaltu taka feitina af hr\u00fatnum, r\u00f3funa, netjuna, lifrarbl\u00f6\u00f0kuna, b\u00e6\u00f0i n\u00fdrun og n\u00fdrnam\u00f6rinn, og h\u00e6gra l\u00e6ri\u00f0 <span class='VideyAth'>(\u00fev\u00ed \u00feetta er v\u00edgsluf\u00f3rnarhr\u00fatur)<\/span>,<a name=\"23\"><span class=\"versanumer\">23<\/span><\/a>eitt kringlubrau\u00f0, eina vi\u00f0smj\u00f6rsk\u00f6ku og einn hleif \u00far k\u00f6rfunni me\u00f0 \u00f3s\u00fdr\u00f0u brau\u00f0unum \u00ed, sem stendur frammi fyrir Drottni;<a name=\"24\"><span class=\"versanumer\">24<\/span><\/a>allt \u00feetta skaltu leggja \u00ed hendur Arons og sona hans, og veifa \u00fev\u00ed sem annarri veifunarf\u00f3rn frammi fyrir Drottni;<a name=\"25\"><span class=\"versanumer\">25<\/span><\/a>s\u00ed\u00f0an skaltu taka \u00fea\u00f0 af h\u00f6ndum \u00feeirra, og brenna \u00fea\u00f0 \u00e1 altarinu yfir brennif\u00f3rninni, til \u00feakkn\u00e6milegs ilms fyrir Drottni: \u00fea\u00f0 er f\u00f3rn, sem Drottni l\u00edkar. <br \/><a name=\"26\"><span class=\"versanumer\">26<\/span><\/a>\u00dev\u00ed n\u00e6st skaltu taka bringuna af v\u00edgsluhr\u00fat Arons, og veifa henni sem annarri veifunarf\u00f3rn frammi fyrir Drottni; h\u00fan skal falla \u00ed \u00feinn hlut;<a name=\"27\"><span class=\"versanumer\">27<\/span><\/a>\u00fe\u00fa skalt v\u00edgja veifunarbringuna; og eins upplyftingarl\u00e6ri\u00f0, sem veifa\u00f0 og upplyft hefir veri\u00f0, af v\u00edgsluhr\u00fat Arons og sona hans;<a name=\"28\"><span class=\"versanumer\">28<\/span><\/a>\u00fea\u00f0 skal tilheyra Aroni og sonum hans, eftir \u00fev\u00ed l\u00f6gm\u00e1li, sem \u00e6vinlega skal gilda hj\u00e1 \u00cdsraelsm\u00f6nnum; \u00fev\u00ed \u00fea\u00f0 er upplyftingarf\u00f3rn, og upplyftingarf\u00f3rn skulu \u00cdsraelsmenn f\u00e6ra af \u00feakkarf\u00f3rnum s\u00ednum, en upplyftingarf\u00f3rn \u00feeirra heyrir Drottni til.<a name=\"29\"><span class=\"versanumer\">29<\/span><\/a>\u00deau helgu kl\u00e6\u00f0i, sem Aron hefir, skulu synir hans hafa eftir hann: \u00ed \u00feeim skulu \u00feeir smur\u00f0ir ver\u00f0a, \u00ed \u00feeim skal emb\u00e6tti\u00f0 ver\u00f0a \u00feeim \u00ed hendur fengi\u00f0.<a name=\"30\"><span class=\"versanumer\">30<\/span><\/a>S\u00e1 af sonum hans, sem kennima\u00f0ur ver\u00f0ur \u00ed hans sta\u00f0, skal sj\u00f6 daga vera \u00ed \u00feeim, \u00fe\u00e1 hann gengur inn \u00ed samkundutjaldb\u00fa\u00f0ina til a\u00f0 emb\u00e6tta \u00ed helgid\u00f3minum.<a name=\"31\"><span class=\"versanumer\">31<\/span><\/a>\u00de\u00fa skalt taka v\u00edgsluhr\u00fatinn, og sj\u00f3\u00f0a kj\u00f6t hans \u00e1 helgum sta\u00f0,<a name=\"32\"><span class=\"versanumer\">32<\/span><\/a>og skulu \u00feeir Aron og synir hans eta kj\u00f6t hr\u00fatsins og \u00fea\u00f0 brau\u00f0, sem er \u00ed k\u00f6rfunni fyrir dyrum samkundutjaldb\u00fa\u00f0arinnar;<a name=\"33\"><span class=\"versanumer\">33<\/span><\/a>\u00feess vegna skulu \u00feeir eta \u00feetta, a\u00f0 \u00fear me\u00f0 afpl\u00e1nast \u00fea\u00f0, a\u00f0 ma\u00f0ur hefir fengi\u00f0 emb\u00e6tti\u00f0 \u00ed hendur \u00feeim og v\u00edgt \u00fe\u00e1; en enginn \u00fatlendur m\u00e1 eta \u00fea\u00f0, \u00fev\u00ed \u00fea\u00f0 er v\u00edgt.<a name=\"34\"><span class=\"versanumer\">34<\/span><\/a>En ef nokku\u00f0 leifist af v\u00edgsluf\u00f3rnarkj\u00f6tinu og brau\u00f0inu til n\u00e6sta morguns, \u00fe\u00e1 skaltu brenna \u00fe\u00e6r leifar \u00ed eldi; \u00fea\u00f0 m\u00e1 ekki eta, \u00fev\u00ed \u00fea\u00f0 er v\u00edgt.<a name=\"35\"><span class=\"versanumer\">35<\/span><\/a>\u00de\u00fa skalt svo gj\u00f6ra vi\u00f0 Aron og sonu hans \u00ed alla sta\u00f0i, eins og eg hefi bo\u00f0i\u00f0 \u00fe\u00e9r; \u00ed sj\u00f6 daga skalt\u00fa leggja v\u00edgsluf\u00f3rnina \u00ed hendur \u00feeim,<a name=\"36\"><span class=\"versanumer\">36<\/span><\/a>og \u00e1 hv\u00f6rjum degi skaltu sl\u00e1tra uxa \u00ed syndaf\u00f3rn til forl\u00edkunar, og f\u00f3rna syndaf\u00f3rn \u00e1 altarinu til a\u00f0 fri\u00f0helga \u00fea\u00f0, og \u00fe\u00fa skalt smyrja \u00fea\u00f0 undir v\u00edgsluna.<a name=\"37\"><span class=\"versanumer\">37<\/span><\/a>\u00de\u00fa skalt vera \u00ed 7 daga a\u00f0 fri\u00f0helga altari\u00f0 og v\u00edgja \u00fea\u00f0, og \u00fe\u00e1 skal altari\u00f0 ver\u00f0a alheilagt, og hv\u00f6r s\u00e1, sem snertir altari\u00f0, skal vera heilagur. <br \/><a name=\"38\"><span class=\"versanumer\">38<\/span><\/a>\u00deessi er s\u00fa f\u00f3rn, sem \u00fe\u00fa skalt f\u00f3rnf\u00e6ra \u00e1 altarinu: \u00e6t\u00ed\u00f0 hv\u00f6rn dag tv\u00f6 \u00e1sau\u00f0arl\u00f6mb veturg\u00f6mul;<a name=\"39\"><span class=\"versanumer\">39<\/span><\/a>\u00f6\u00f0ru lambinu skaltu f\u00f3rnf\u00e6ra a\u00f0 morgni dags, en hinu eftir s\u00f3larlag.<a name=\"40\"><span class=\"versanumer\">40<\/span><\/a>Me\u00f0 \u00f6\u00f0ru lambinu skal hafa t\u00edunda part af hveiti, bl\u00f6ndu\u00f0u vi\u00f0 fj\u00f3r\u00f0ung h\u00ednar af steyttu vi\u00f0smj\u00f6ri, og til dreypif\u00f3rnar fj\u00f3r\u00f0ung h\u00ednar af v\u00edni;<a name=\"41\"><span class=\"versanumer\">41<\/span><\/a>hinu lambinu skaltu f\u00f3rnf\u00e6ra eftir s\u00f3larfall, og hafa vi\u00f0 s\u00f6mu matarf\u00f3rn og dreypif\u00f3rn, sem um morguninn, til \u00feakkn\u00e6milegs ilms, til \u00fe\u00e6gilegrar f\u00f3rnar fyrir Drottni.<a name=\"42\"><span class=\"versanumer\">42<\/span><\/a>\u00deetta er s\u00fa daglega brennif\u00f3rn, sem y\u00f0ar ni\u00f0jar skulu f\u00f3rnf\u00e6ra fyrir dyrum samkundutjaldb\u00fa\u00f0arinnar \u00ed augs\u00fdn Drottins; \u00fear vil eg koma \u00e1 y\u00f0varn fund, til a\u00f0 tala \u00fear vi\u00f0 \u00feig:<a name=\"43\"><span class=\"versanumer\">43<\/span><\/a>\u00fear vil eg eiga fund vi\u00f0 \u00cdsraelsmenn, og \u00feessi sta\u00f0ur skal helgast af minni d\u00fdr\u00f0;<a name=\"44\"><span class=\"versanumer\">44<\/span><\/a>eg vil helga samkundutjaldb\u00fa\u00f0ina og altari\u00f0, eg vil helga Aron og sonu hans til a\u00f0 vera m\u00edna kennimenn;<a name=\"45\"><span class=\"versanumer\">45<\/span><\/a>eg vil b\u00faa \u00e1 me\u00f0al \u00cdsraelsmanna, og vera \u00feeirra Gu\u00f0;<a name=\"46\"><span class=\"versanumer\">46<\/span><\/a>\u00feeir skulu vi\u00f0urkenna, a\u00f0 eg em Drottinn, \u00feeirra Gu\u00f0, sem \u00fatleiddi \u00fe\u00e1 af Egyptalandi, til \u00feess eg m\u00e6tti b\u00faa me\u00f0al \u00feeirra. Eg em Drottinn, Gu\u00f0 \u00feeirra.<\/p>\n<div class=\"footnoteVidey\"><\/div>\n","protected":false},"excerpt":{"rendered":"<p>V\u00edgsla prestanna. S\u00fa daglega f\u00f3rn. 1\u00deetta er s\u00fa reglugj\u00f6r\u00f0, sem \u00fe\u00fa skalt fylgja, \u00feegar \u00fe\u00fa v\u00edgir \u00fe\u00e1 til a\u00f0 vera m\u00edna kennimenn: tak ungan uxa og tvo hr\u00fata gallalausa;2s\u00f6mulei\u00f0is \u00f3s\u00fdrt brau\u00f0, \u00f3s\u00fdr\u00f0ar k\u00f6kur vi\u00f0smj\u00f6ri stokknar, og \u00f3s\u00fdr\u00f0a hleifa smur\u00f0a me\u00f0 vi\u00f0smj\u00f6ri; \u00feetta skaltu gj\u00f6ra af hveiti.3\u00de\u00fa skalt l\u00e1ta \u00feetta \u00ed eina k\u00f6rfu, og bera \u00fea\u00f0 fram \u00ed k\u00f6rfunni, og lei\u00f0a fram uxann og b\u00e1\u00f0a hr\u00fatana;4\u00fe\u00e1 skaltu lei\u00f0a Aron og syni hans fyrir dyr samkundutjaldb\u00fa\u00f0arinnar, og lauga \u00fe\u00e1 \u00ed vatni;5s\u00ed\u00f0an skaltu taka kl\u00e6\u00f0in, og f\u00e6ra Aron \u00ed serkinn og h\u00f6kulkyrtilinn og \u00ed h\u00f6kulinn og brj\u00f3stskj\u00f6ldinn, og gir\u00f0a hann me\u00f0 h\u00f6kulbeltinu.6\u00de\u00e1 skaltu <a href=\"https:\/\/biblian.is\/videy\/onnur-mosebok-29-kafli\/\"> [&#8230;]<\/a><\/p>\n","protected":false},"author":1,"featured_media":0,"parent":0,"menu_order":0,"comment_status":"open","ping_status":"open","template":"bibliukaflar.php","meta":{"footnotes":""},"class_list":["post-20928","page","type-page","status-publish","hentry"],"_links":{"self":[{"href":"https:\/\/biblian.is\/videy\/wp-json\/wp\/v2\/pages\/20928","targetHints":{"allow":["GET"]}}],"collection":[{"href":"https:\/\/biblian.is\/videy\/wp-json\/wp\/v2\/pages"}],"about":[{"href":"https:\/\/biblian.is\/videy\/wp-json\/wp\/v2\/types\/page"}],"author":[{"embeddable":true,"href":"https:\/\/biblian.is\/videy\/wp-json\/wp\/v2\/users\/1"}],"replies":[{"embeddable":true,"href":"https:\/\/biblian.is\/videy\/wp-json\/wp\/v2\/comments?post=20928"}],"version-history":[{"count":0,"href":"https:\/\/biblian.is\/videy\/wp-json\/wp\/v2\/pages\/20928\/revisions"}],"wp:attachment":[{"href":"https:\/\/biblian.is\/videy\/wp-json\/wp\/v2\/media?parent=20928"}],"curies":[{"name":"wp","href":"https:\/\/api.w.org\/{rel}","templated":true}]}}