{"id":20924,"date":"2018-01-02T00:59:30","date_gmt":"2018-01-02T00:59:30","guid":{"rendered":"http:\/\/biblian.is\/videy\/onnur-mosebok-25-kafli\/"},"modified":"2018-01-02T00:59:30","modified_gmt":"2018-01-02T00:59:30","slug":"onnur-mosebok-25-kafli","status":"publish","type":"page","link":"https:\/\/biblian.is\/videy\/onnur-mosebok-25-kafli\/","title":{"rendered":"\u00d6nnur M\u00f3seb\u00f3k 25. kafli"},"content":{"rendered":"<div class=\"fyrirsognVidey\">G\u00e1fur til helgid\u00f3msgj\u00f6r\u00f0arinnar. Um \u00f6rkina, arkarloki\u00f0, sko\u00f0unarbor\u00f0i\u00f0 og lj\u00f3sahj\u00e1lminn.<\/div>\n<p><a name=\"1\"><span class=\"versanumer\">1<\/span><\/a>Drottinn m\u00e6lti vi\u00f0 M\u00f3ses, og sag\u00f0i:<a name=\"2\"><span class=\"versanumer\">2<\/span><\/a>seg \u00cdsraelsm\u00f6nnum, a\u00f0 \u00feeir velji m\u00e9r upplyftingarf\u00f3rn, og skulu \u00feeir \u00fe\u00e1 f\u00f3rn taka af hv\u00f6rjum \u00feeim, sem hana veitir af lj\u00fafum huga.<a name=\"3\"><span class=\"versanumer\">3<\/span><\/a>S\u00fa upplyftingarf\u00f3rn, sem \u00fe\u00e9r skulu\u00f0 taka af \u00feeim, skal vera gull, silfur, eir,<a name=\"4\"><span class=\"versanumer\">4<\/span><\/a>d\u00f6kkbl\u00e1 ull, purpuri, skarlat, hv\u00edt vi\u00f0arull, geitah\u00e1r,<a name=\"5\"><span class=\"versanumer\">5<\/span><\/a>rau\u00f0litu\u00f0 hr\u00fataskinn, selskinn, belg\u00feornsvi\u00f0ur,<a name=\"6\"><span class=\"versanumer\">6<\/span><\/a>vi\u00f0smj\u00f6r til lj\u00f3sa, ilmjurtir til smurningarvi\u00f0smj\u00f6rs og ilmreykelsis,<a name=\"7\"><span class=\"versanumer\">7<\/span><\/a>sardonyxsteinar og v\u00edgslusteinar til h\u00f6kulsins og brj\u00f3stskjaldarins.<a name=\"8\"><span class=\"versanumer\">8<\/span><\/a>\u00deeir skulu gj\u00f6ra m\u00e9r helgid\u00f3m, a\u00f0 eg b\u00fai \u00e1 me\u00f0al \u00feeirra,<a name=\"9\"><span class=\"versanumer\">9<\/span><\/a>\u00ed \u00f6llum greinum eftir \u00feeirri fyrirmynd tjaldb\u00fa\u00f0arinnar og allra hennar \u00e1halda, sem eg mun s\u00fdna \u00fe\u00e9r; \u00feannig skulu \u00fe\u00e9r hann tilb\u00faa:<br \/><a name=\"10\"><span class=\"versanumer\">10<\/span><\/a>\u00deeir skulu gj\u00f6ra \u00f6rk af belg\u00feornsvi\u00f0i; h\u00fan skal vera h\u00e1lfrar \u00feri\u00f0ju \u00e1lnar a\u00f0 lengd, h\u00e1lfrar annarrar \u00e1lnar a\u00f0 breidd, og h\u00e1lfrar annarrar \u00e1lnar \u00e1 h\u00e6\u00f0.<a name=\"11\"><span class=\"versanumer\">11<\/span><\/a>Hana skaltu gullb\u00faa utan og innan me\u00f0 sk\u00edru gulli, og \u00e1 henni ofanver\u00f0ri skaltu gj\u00f6ra r\u00f6nd af gulli umhverfis.<a name=\"12\"><span class=\"versanumer\">12<\/span><\/a>\u00de\u00fa skalt steypa til arkarinnar fj\u00f3ra hringa af gulli, og setja \u00fe\u00e1 \u00ed horn hennar, tvo hringa annars vegar, og tvo hins vegar.<a name=\"13\"><span class=\"versanumer\">13<\/span><\/a>\u00de\u00fa skalt gj\u00f6ra \u00e1sa af belg\u00feornsvi\u00f0i, og gullb\u00faa \u00fe\u00e1;<a name=\"14\"><span class=\"versanumer\">14<\/span><\/a>s\u00ed\u00f0an skaltu smeygja \u00e1sunum \u00ed \u00fe\u00e1 hringa, sem eru \u00e1 hli\u00f0vegum arkarinnar, svo hana megi bera \u00e1 \u00feeim;<a name=\"15\"><span class=\"versanumer\">15<\/span><\/a>skulu \u00e1sarnir vera kyrrir \u00ed hringum arkarinnar, og ekki takast \u00fea\u00f0an.<a name=\"16\"><span class=\"versanumer\">16<\/span><\/a>\u00de\u00fa skalt leggja ni\u00f0ur \u00ed \u00f6rkina l\u00f6g \u00feau, er eg mun f\u00e1 \u00fe\u00e9r \u00ed hendur. <br \/><a name=\"17\"><span class=\"versanumer\">17<\/span><\/a>\u00de\u00fa skalt og gj\u00f6ra lok af sk\u00edru gulli, h\u00e1lfrar \u00feri\u00f0ju \u00e1lnar langt, og h\u00e1lfrar annarrar \u00e1lnar breitt.<a name=\"18\"><span class=\"versanumer\">18<\/span><\/a>\u00c1 hv\u00f6rumtveggja loksendanum skaltu gj\u00f6ra tvo ker\u00faba; \u00fe\u00e1 skaltu b\u00faa til af drifnu gulli,<a name=\"19\"><span class=\"versanumer\">19<\/span><\/a>og l\u00e1t annan ker\u00fabinn vera \u00e1 loksendanum annars vegar, en hinn \u00e1 hinum endanum, svo a\u00f0 \u00fe\u00e9r l\u00e1ti\u00f0 ker\u00fabana vera upp af lokinu \u00e1 b\u00e1\u00f0um endum \u00feess.<a name=\"20\"><span class=\"versanumer\">20<\/span><\/a>\u00deessir ker\u00fabar skulu vera me\u00f0 \u00fatbreiddum v\u00e6ngjum yfir upp \u00ed, svo a\u00f0 \u00feeir hylji loki\u00f0 me\u00f0 v\u00e6ngjunum, skulu andlit \u00feeirra sn\u00faa hv\u00f6rt \u00ed m\u00f3t \u00f6\u00f0ru og horfa upp \u00e1 loki\u00f0.<a name=\"21\"><span class=\"versanumer\">21<\/span><\/a>\u00de\u00fa skalt setja loki\u00f0 ofan \u00e1 \u00f6rkina, og leggja ni\u00f0ur \u00ed \u00f6rkina \u00feau l\u00f6g, sem eg mun f\u00e1 \u00fe\u00e9r.<a name=\"22\"><span class=\"versanumer\">22<\/span><\/a>\u00dear vil eg vitrast \u00fe\u00e9r, og ofan af arkarlokinu millum beggja ker\u00fabanna, sem standa uppi \u00e1 l\u00f6gm\u00e1ls\u00f6rkinni, vil eg birta \u00fe\u00e9r allar \u00fe\u00e6r skipanir, sem eg vil l\u00e1ta \u00feig kunngj\u00f6ra \u00cdsraelsm\u00f6nnum.<br \/><a name=\"23\"><span class=\"versanumer\">23<\/span><\/a>\u00de\u00fa skalt og gj\u00f6ra bor\u00f0 af belg\u00feornsvi\u00f0i, tveggja \u00e1lna langt, \u00e1lnar breitt, og h\u00e1lfrar annarrar \u00e1lna h\u00e1tt;<a name=\"24\"><span class=\"versanumer\">24<\/span><\/a>\u00fe\u00fa skalt b\u00faa \u00fea\u00f0 me\u00f0 sk\u00edru gulli, og gj\u00f6ra<a name=\"25\"><span class=\"versanumer\">25<\/span><\/a>umhverfis \u00e1 \u00fev\u00ed r\u00f6nd af gulli; umhverfis um \u00fea\u00f0 skaltu leggja lista \u00feverhandarbrei\u00f0an, og b\u00faa til r\u00f6nd af gulli umhverfis \u00e1 listanum.<a name=\"26\"><span class=\"versanumer\">26<\/span><\/a>\u00de\u00e1 skaltu gj\u00f6ra fj\u00f3ra hringa af gulli, og setja hringana \u00ed \u00feau fj\u00f6gur horn, sem eru \u00e1 fj\u00f3rum f\u00f3tum bor\u00f0sins;<a name=\"27\"><span class=\"versanumer\">27<\/span><\/a>skulu hringar \u00feessir vera \u00e1 samkomum\u00f3tum listanna, svo \u00fear \u00ed ver\u00f0i smeygt \u00e1sum til a\u00f0 bera bor\u00f0i\u00f0 \u00e1;<a name=\"28\"><span class=\"versanumer\">28<\/span><\/a>\u00e1sana skaltu b\u00faa til af belg\u00feornsvi\u00f0i, og gullb\u00faa \u00fe\u00e1; \u00e1 \u00feeim \u00e1sum skal bera bor\u00f0i\u00f0.<a name=\"29\"><span class=\"versanumer\">29<\/span><\/a>F\u00f6t \u00feau, sem bor\u00f0inu til heyra, sk\u00e1lar, bolla, og dreypiker \u00feau, sem til dreypif\u00f3rnar eru h\u00f6f\u00f0, \u00fea\u00f0 skaltu allt gj\u00f6ra af sk\u00edru gulli;<a name=\"30\"><span class=\"versanumer\">30<\/span><\/a>\u00fe\u00fa skalt \u00e6t\u00ed\u00f0 leggja sko\u00f0unarbrau\u00f0 \u00e1 \u00feetta bor\u00f0 frammi fyrir m\u00e9r.<\/p>\n<p><a name=\"31\"><span class=\"versanumer\">31<\/span><\/a>\u00dear n\u00e6st skaltu gj\u00f6ra lj\u00f3sahj\u00e1lm af sk\u00edru gulli, hann skal gj\u00f6r\u00f0ur vera af drifverki; m\u00f6ndulinn, liljurnar, sk\u00e1larnar, knapparnir og laufin skulu vera samgj\u00f6rvingar.<a name=\"32\"><span class=\"versanumer\">32<\/span><\/a>Sex liljur skulu liggja \u00fat fr\u00e1 lj\u00f3sahj\u00e1lminum, \u00ferj\u00e1r liljur \u00f6\u00f0rumegin, og \u00ferj\u00e1r hinumegin;<a name=\"33\"><span class=\"versanumer\">33<\/span><\/a>\u00e1 einni liljunni skulu vera \u00ferj\u00e1r sk\u00e1lar, \u00ed l\u00f6gun sem mandelshvolf, me\u00f0 kn\u00f6ppum og laufum; \u00e1 n\u00e6stu lilju skulu og vera \u00ferj\u00e1r sk\u00e1lar, \u00ed l\u00f6gun sem mandelshvolf, me\u00f0 kn\u00f6ppum og laufum; og svo skal vera \u00e1 \u00f6llum 6 liljunum, sem \u00fat liggja fr\u00e1 lj\u00f3sahj\u00e1lminum.<a name=\"34\"><span class=\"versanumer\">34<\/span><\/a>\u00c1 sj\u00e1lfum m\u00f6ndlinum skulu vera fj\u00f3rar sk\u00e1lar, \u00ed l\u00f6gun sem mandelshv\u00f6lf, me\u00f0 kn\u00f6ppum og laufum;<a name=\"35\"><span class=\"versanumer\">35<\/span><\/a>skal einn knappurinn vera undir tveimur liljunum, og samgj\u00f6r vi\u00f0 m\u00f6ndulinn, og annar samgj\u00f6r knappur undir tveimur n\u00e6stu liljum, \u00fe\u00e1 skal enn knappur vera undir hinum tveimur liljunum, og enn samgj\u00f6rr; \u00fea\u00f0 eru \u00fer\u00edr knappar fyrir \u00fe\u00e6r sex liljur, sem \u00fat liggja fr\u00e1 lj\u00f3sastikunni.<a name=\"36\"><span class=\"versanumer\">36<\/span><\/a>Knapparnir og liljurnar skulu vera samgj\u00f6rvingar; allt skal \u00fea\u00f0 gj\u00f6rt vera af einl\u00e6gu drifverki, og af sk\u00edru gulli.<a name=\"37\"><span class=\"versanumer\">37<\/span><\/a>\u00de\u00fa skalt gj\u00f6ra 7 lampa me\u00f0 lj\u00f3sahj\u00e1lminum, og skaltu svo upp setja lampana, a\u00f0 \u00fe\u00fa l\u00e1tir \u00fe\u00e1 sk\u00edna \u00e1 framanver\u00f0an hj\u00e1lminn;<a name=\"38\"><span class=\"versanumer\">38<\/span><\/a>lj\u00f3sas\u00f6x og skarp\u00f6nnur, sem hj\u00e1lminum fylgja, skulu vera af sk\u00edru gulli.<a name=\"39\"><span class=\"versanumer\">39<\/span><\/a>Hj\u00e1lmurinn me\u00f0 \u00f6llum \u00feessum umb\u00fana\u00f0i skal gj\u00f6rast af einni v\u00e6tt sk\u00edrs gulls,<a name=\"40\"><span class=\"versanumer\">40<\/span><\/a>og sj\u00e1 svo til, a\u00f0 \u00fe\u00fa gj\u00f6rir hann eftir \u00feeirri fyrirmynd, sem \u00fe\u00e9r var s\u00fdnd \u00e1 fjallinu.<\/p>\n<div class=\"footnoteVidey\">V. 5. Belg\u00feornsvi\u00f0ur er st\u00f3r, grein\u00f3tt tr\u00e9 \u00ed Egyptalandi og Arab\u00edu; b\u00f6rkur \u00feess er alsettur sv\u00f6rtum \u00feornbroddum; bl\u00f3mi\u00f0 gulleitt, ilmanda, og \u00fe\u00e1 \u00fea\u00f0 fellur, ver\u00f0a eftir svartleitir belgir, \u00e1\u00feekkir baunah\u00fd\u00f0i; \u00feegar tr\u00e9\u00f0 eldist, ver\u00f0ur \u00fea\u00f0 n\u00e6stum eins svart og ebentr\u00e9, og mj\u00f6g hart; af \u00feessu tr\u00e9 f\u00e6st hin svonefnda arabiska kvo\u00f0a (gummi arabicum).<\/div>\n","protected":false},"excerpt":{"rendered":"<p>G\u00e1fur til helgid\u00f3msgj\u00f6r\u00f0arinnar. Um \u00f6rkina, arkarloki\u00f0, sko\u00f0unarbor\u00f0i\u00f0 og lj\u00f3sahj\u00e1lminn. 1Drottinn m\u00e6lti vi\u00f0 M\u00f3ses, og sag\u00f0i:2seg \u00cdsraelsm\u00f6nnum, a\u00f0 \u00feeir velji m\u00e9r upplyftingarf\u00f3rn, og skulu \u00feeir \u00fe\u00e1 f\u00f3rn taka af hv\u00f6rjum \u00feeim, sem hana veitir af lj\u00fafum huga.3S\u00fa upplyftingarf\u00f3rn, sem \u00fe\u00e9r skulu\u00f0 taka af \u00feeim, skal vera gull, silfur, eir,4d\u00f6kkbl\u00e1 ull, purpuri, skarlat, hv\u00edt vi\u00f0arull, geitah\u00e1r,5rau\u00f0litu\u00f0 hr\u00fataskinn, selskinn, belg\u00feornsvi\u00f0ur,6vi\u00f0smj\u00f6r til lj\u00f3sa, ilmjurtir til smurningarvi\u00f0smj\u00f6rs og ilmreykelsis,7sardonyxsteinar og v\u00edgslusteinar til h\u00f6kulsins og brj\u00f3stskjaldarins.8\u00deeir skulu gj\u00f6ra m\u00e9r helgid\u00f3m, a\u00f0 eg b\u00fai \u00e1 me\u00f0al \u00feeirra,9\u00ed \u00f6llum greinum eftir \u00feeirri fyrirmynd tjaldb\u00fa\u00f0arinnar og allra hennar \u00e1halda, sem eg mun s\u00fdna \u00fe\u00e9r; \u00feannig skulu \u00fe\u00e9r hann tilb\u00faa:10\u00deeir <a href=\"https:\/\/biblian.is\/videy\/onnur-mosebok-25-kafli\/\"> [&#8230;]<\/a><\/p>\n","protected":false},"author":1,"featured_media":0,"parent":0,"menu_order":0,"comment_status":"open","ping_status":"open","template":"bibliukaflar.php","meta":{"footnotes":""},"class_list":["post-20924","page","type-page","status-publish","hentry"],"_links":{"self":[{"href":"https:\/\/biblian.is\/videy\/wp-json\/wp\/v2\/pages\/20924","targetHints":{"allow":["GET"]}}],"collection":[{"href":"https:\/\/biblian.is\/videy\/wp-json\/wp\/v2\/pages"}],"about":[{"href":"https:\/\/biblian.is\/videy\/wp-json\/wp\/v2\/types\/page"}],"author":[{"embeddable":true,"href":"https:\/\/biblian.is\/videy\/wp-json\/wp\/v2\/users\/1"}],"replies":[{"embeddable":true,"href":"https:\/\/biblian.is\/videy\/wp-json\/wp\/v2\/comments?post=20924"}],"version-history":[{"count":0,"href":"https:\/\/biblian.is\/videy\/wp-json\/wp\/v2\/pages\/20924\/revisions"}],"wp:attachment":[{"href":"https:\/\/biblian.is\/videy\/wp-json\/wp\/v2\/media?parent=20924"}],"curies":[{"name":"wp","href":"https:\/\/api.w.org\/{rel}","templated":true}]}}