{"id":20920,"date":"2018-01-02T00:59:30","date_gmt":"2018-01-02T00:59:30","guid":{"rendered":"http:\/\/biblian.is\/videy\/onnur-mosebok-21-kafli\/"},"modified":"2018-01-02T00:59:30","modified_gmt":"2018-01-02T00:59:30","slug":"onnur-mosebok-21-kafli","status":"publish","type":"page","link":"https:\/\/biblian.is\/videy\/onnur-mosebok-21-kafli\/","title":{"rendered":"\u00d6nnur M\u00f3seb\u00f3k 21. kafli"},"content":{"rendered":"<div class=\"fyrirsognVidey\">L\u00f6g um \u00fer\u00e6la, v\u00edg, mei\u00f0slur og fleira.<\/div>\n<p><a name=\"1\"><span class=\"versanumer\">1<\/span><\/a>\u00deetta er s\u00e1 lagar\u00e9ttur, sem \u00fe\u00fa skalt setja \u00feeim:<a name=\"2\"><span class=\"versanumer\">2<\/span><\/a>Ef \u00fe\u00fa kaupir ebreskan \u00fer\u00e6l, \u00fe\u00e1 skal hann \u00fej\u00f3na \u00fe\u00e9r 6 \u00e1r, en \u00e1 7da \u00e1ri skal hann fara frj\u00e1ls \u00f3keypis.<a name=\"3\"><span class=\"versanumer\">3<\/span><\/a>Ef hann kom einhleypur til \u00fe\u00edn, \u00fe\u00e1 skal hann og einhleypur fara fr\u00e1 \u00fe\u00e9r; en hafi hann kvonga\u00f0ur veri\u00f0, \u00fe\u00e1 skal kona hans fara frj\u00e1ls me\u00f0 honum.<a name=\"4\"><span class=\"versanumer\">4<\/span><\/a>Ef h\u00fassb\u00f3ndi hans hefir fengi\u00f0 honum konu, og hafi h\u00fan f\u00e6tt honum sonu e\u00f0a d\u00e6tur, \u00fe\u00e1 skal konan og b\u00f6rnin heyra h\u00fassb\u00f3nda s\u00ednum til, en hann skal fara frj\u00e1ls einhleypur.<a name=\"5\"><span class=\"versanumer\">5<\/span><\/a>En ef \u00fer\u00e6llinn segir: eg elska h\u00fassb\u00f3nda minn, konu m\u00edna og b\u00f6rn m\u00edn, og vil eg \u00fev\u00ed ekki vera frj\u00e1ls;<a name=\"6\"><span class=\"versanumer\">6<\/span><\/a>\u00fe\u00e1 skal h\u00fassb\u00f3ndi hans f\u00e6ra hann til Gu\u00f0s <span class='VideyAth'>(fyrir Gu\u00f0s d\u00f3mst\u00f3l *)<\/span>, og lei\u00f0a hann a\u00f0 dyrunum e\u00f0a a\u00f0 dyrustafnum, og skal h\u00fassb\u00f3ndi hans stinga al \u00ed gegnum eyra hans, og skal hann s\u00ed\u00f0an vera \u00fer\u00e6ll \u00e6vilangt.<a name=\"7\"><span class=\"versanumer\">7<\/span><\/a>Ef ma\u00f0ur selur d\u00f3ttur s\u00edna til amb\u00e1ttar, \u00fe\u00e1 skal h\u00fan ekki fara frj\u00e1ls eins og \u00fer\u00e6lar.<a name=\"8\"><span class=\"versanumer\">8<\/span><\/a>Hafi h\u00fassb\u00f3ndi hennar fastna\u00f0 s\u00e9r hana og \u00fe\u00f3knast h\u00fan honum ekki s\u00ed\u00f0an, \u00fe\u00e1 gefi hann kost \u00e1 a\u00f0 h\u00fan s\u00e9 keypt \u00ed frelsi; ekki skal hann hafa vald til a\u00f0 selja hana \u00fatlenskum m\u00f6nnum, fyrst hann br\u00e1 vi\u00f0 hana eiginor\u00f0i.<a name=\"9\"><span class=\"versanumer\">9<\/span><\/a>En ef hann fastnar hana syni s\u00ednum, \u00fe\u00e1 gj\u00f6ri hann vi\u00f0 hana sem d\u00e6tur s\u00ednar;<a name=\"10\"><span class=\"versanumer\">10<\/span><\/a>n\u00fa tekur hann s\u00e9r a\u00f0ra konu, \u00fe\u00e1 skal hann ekki minnka af vi\u00f0 hana \u00ed kosti e\u00f0a kl\u00e6\u00f0na\u00f0i e\u00f0a samb\u00fa\u00f0;<a name=\"11\"><span class=\"versanumer\">11<\/span><\/a>veiti hann henni ekki \u00feetta \u00ferennt, \u00fe\u00e1 fari h\u00fan frj\u00e1ls \u00f3keypis og gjaldi ekki f\u00e9 fyrir sig. <br \/><a name=\"12\"><span class=\"versanumer\">12<\/span><\/a>Hv\u00f6r sem l\u00fdstur mann, svo hann f\u00e6r bana af, l\u00e1ti l\u00edf sitt;<a name=\"13\"><span class=\"versanumer\">13<\/span><\/a>en ef hann hefur ekki seti\u00f0 um l\u00edf hans, og hafi Gu\u00f0 l\u00e1ti\u00f0 hann falla \u00ed hans hendur, \u00fe\u00e1 skal eg \u00e1kve\u00f0a gri\u00f0asta\u00f0 handa honum.<a name=\"14\"><span class=\"versanumer\">14<\/span><\/a>En ver\u00f0i nokkur svo djarfur, a\u00f0 hann drepi n\u00e1unga sinn me\u00f0 svikum, \u00fe\u00e1 skaltu jafnvel taka hann fr\u00e1 altari m\u00ednu, svo hann ver\u00f0i l\u00edfl\u00e1tinn.<a name=\"15\"><span class=\"versanumer\">15<\/span><\/a>Hv\u00f6r sem sl\u00e6r f\u00f6\u00f0ur e\u00f0a m\u00f3\u00f0ur, l\u00e1ti l\u00edf sitt.<a name=\"16\"><span class=\"versanumer\">16<\/span><\/a>Hv\u00f6r sem stelur manni og selur hann, e\u00f0a hann finnst undir hans v\u00f6rslu, hann l\u00e1ti l\u00edf sitt.<a name=\"17\"><span class=\"versanumer\">17<\/span><\/a>Hv\u00f6r sem b\u00f6lvar f\u00f6\u00f0ur e\u00f0a m\u00f3\u00f0ur, l\u00e1ti l\u00edf sitt.<a name=\"18\"><span class=\"versanumer\">18<\/span><\/a>Ef menn deila, og l\u00fdstur annar annan steini e\u00f0a knefa, og f\u00e6r hinn ekki bana af, heldur leggst \u00ed rekkju;<a name=\"19\"><span class=\"versanumer\">19<\/span><\/a>n\u00fa ef hann kemst \u00e1 f\u00e6tur og gengur \u00fati vi\u00f0 staf, \u00fe\u00e1 s\u00e9 s\u00e1 s\u00fdkn saka, er laust, og b\u00e6ti honum a\u00f0eins verkafall og kosti gr\u00e6\u00f0slu hans.<a name=\"20\"><span class=\"versanumer\">20<\/span><\/a>Ef ma\u00f0ur l\u00fdstur \u00fer\u00e6l sinn e\u00f0a amb\u00e1tt me\u00f0 barefli, svo a\u00f0 hann l\u00e6st undir hendi hans, \u00fe\u00e1 skal hann taka refsingu fyrir;<a name=\"21\"><span class=\"versanumer\">21<\/span><\/a>en ef hann er me\u00f0 l\u00edfi einn dag e\u00f0a tvo, \u00fe\u00e1 skal hann \u00f6ngri refsingu s\u00e6ta; \u00fev\u00ed \u00fer\u00e6llinn er eign hans.<a name=\"22\"><span class=\"versanumer\">22<\/span><\/a>Ef menn flj\u00fagast \u00e1, og sl\u00e6r einhv\u00f6r \u00f3l\u00e9tta konu, svo henni leysist h\u00f6fn, og ver\u00f0ur ekki anna\u00f0 mein af, \u00fe\u00e1 haldi hann b\u00f3tum uppi, sl\u00edkum sem b\u00f3ndi konunnar kve\u00f0ur \u00e1 hann, og grei\u00f0i b\u00e6turnar \u00ed vi\u00f0urvist gj\u00f6r\u00f0armanna.<a name=\"23\"><span class=\"versanumer\">23<\/span><\/a>En ef ska\u00f0i hl\u00fdst af, \u00fe\u00e1 skalt\u00fa l\u00e1ta l\u00edf fyrir l\u00edf,<a name=\"24\"><span class=\"versanumer\">24<\/span><\/a>auga fyrir auga, t\u00f6nn fyrir t\u00f6nn, h\u00f6nd fyrir h\u00f6nd, f\u00f3t fyrir f\u00f3t,<a name=\"25\"><span class=\"versanumer\">25<\/span><\/a>taka bruna fyrir bruna, s\u00e1r fyrir s\u00e1r, k\u00falu fyrir k\u00falu.<a name=\"26\"><span class=\"versanumer\">26<\/span><\/a>Ef ma\u00f0ur sl\u00e6r \u00fer\u00e6l \u00feinn e\u00f0a amb\u00e1tt \u00e1 auga, svo a\u00f0 auga\u00f0 ver\u00f0ur \u00f3n\u00fdtt, \u00fe\u00e1 gefi honum frelsi sitt fyrir auga\u00f0;<a name=\"27\"><span class=\"versanumer\">27<\/span><\/a>og ef hann l\u00fdstur t\u00f6nn \u00far \u00fer\u00e6li s\u00ednum e\u00f0a amb\u00e1tt, \u00fe\u00e1 l\u00e1ti hann \u00feau fara frj\u00e1ls fyrir t\u00f6nn s\u00edna. <br \/><a name=\"28\"><span class=\"versanumer\">28<\/span><\/a>Ef uxi stangar mann e\u00f0ur kvinnu til bana, \u00fe\u00e1 skal gr\u00fdta uxann \u00ed hel og ekki neyta sl\u00e1tursins, og er eigandi uxans \u00fe\u00e1 s\u00fdkn saka.<a name=\"29\"><span class=\"versanumer\">29<\/span><\/a>En hafi uxinn veri\u00f0 mann\u00fdgur \u00e1\u00f0ur, og eigandi veri\u00f0 l\u00e1tinn vita \u00fea\u00f0 me\u00f0 vitnum, og geymir hann ekki uxans a\u00f0 heldur, svo hann ver\u00f0ur manni e\u00f0a konu a\u00f0 bana, \u00fe\u00e1 skal gr\u00fdta uxann, en eigandi l\u00e1ti l\u00edf sitt;<a name=\"30\"><span class=\"versanumer\">30<\/span><\/a>en gj\u00f6rist honum a\u00f0 b\u00e6ta me\u00f0 f\u00e9, \u00fe\u00e1 leysi hann l\u00edf sitt me\u00f0 svo miklum b\u00f3tum, sem \u00e1kve\u00f0nar ver\u00f0a;<a name=\"31\"><span class=\"versanumer\">31<\/span><\/a>hv\u00f6rt sem uxinn stangar son e\u00f0a d\u00f3ttur til bana, skal sama v\u00edti vi\u00f0 liggja.<a name=\"32\"><span class=\"versanumer\">32<\/span><\/a>En ef uxinn stangar \u00fer\u00e6l manns e\u00f0ur amb\u00e1tt, \u00fe\u00e1 skal eigandi gjalda h\u00fassb\u00f3nda \u00feeirra 30 sikla silfurs, og skal gr\u00fdta uxann.<a name=\"33\"><span class=\"versanumer\">33<\/span><\/a>Ef ma\u00f0ur opnar gryfju e\u00f0a grefur gr\u00f6f, og byrgir ei aftur, og fellur \u00fear \u00ed uxi e\u00f0a asni,<a name=\"34\"><span class=\"versanumer\">34<\/span><\/a>\u00fe\u00e1 skal s\u00e1, er gryfjuna gj\u00f6r\u00f0i, gjalda f\u00e9b\u00e6tur, og f\u00e6ra eigandanum, en hafa sj\u00e1lfur hi\u00f0 dau\u00f0a.<a name=\"35\"><span class=\"versanumer\">35<\/span><\/a>Ef uxi manns stangar uxa annars manns til bana, \u00fe\u00e1 skulu \u00feeir selja \u00feann uxann, sem lifir, og skipta me\u00f0 s\u00e9r b\u00e6\u00f0i silfrinu og eins hinum dau\u00f0a uxanum;<a name=\"36\"><span class=\"versanumer\">36<\/span><\/a>en ef \u00fea\u00f0 var kunnugt, a\u00f0 uxinn var mann\u00fdgur \u00e1\u00f0ur, og eigandi g\u00e6tir hans ekki a\u00f0 heldur, \u00fe\u00e1 b\u00e6ti hann uxa fyrir uxa, en hafi sj\u00e1lfur \u00feann dau\u00f0a.<\/p>\n<div class=\"footnoteVidey\">*) 5 M\u00f3s. 19,17.<\/div>\n","protected":false},"excerpt":{"rendered":"<p>L\u00f6g um \u00fer\u00e6la, v\u00edg, mei\u00f0slur og fleira. 1\u00deetta er s\u00e1 lagar\u00e9ttur, sem \u00fe\u00fa skalt setja \u00feeim:2Ef \u00fe\u00fa kaupir ebreskan \u00fer\u00e6l, \u00fe\u00e1 skal hann \u00fej\u00f3na \u00fe\u00e9r 6 \u00e1r, en \u00e1 7da \u00e1ri skal hann fara frj\u00e1ls \u00f3keypis.3Ef hann kom einhleypur til \u00fe\u00edn, \u00fe\u00e1 skal hann og einhleypur fara fr\u00e1 \u00fe\u00e9r; en hafi hann kvonga\u00f0ur veri\u00f0, \u00fe\u00e1 skal kona hans fara frj\u00e1ls me\u00f0 honum.4Ef h\u00fassb\u00f3ndi hans hefir fengi\u00f0 honum konu, og hafi h\u00fan f\u00e6tt honum sonu e\u00f0a d\u00e6tur, \u00fe\u00e1 skal konan og b\u00f6rnin heyra h\u00fassb\u00f3nda s\u00ednum til, en hann skal fara frj\u00e1ls einhleypur.5En ef \u00fer\u00e6llinn segir: eg elska h\u00fassb\u00f3nda minn, konu m\u00edna <a href=\"https:\/\/biblian.is\/videy\/onnur-mosebok-21-kafli\/\"> [&#8230;]<\/a><\/p>\n","protected":false},"author":1,"featured_media":0,"parent":0,"menu_order":0,"comment_status":"open","ping_status":"open","template":"bibliukaflar.php","meta":{"footnotes":""},"class_list":["post-20920","page","type-page","status-publish","hentry"],"_links":{"self":[{"href":"https:\/\/biblian.is\/videy\/wp-json\/wp\/v2\/pages\/20920","targetHints":{"allow":["GET"]}}],"collection":[{"href":"https:\/\/biblian.is\/videy\/wp-json\/wp\/v2\/pages"}],"about":[{"href":"https:\/\/biblian.is\/videy\/wp-json\/wp\/v2\/types\/page"}],"author":[{"embeddable":true,"href":"https:\/\/biblian.is\/videy\/wp-json\/wp\/v2\/users\/1"}],"replies":[{"embeddable":true,"href":"https:\/\/biblian.is\/videy\/wp-json\/wp\/v2\/comments?post=20920"}],"version-history":[{"count":0,"href":"https:\/\/biblian.is\/videy\/wp-json\/wp\/v2\/pages\/20920\/revisions"}],"wp:attachment":[{"href":"https:\/\/biblian.is\/videy\/wp-json\/wp\/v2\/media?parent=20920"}],"curies":[{"name":"wp","href":"https:\/\/api.w.org\/{rel}","templated":true}]}}