{"id":20917,"date":"2018-01-02T00:59:30","date_gmt":"2018-01-02T00:59:30","guid":{"rendered":"http:\/\/biblian.is\/videy\/onnur-mosebok-18-kafli\/"},"modified":"2018-01-02T00:59:30","modified_gmt":"2018-01-02T00:59:30","slug":"onnur-mosebok-18-kafli","status":"publish","type":"page","link":"https:\/\/biblian.is\/videy\/onnur-mosebok-18-kafli\/","title":{"rendered":"\u00d6nnur M\u00f3seb\u00f3k 18. kafli"},"content":{"rendered":"<div class=\"fyrirsognVidey\">Jetr\u00f3 leggur M\u00f3si r\u00e1\u00f0.<\/div>\n<p><a name=\"1\"><span class=\"versanumer\">1<\/span><\/a>En er Jetr\u00f3, kennima\u00f0ur \u00ed Mid\u00edanslandi, tengdafa\u00f0ir M\u00f3sis, heyr\u00f0i allt \u00fea\u00f0 sem Gu\u00f0 haf\u00f0i gj\u00f6rt M\u00f3ses og s\u00ednu f\u00f3lki \u00cdsraelsm\u00f6nnum, a\u00f0 Drottinn haf\u00f0i leitt \u00cdsraelsmenn \u00fat af Egyptalandi,<a name=\"2\"><span class=\"versanumer\">2<\/span><\/a>\u00fe\u00e1 t\u00f3k Jetr\u00f3, tengdafa\u00f0ir M\u00f3sis, Sipp\u00f3ru me\u00f0 s\u00e9r, konu M\u00f3sis, hv\u00f6rja hann haf\u00f0i aftur sent,<a name=\"3\"><span class=\"versanumer\">3<\/span><\/a>og tvo sonu hennar: h\u00e9t annar Gersom, af \u00fev\u00ed M\u00f3ses haf\u00f0i sagt: eg hefi veri\u00f0 gestur \u00ed \u00f3kunnu landi;<a name=\"4\"><span class=\"versanumer\">4<\/span><\/a>hinn h\u00e9t El\u00edeser, \u00fev\u00ed hann haf\u00f0i sagt: Gu\u00f0 f\u00f6\u00f0ur m\u00edns var m\u00edn hj\u00e1lp, og hann frelsa\u00f0i mig fr\u00e1 sver\u00f0i fara\u00f3s.<a name=\"5\"><span class=\"versanumer\">5<\/span><\/a>N\u00fa sem Jetr\u00f3 tengdafa\u00f0ir M\u00f3sis, kom me\u00f0 sonu hans og konu til hans \u00ed ey\u00f0im\u00f6rkina, \u00fear sem hann haf\u00f0i sett herb\u00fa\u00f0ir s\u00ednar hj\u00e1 Gu\u00f0s fjalli,<a name=\"6\"><span class=\"versanumer\">6<\/span><\/a>\u00fe\u00e1 l\u00e9t hann segja M\u00f3ses: eg Jetr\u00f3 tengdafa\u00f0ir \u00feinn er kominn til \u00fe\u00edn, og kona \u00fe\u00edn og b\u00e1\u00f0ir synir hennar me\u00f0 henni.<a name=\"7\"><span class=\"versanumer\">7<\/span><\/a>\u00de\u00e1 gekk M\u00f3ses \u00fat \u00e1 m\u00f3ti honum, laut honum og kyssti hann; og \u00feegar \u00feeir h\u00f6f\u00f0u heilsast, \u00fe\u00e1 gengu \u00feeir inn \u00ed tjaldi\u00f0.<a name=\"8\"><span class=\"versanumer\">8<\/span><\/a>M\u00f3ses sag\u00f0i tengdaf\u00f6\u00f0ur s\u00ednum fr\u00e1 \u00f6llu \u00fev\u00ed sem Drottinn haf\u00f0i gj\u00f6rt fara\u00f3 og Egyptalandsm\u00f6nnum fyrir sakir \u00cdsraelsmanna, svo og fr\u00e1 \u00f6llum \u00feeim \u00ferautum, sem \u00feeir h\u00f6f\u00f0u m\u00e6tt \u00e1 lei\u00f0inni, og hv\u00f6rsu Drottinn haf\u00f0i frelsa\u00f0 \u00fe\u00e1.<a name=\"9\"><span class=\"versanumer\">9<\/span><\/a>Jetr\u00f3 gladdist yfir \u00f6llu \u00fev\u00ed g\u00f3\u00f0a, sem Drottinn haf\u00f0i gj\u00f6rt \u00cdsraelsm\u00f6nnum, hv\u00f6rja hann haf\u00f0i frelsa\u00f0 af hendi Egyptalandsmanna.<a name=\"10\"><span class=\"versanumer\">10<\/span><\/a>Og Jetr\u00f3 sag\u00f0i: lofa\u00f0ur veri Drottinn, sem frelsa\u00f0i y\u00f0ur af hendi Egyptalandsmanna og af hendi fara\u00f3s, sem frelsa\u00f0i f\u00f3lki\u00f0 undan ofr\u00edki Egyptalandsmanna!<a name=\"11\"><span class=\"versanumer\">11<\/span><\/a>N\u00fa veit eg, a\u00f0 Drottinn er meiri en allir a\u00f0rir gu\u00f0ir; \u00fev\u00ed \u00fea\u00f0 ofdramb, sem Egyptar s\u00fdndu, kom \u00ed koll sj\u00e1lfum \u00feeim.<a name=\"12\"><span class=\"versanumer\">12<\/span><\/a>\u00de\u00e1 t\u00f3k Jetr\u00f3, tengdafa\u00f0ir M\u00f3sis, brennif\u00f3rn og sl\u00e1tursf\u00f3rnir, Gu\u00f0i til f\u00f3rnar; kom \u00fe\u00e1 Aron og helstu menn af \u00cdsraels l\u00fd\u00f0 til a\u00f0 halda f\u00f3rnarveislu, \u00e1samt me\u00f0 tengdaf\u00f6\u00f0ur M\u00f3sis, til \u00feakkl\u00e6tis vi\u00f0 Gu\u00f0.<br \/><a name=\"13\"><span class=\"versanumer\">13<\/span><\/a>Daginn eftir settist M\u00f3ses til a\u00f0 d\u00e6ma me\u00f0al f\u00f3lksins, og st\u00f3\u00f0 f\u00f3lki\u00f0 frammi fyrir M\u00f3ses fr\u00e1 morgni til kv\u00f6lds.<a name=\"14\"><span class=\"versanumer\">14<\/span><\/a>En er tengdafa\u00f0ir hans s\u00e1 allt \u00fea\u00f0 sem hann gj\u00f6r\u00f0i vi\u00f0 f\u00f3lki\u00f0, \u00fe\u00e1 sag\u00f0i hann: hva\u00f0 \u00e1 \u00feetta a\u00f0 \u00fe\u00fd\u00f0a, sem \u00fe\u00fa gj\u00f6rir vi\u00f0 f\u00f3lki\u00f0? hv\u00f6rs vegna situr \u00fe\u00fa einn saman, en allt f\u00f3lki\u00f0 stendur frammi fyrir \u00fe\u00e9r fr\u00e1 morgni til kv\u00f6lds.<a name=\"15\"><span class=\"versanumer\">15<\/span><\/a>M\u00f3ses svara\u00f0i tengdaf\u00f6\u00f0ur s\u00ednum: f\u00f3lki\u00f0 kemur til m\u00edn, \u00feegar \u00fea\u00f0 vill leita Gu\u00f0s atkv\u00e6\u00f0a;<a name=\"16\"><span class=\"versanumer\">16<\/span><\/a>\u00fev\u00ed \u00feegar er nokkurt m\u00e1l gj\u00f6rist \u00feeirra \u00e1 milli, \u00fe\u00e1 fara \u00feeir \u00e1 fund minn, til \u00feess a\u00f0 eg d\u00e6mi \u00fe\u00e6r sakir, er til falla milli manna, og kunngj\u00f6ri \u00feeim l\u00f6g Gu\u00f0s og bo\u00f0or\u00f0 hans.<a name=\"17\"><span class=\"versanumer\">17<\/span><\/a>Tengdafa\u00f0ir M\u00f3sis sag\u00f0i til hans: \u00feessi a\u00f0fer\u00f0 hentar ekki;<a name=\"18\"><span class=\"versanumer\">18<\/span><\/a>b\u00e6\u00f0i \u00fereytist \u00fe\u00fa, og f\u00f3lki\u00f0, sem hj\u00e1 \u00fe\u00e9r er; \u00feetta starf er \u00fe\u00e9r um meg, svo \u00fe\u00fa f\u00e6r \u00fev\u00ed ekki afkasta\u00f0 einn saman.<a name=\"19\"><span class=\"versanumer\">19<\/span><\/a>Hl\u00fd\u00f0 n\u00fa m\u00ednum till\u00f6gum, eg vil leggja \u00fe\u00e9r r\u00e1\u00f0, og mun Gu\u00f0 vera me\u00f0 \u00fe\u00e9r: \u00fe\u00fa skalt ganga fram fyrir Gu\u00f0 \u00ed nafni f\u00f3lksins, og fram bera m\u00e1lefni \u00feess fyrir Gu\u00f0;<a name=\"20\"><span class=\"versanumer\">20<\/span><\/a>\u00fe\u00fa skalt sk\u00fdra fyrir \u00feeim l\u00f6gin og bo\u00f0or\u00f0in, og kenna \u00feeim \u00feann veg, sem \u00feeir skulu ganga, og \u00feau verk, sem \u00feeir skulu gj\u00f6ra;<a name=\"21\"><span class=\"versanumer\">21<\/span><\/a>\u00fe\u00fa skalt velja me\u00f0al f\u00f3lksins dugandi menn, \u00fe\u00e1 er \u00f3ttast Gu\u00f0, r\u00e1\u00f0vanda menn og \u00f3s\u00e9rpl\u00e6gna, og setja \u00fe\u00e1 sem formenn l\u00fd\u00f0sins, suma yfir 1000 menn, suma yfir 100, suma yfir 50, og suma yfir 10;<a name=\"22\"><span class=\"versanumer\">22<\/span><\/a>\u00feeir skulu d\u00e6ma milli manna \u00e1 \u00f6llum t\u00edmum, en \u00f6ll hin st\u00e6rri m\u00e1l skulu \u00feeir l\u00e1ta koma fyrir \u00feig, en sj\u00e1lfir skulu \u00feeir d\u00e6ma \u00ed \u00f6llum sm\u00e6rri m\u00e1lum, skaltu svo gj\u00f6ra \u00fe\u00e9r h\u00e6gra fyrir, og \u00feeir skulu l\u00e9tta undir me\u00f0 \u00fe\u00e9r.<a name=\"23\"><span class=\"versanumer\">23<\/span><\/a>Ef \u00fe\u00fa gj\u00f6rir \u00feetta og s\u00e9 \u00fea\u00f0 Gu\u00f0s vilji, \u00fe\u00e1 muntu f\u00e1 \u00fev\u00ed afkasta\u00f0, og \u00fe\u00e1 mun og allur \u00feessi l\u00fd\u00f0ur me\u00f0 fri\u00f0i komast til \u00e1tthaga sinna.<a name=\"24\"><span class=\"versanumer\">24<\/span><\/a>M\u00f3ses hl\u00fdddi till\u00f6gum tengdaf\u00f6\u00f0ur s\u00edns, og gj\u00f6r\u00f0i eins og hann haf\u00f0i gefi\u00f0 r\u00e1\u00f0 til.<a name=\"25\"><span class=\"versanumer\">25<\/span><\/a>M\u00f3ses valdi dugandi menn af \u00f6llum \u00cdsraels l\u00fd\u00f0, og setti \u00fe\u00e1 til h\u00f6f\u00f0ingja yfir f\u00f3lki\u00f0, suma sem formenn yfir 1000 m\u00f6nnum, suma yfir 100, suma yfir 50, suma yfir 10,<a name=\"26\"><span class=\"versanumer\">26<\/span><\/a>til \u00feess \u00feeir skyldu d\u00e6ma me\u00f0al manna \u00e1 \u00f6llum t\u00edmum; vandam\u00e1lum \u00f6llum skyldu \u00feeir skj\u00f3ta til M\u00f3sis, en d\u00e6ma sj\u00e1lfir \u00ed hinum minni m\u00e1lum.<a name=\"27\"><span class=\"versanumer\">27<\/span><\/a>Gaf M\u00f3ses \u00fe\u00e1 orlof tengdaf\u00f6\u00f0ur s\u00ednum, og f\u00f3r hann aftur heim \u00ed sitt land.<\/p>\n<div class=\"footnoteVidey\"><\/div>\n","protected":false},"excerpt":{"rendered":"<p>Jetr\u00f3 leggur M\u00f3si r\u00e1\u00f0. 1En er Jetr\u00f3, kennima\u00f0ur \u00ed Mid\u00edanslandi, tengdafa\u00f0ir M\u00f3sis, heyr\u00f0i allt \u00fea\u00f0 sem Gu\u00f0 haf\u00f0i gj\u00f6rt M\u00f3ses og s\u00ednu f\u00f3lki \u00cdsraelsm\u00f6nnum, a\u00f0 Drottinn haf\u00f0i leitt \u00cdsraelsmenn \u00fat af Egyptalandi,2\u00fe\u00e1 t\u00f3k Jetr\u00f3, tengdafa\u00f0ir M\u00f3sis, Sipp\u00f3ru me\u00f0 s\u00e9r, konu M\u00f3sis, hv\u00f6rja hann haf\u00f0i aftur sent,3og tvo sonu hennar: h\u00e9t annar Gersom, af \u00fev\u00ed M\u00f3ses haf\u00f0i sagt: eg hefi veri\u00f0 gestur \u00ed \u00f3kunnu landi;4hinn h\u00e9t El\u00edeser, \u00fev\u00ed hann haf\u00f0i sagt: Gu\u00f0 f\u00f6\u00f0ur m\u00edns var m\u00edn hj\u00e1lp, og hann frelsa\u00f0i mig fr\u00e1 sver\u00f0i fara\u00f3s.5N\u00fa sem Jetr\u00f3 tengdafa\u00f0ir M\u00f3sis, kom me\u00f0 sonu hans og konu til hans \u00ed ey\u00f0im\u00f6rkina, \u00fear sem hann <a href=\"https:\/\/biblian.is\/videy\/onnur-mosebok-18-kafli\/\"> [&#8230;]<\/a><\/p>\n","protected":false},"author":1,"featured_media":0,"parent":0,"menu_order":0,"comment_status":"open","ping_status":"open","template":"bibliukaflar.php","meta":{"footnotes":""},"class_list":["post-20917","page","type-page","status-publish","hentry"],"_links":{"self":[{"href":"https:\/\/biblian.is\/videy\/wp-json\/wp\/v2\/pages\/20917","targetHints":{"allow":["GET"]}}],"collection":[{"href":"https:\/\/biblian.is\/videy\/wp-json\/wp\/v2\/pages"}],"about":[{"href":"https:\/\/biblian.is\/videy\/wp-json\/wp\/v2\/types\/page"}],"author":[{"embeddable":true,"href":"https:\/\/biblian.is\/videy\/wp-json\/wp\/v2\/users\/1"}],"replies":[{"embeddable":true,"href":"https:\/\/biblian.is\/videy\/wp-json\/wp\/v2\/comments?post=20917"}],"version-history":[{"count":0,"href":"https:\/\/biblian.is\/videy\/wp-json\/wp\/v2\/pages\/20917\/revisions"}],"wp:attachment":[{"href":"https:\/\/biblian.is\/videy\/wp-json\/wp\/v2\/media?parent=20917"}],"curies":[{"name":"wp","href":"https:\/\/api.w.org\/{rel}","templated":true}]}}