{"id":20914,"date":"2018-01-02T00:59:30","date_gmt":"2018-01-02T00:59:30","guid":{"rendered":"http:\/\/biblian.is\/videy\/onnur-mosebok-15-kafli\/"},"modified":"2018-01-02T00:59:30","modified_gmt":"2018-01-02T00:59:30","slug":"onnur-mosebok-15-kafli","status":"publish","type":"page","link":"https:\/\/biblian.is\/videy\/onnur-mosebok-15-kafli\/","title":{"rendered":"\u00d6nnur M\u00f3seb\u00f3k 15. kafli"},"content":{"rendered":"<div class=\"fyrirsognVidey\">Lofs\u00f6ngur M\u00f3sis. Fer\u00f0 Gy\u00f0inga til Mara og Elim.<\/div>\n<p><a name=\"1\"><span class=\"versanumer\">1<\/span><\/a>\u00de\u00e1 s\u00f6ng M\u00f3ses og \u00cdsraelsmenn Drottni \u00feenna lofs\u00f6ng, og s\u00f6g\u00f0u: <br \/>Eg vil lofsyngja Drottni, \u00fev\u00ed hann hefir sig me\u00f0 d\u00e1semdum d\u00fdr\u00f0legan gj\u00f6rt; hestum og riddurum hefir hann steypt ni\u00f0ur \u00ed hafi\u00f0.<a name=\"2\"><span class=\"versanumer\">2<\/span><\/a>Drottinn er m\u00edn vegsemd og lofs\u00f6ngur; hann var mitt hj\u00e1lpr\u00e6\u00f0i; hann er minn Gu\u00f0, hann vil eg pr\u00edsa; hann er m\u00edns f\u00f6\u00f0urs Gu\u00f0, hann vil eg upphefja.<a name=\"3\"><span class=\"versanumer\">3<\/span><\/a>Drottinn er str\u00ed\u00f0shetja, Drottinn er hans nafn.<a name=\"4\"><span class=\"versanumer\">4<\/span><\/a>V\u00f6gnum og herli\u00f0i fara\u00f3s varpa\u00f0i hann \u00ed hafi\u00f0; hans \u00fatv\u00f6ldu herstj\u00f3rar sukku \u00ed Hafinu rau\u00f0a.<a name=\"5\"><span class=\"versanumer\">5<\/span><\/a>V\u00f6tnin huldu \u00fe\u00e1; \u00feeir sukku ni\u00f0ur \u00ed dj\u00fapi\u00f0, eins og steinn.<a name=\"6\"><span class=\"versanumer\">6<\/span><\/a>\u00de\u00edn h\u00e6gri h\u00f6nd, Drottinn, hefir au\u00f0s\u00fdnt sig d\u00fdr\u00f0lega \u00ed krafti; \u00fe\u00edn h\u00e6gri h\u00f6nd, Drottinn, sundurkremur fjandmanninn.<a name=\"7\"><span class=\"versanumer\">7<\/span><\/a>Me\u00f0 mikilleik \u00feinnar h\u00e1tignar afm\u00e1ir \u00fe\u00fa m\u00f3tst\u00f6\u00f0umenn \u00fe\u00edna; \u00fe\u00fa \u00fatsendir \u00fe\u00edna rei\u00f0i, og h\u00fan ey\u00f0ir \u00feeim, eins og h\u00e1lmleggjum.<a name=\"8\"><span class=\"versanumer\">8<\/span><\/a>Vi\u00f0 \u00feinn andardr\u00e1tt belgdust v\u00f6tnin upp; rastirnar st\u00f3\u00f0u eins og veggur; bylgjurnar stir\u00f0nu\u00f0u mitt \u00ed hafinu.<a name=\"9\"><span class=\"versanumer\">9<\/span><\/a>\u00d3vinurinn sag\u00f0i: eg skal elta \u00fe\u00e1, eg skal n\u00e1 \u00feeim, eg skal skipta herfanginu; eg skal skeyta skapi m\u00ednu \u00e1 \u00feeim, eg skal breg\u00f0a m\u00ednu sver\u00f0i, og m\u00edn h\u00f6nd skal ey\u00f0ileggja \u00fe\u00e1.<a name=\"10\"><span class=\"versanumer\">10<\/span><\/a>\u00de\u00fa bl\u00e9st me\u00f0 \u00fe\u00ednum anda: hafi\u00f0 huldi \u00fe\u00e1, \u00feeir sukku sem bl\u00fd ni\u00f0ur \u00ed sj\u00e1vardj\u00fapi\u00f0.<a name=\"11\"><span class=\"versanumer\">11<\/span><\/a>Drottinn, hv\u00f6r er sem \u00fe\u00fa me\u00f0al gu\u00f0anna? hv\u00f6r er svo d\u00fdr\u00f0legur a\u00f0 heilagleik sem \u00fe\u00fa, svo d\u00e1samlegur til lofs\u00f6ngva, \u00fe\u00fa sem st\u00f3rmerkin gj\u00f6rir?<a name=\"12\"><span class=\"versanumer\">12<\/span><\/a>\u00de\u00fa \u00fatr\u00e9ttir \u00fe\u00edna h\u00e6gri h\u00f6nd,\u2014j\u00f6r\u00f0in gleypir \u00fe\u00e1,<a name=\"13\"><span class=\"versanumer\">13<\/span><\/a>af \u00feinni miskunnsemi lei\u00f0ir \u00fe\u00fa \u00fea\u00f0 f\u00f3lk, sem \u00fe\u00fa hefir frelsa\u00f0, og f\u00e6rir \u00fea\u00f0 me\u00f0 \u00fe\u00ednum styrk til \u00fe\u00edns heilaga b\u00fasta\u00f0ar.<a name=\"14\"><span class=\"versanumer\">14<\/span><\/a>\u00dej\u00f3\u00f0irnar heyra \u00fea\u00f0, og skelfast, og \u00f3ttinn gagntekur innb\u00faa Filistalands.<a name=\"15\"><span class=\"versanumer\">15<\/span><\/a>\u00de\u00e1 titra h\u00f6fu\u00f0fe\u00f0urnir \u00ed Edomslandi, hr\u00e6\u00f0sla gr\u00edpur h\u00f6f\u00f0ingjana \u00ed M\u00f3abslandi, allir innb\u00faar Kanaanslands ver\u00f0a felmtsfullir.<a name=\"16\"><span class=\"versanumer\">16<\/span><\/a>Falli \u00fe\u00e1 skelfing og hr\u00e6\u00f0sla yfir \u00fe\u00e1! \u00feegi \u00feeir, sem steinn, fyrir mikilleik \u00fe\u00edns armleggs, me\u00f0an \u00feitt f\u00f3lk, Drottinn, fer lei\u00f0ar sinnar, me\u00f0an \u00fea\u00f0 f\u00f3lk, sem \u00fe\u00fa hefir \u00fatvega\u00f0 \u00fe\u00e9r, er \u00e1 fer\u00f0inni.<a name=\"17\"><span class=\"versanumer\">17<\/span><\/a>Lei\u00f0 \u00fe\u00e1 inn, og gr\u00f3\u00f0urset \u00fe\u00e1 \u00e1 \u00fe\u00ednu erf\u00f0afjalli, \u00e1 \u00feeim sta\u00f0, sem \u00fe\u00fa, Drottinn, hefir gj\u00f6rt a\u00f0 \u00fe\u00ednum b\u00fasta\u00f0, til \u00feess helgid\u00f3ms, sem \u00fe\u00ednar hendur, Drottinn, hafa tilreitt.<a name=\"18\"><span class=\"versanumer\">18<\/span><\/a>Drottinn skal r\u00edkja um aldur og a\u00f0 eil\u00edfu!<a name=\"19\"><span class=\"versanumer\">19<\/span><\/a>\u00dev\u00ed hestar fara\u00f3s f\u00f3ru me\u00f0 v\u00f6gnum og riddurum \u00fat \u00ed hafi\u00f0, og Drottinn l\u00e9t v\u00f6tn sj\u00e1varins fl\u00e6\u00f0a yfir \u00fe\u00e1, en \u00cdsraelsmenn gengu \u00e1 \u00feurru mitt \u00ed gegnum hafi\u00f0.<br \/><a name=\"20\"><span class=\"versanumer\">20<\/span><\/a>\u00de\u00e1 t\u00f3k Mar\u00eda sp\u00e1kona, systir Arons, bumbu \u00ed h\u00f6nd s\u00e9r og allar konurnar gengu \u00e1 eftir henni me\u00f0 bumbum og dansleik.<a name=\"21\"><span class=\"versanumer\">21<\/span><\/a>Og Mar\u00eda s\u00f6ng fyrir \u00feeim: lofsyngi\u00f0 Drottni, \u00fev\u00ed hann hefir sig me\u00f0 d\u00e1semdum d\u00fdr\u00f0legan gj\u00f6rt; hestum og riddurum hefir hann ni\u00f0ur steypt \u00ed hafi\u00f0.<a name=\"22\"><span class=\"versanumer\">22<\/span><\/a>S\u00ed\u00f0an l\u00e9t M\u00f3ses \u00cdsraelsmenn hefja fer\u00f0 s\u00edna fr\u00e1 Hafinu rau\u00f0a, og f\u00f3ru \u00feeir til ey\u00f0imerkurinnar S\u00far; gengu \u00feeir 3 daga um \u00f6r\u00e6fin, og fundu ekkert vatn.<a name=\"23\"><span class=\"versanumer\">23<\/span><\/a>\u00de\u00e1 komu \u00feeir til Mara; en \u00feeir g\u00e1tu ekki drukki\u00f0 vatni\u00f0 \u00ed Mara, af \u00fev\u00ed \u00fea\u00f0 var beiskt, og fyrir \u00fe\u00e1 skuld var s\u00e1 sta\u00f0ur kalla\u00f0ur Mara.<a name=\"24\"><span class=\"versanumer\">24<\/span><\/a>\u00de\u00e1 m\u00f6gla\u00f0i f\u00f3lki\u00f0 m\u00f3ti M\u00f3ses, og sag\u00f0i: hva\u00f0 eigum v\u00e9r a\u00f0 drekka?<a name=\"25\"><span class=\"versanumer\">25<\/span><\/a>En hann kalla\u00f0i til Drottins, og v\u00edsa\u00f0i Drottinn honum \u00fe\u00e1 \u00e1 tr\u00e9 nokkurt; kasta\u00f0i hann \u00fev\u00ed \u00ed vatni\u00f0, og var\u00f0 vatni\u00f0 \u00fe\u00e1 s\u00e6tt. \u00dear setti Drottinn f\u00f3lkinu l\u00f6g og r\u00e9tt, og \u00fear reyndi hann f\u00f3lki\u00f0,<a name=\"26\"><span class=\"versanumer\">26<\/span><\/a>og sag\u00f0i: ef \u00fe\u00fa hl\u00fd\u00f0ir gaumg\u00e6filega raust Drottins Gu\u00f0s \u00fe\u00edns, og gj\u00f6rir \u00fea\u00f0 sem r\u00e9tt er fyrir honum, l\u00e6tur hans bo\u00f0or\u00f0 \u00fe\u00e9r \u00ed eyrum lo\u00f0a og heldur allar hans skipanir, \u00fe\u00e1 vil eg \u00f6ngvan \u00feann sj\u00fakd\u00f3m \u00e1 \u00feig leggja, sem eg lag\u00f0i \u00e1 Egyptaland, \u00fev\u00ed eg em Drottinn, \u00feinn gr\u00e6\u00f0ari.<br \/><a name=\"27\"><span class=\"versanumer\">27<\/span><\/a>S\u00ed\u00f0an komu \u00feeir til El\u00edms; \u00fear voru 12 uppsprettur og 7 p\u00e1lmatr\u00e9 og settu \u00feeir herb\u00fa\u00f0ir s\u00ednar \u00fear vi\u00f0 vatni\u00f0.<\/p>\n<div class=\"footnoteVidey\"><\/div>\n","protected":false},"excerpt":{"rendered":"<p>Lofs\u00f6ngur M\u00f3sis. Fer\u00f0 Gy\u00f0inga til Mara og Elim. 1\u00de\u00e1 s\u00f6ng M\u00f3ses og \u00cdsraelsmenn Drottni \u00feenna lofs\u00f6ng, og s\u00f6g\u00f0u: Eg vil lofsyngja Drottni, \u00fev\u00ed hann hefir sig me\u00f0 d\u00e1semdum d\u00fdr\u00f0legan gj\u00f6rt; hestum og riddurum hefir hann steypt ni\u00f0ur \u00ed hafi\u00f0.2Drottinn er m\u00edn vegsemd og lofs\u00f6ngur; hann var mitt hj\u00e1lpr\u00e6\u00f0i; hann er minn Gu\u00f0, hann vil eg pr\u00edsa; hann er m\u00edns f\u00f6\u00f0urs Gu\u00f0, hann vil eg upphefja.3Drottinn er str\u00ed\u00f0shetja, Drottinn er hans nafn.4V\u00f6gnum og herli\u00f0i fara\u00f3s varpa\u00f0i hann \u00ed hafi\u00f0; hans \u00fatv\u00f6ldu herstj\u00f3rar sukku \u00ed Hafinu rau\u00f0a.5V\u00f6tnin huldu \u00fe\u00e1; \u00feeir sukku ni\u00f0ur \u00ed dj\u00fapi\u00f0, eins og steinn.6\u00de\u00edn h\u00e6gri h\u00f6nd, Drottinn, hefir au\u00f0s\u00fdnt <a href=\"https:\/\/biblian.is\/videy\/onnur-mosebok-15-kafli\/\"> [&#8230;]<\/a><\/p>\n","protected":false},"author":1,"featured_media":0,"parent":0,"menu_order":0,"comment_status":"open","ping_status":"open","template":"bibliukaflar.php","meta":{"footnotes":""},"class_list":["post-20914","page","type-page","status-publish","hentry"],"_links":{"self":[{"href":"https:\/\/biblian.is\/videy\/wp-json\/wp\/v2\/pages\/20914","targetHints":{"allow":["GET"]}}],"collection":[{"href":"https:\/\/biblian.is\/videy\/wp-json\/wp\/v2\/pages"}],"about":[{"href":"https:\/\/biblian.is\/videy\/wp-json\/wp\/v2\/types\/page"}],"author":[{"embeddable":true,"href":"https:\/\/biblian.is\/videy\/wp-json\/wp\/v2\/users\/1"}],"replies":[{"embeddable":true,"href":"https:\/\/biblian.is\/videy\/wp-json\/wp\/v2\/comments?post=20914"}],"version-history":[{"count":0,"href":"https:\/\/biblian.is\/videy\/wp-json\/wp\/v2\/pages\/20914\/revisions"}],"wp:attachment":[{"href":"https:\/\/biblian.is\/videy\/wp-json\/wp\/v2\/media?parent=20914"}],"curies":[{"name":"wp","href":"https:\/\/api.w.org\/{rel}","templated":true}]}}