{"id":20913,"date":"2018-01-02T00:59:30","date_gmt":"2018-01-02T00:59:30","guid":{"rendered":"http:\/\/biblian.is\/videy\/onnur-mosebok-14-kafli\/"},"modified":"2018-01-02T00:59:30","modified_gmt":"2018-01-02T00:59:30","slug":"onnur-mosebok-14-kafli","status":"publish","type":"page","link":"https:\/\/biblian.is\/videy\/onnur-mosebok-14-kafli\/","title":{"rendered":"\u00d6nnur M\u00f3seb\u00f3k 14. kafli"},"content":{"rendered":"<div class=\"fyrirsognVidey\">\u00cdsraelsmenn fara yfir Hafi\u00f0 rau\u00f0a. Fara\u00f3 drukknar.<\/div>\n<p><a name=\"1\"><span class=\"versanumer\">1<\/span><\/a>Drottinn m\u00e6lti vi\u00f0 M\u00f3ses, og sag\u00f0i:<a name=\"2\"><span class=\"versanumer\">2<\/span><\/a>seg til \u00cdsraelsmanna, a\u00f0 \u00feeir skuli sn\u00faa vi\u00f0, og setja herb\u00fa\u00f0ir s\u00ednar fyrir framan P\u00ed-Hak\u00edrot, milli Migdols og hafsins, gegnt Baal-Sefon; \u00fear andsp\u00e6nis skulu\u00f0 \u00fe\u00e9r setja herb\u00fa\u00f0ir y\u00f0ar vi\u00f0 hafi\u00f0.<a name=\"3\"><span class=\"versanumer\">3<\/span><\/a>\u00dev\u00ed fara\u00f3 mun segja um \u00cdsraelsmenn: \u00feeir fara villir vega \u00ed landinu, ey\u00f0im\u00f6rkin hefir innibyrgt \u00fe\u00e1.<a name=\"4\"><span class=\"versanumer\">4<\/span><\/a>Og eg vil forher\u00f0a hjarta fara\u00f3s, svo hann skal veita \u00feeim eftirf\u00f6r; eg vil s\u00fdna alm\u00e6tti mitt \u00e1 fara\u00f3 og \u00f6llum hans her, svo a\u00f0 Egyptalandsmenn skulu vita a\u00f0 eg em Drottinn. \u00deeir gj\u00f6r\u00f0u svo.<a name=\"5\"><span class=\"versanumer\">5<\/span><\/a>\u00deegar Egyptalandskonungur fr\u00e9tti, a\u00f0 f\u00f3lki\u00f0 var fl\u00fai\u00f0, \u00fe\u00e1 var\u00f0 hugur fara\u00f3s og \u00fej\u00f3na hans m\u00f3tsn\u00fainn f\u00f3lkinu, og \u00feeir s\u00f6g\u00f0u: hv\u00ed h\u00f6fum v\u00e9r gj\u00f6rt \u00feetta, a\u00f0 v\u00e9r h\u00f6fum l\u00e1ti\u00f0 \u00cdsraelsmenn sleppa \u00far \u00fer\u00e6ld\u00f3minum fr\u00e1 oss.<a name=\"6\"><span class=\"versanumer\">6<\/span><\/a>Hann l\u00e9t \u00fe\u00e1 beita fyrir vagn sinn, og t\u00f3k menn s\u00edna me\u00f0 s\u00e9r.<a name=\"7\"><span class=\"versanumer\">7<\/span><\/a>Hann t\u00f3k 600 \u00fatvalda vagna, og hva\u00f0 anna\u00f0 af v\u00f6gnum var \u00ed Egyptalandi, og setti hermenn s\u00edna \u00e1 hv\u00f6rn \u00feeirra;<a name=\"8\"><span class=\"versanumer\">8<\/span><\/a>\u00fev\u00ed Drottinn forherti hjarta fara\u00f3s, Egyptalandskonungs, svo a\u00f0 hann veitti \u00cdsraelsm\u00f6nnum eftirf\u00f6r, en \u00cdsraelsmenn h\u00f6f\u00f0u \u00fat gengi\u00f0 sigri hr\u00f3sandi.<a name=\"9\"><span class=\"versanumer\">9<\/span><\/a>Egyptalands menn s\u00f3ttu n\u00fa eftir \u00feeim, og allir hestar og vagnar fara\u00f3s, riddararnir og allur herinn n\u00e1\u00f0u \u00feeim, \u00fear sem \u00feeir h\u00f6f\u00f0u sett herb\u00fa\u00f0ir s\u00ednar vi\u00f0 hafi\u00f0, fyrir framan P\u00ed-Hak\u00edrot, gegnt Baal-Sefon.<a name=\"10\"><span class=\"versanumer\">10<\/span><\/a>\u00de\u00e1 fara\u00f3 n\u00e1lga\u00f0ist, h\u00f3fu \u00cdsraelsmenn upp s\u00edn augu, og s\u00e1u, a\u00f0 Egyptar s\u00f3ttu eftir \u00feeim; ur\u00f0u \u00cdsraelsmenn \u00fe\u00e1 mj\u00f6g \u00f3ttafullir, og \u00e1k\u00f6llu\u00f0u Drottin;<a name=\"11\"><span class=\"versanumer\">11<\/span><\/a>og s\u00f6g\u00f0u til M\u00f3sis: \u00feurftir \u00fe\u00fa \u00feess vegna a\u00f0 taka oss burt til a\u00f0 deyja h\u00e9r \u00e1 ey\u00f0im\u00f6rku, a\u00f0 engar v\u00e6ru grafir til \u00ed Egyptalandi? Hv\u00ed hefir \u00fe\u00fa gj\u00f6rt oss \u00feetta, a\u00f0 fara me\u00f0 oss \u00fat af Egyptalandi?<a name=\"12\"><span class=\"versanumer\">12<\/span><\/a>Kemur n\u00fa ekki fram \u00fea\u00f0 sem v\u00e9r s\u00f6g\u00f0um vi\u00f0 \u00feig \u00ed Egyptalandi: l\u00e1t oss vera kyrra og \u00fej\u00f3na heldur Egyptalandsm\u00f6nnum, en a\u00f0 deyja \u00ed ey\u00f0im\u00f6rkinni.<a name=\"13\"><span class=\"versanumer\">13<\/span><\/a>\u00de\u00e1 sag\u00f0i M\u00f3ses til f\u00f3lksins: \u00f3ttist ekki, gangi\u00f0 fram, og horfi\u00f0 \u00e1 \u00fea\u00f0 hj\u00e1lpr\u00e6\u00f0i, sem Drottinn mun \u00ed dag l\u00e1ta fram vi\u00f0 y\u00f0ur koma; \u00fev\u00ed \u00feessa egypsku menn, sem \u00fe\u00e9r sj\u00e1i\u00f0 \u00ed dag, munu\u00f0 \u00fe\u00e9r aldrei nokkurn t\u00edma framar augum l\u00edta;<a name=\"14\"><span class=\"versanumer\">14<\/span><\/a>Drottinn mun berjast fyrir  y\u00f0ur, en \u00fe\u00e9r skulu\u00f0 vera kyrrir. <br \/><a name=\"15\"><span class=\"versanumer\">15<\/span><\/a>\u00de\u00e1 m\u00e6lti Drottinn vi\u00f0 M\u00f3ses: hv\u00ed kallar \u00fe\u00fa \u00e1 mig? seg \u00cdsraelsm\u00f6nnum, a\u00f0 \u00feeir haldi \u00e1 fram;<a name=\"16\"><span class=\"versanumer\">16<\/span><\/a>en \u00fe\u00fa lyft upp staf \u00fe\u00ednum, og r\u00e9tt \u00fat h\u00f6nd \u00fe\u00edna yfir hafi\u00f0, og skipt \u00fev\u00ed \u00ed sundur, og skulu \u00fe\u00e1 \u00cdsraelsmenn \u00feurrum f\u00f3tum ganga mega gegnum sj\u00f3inn.<a name=\"17\"><span class=\"versanumer\">17<\/span><\/a>Sj\u00e1! eg forher\u00f0i hj\u00f6rtu Egyptalands manna, svo \u00feeir skulu s\u00e6kja \u00e1 eftir \u00feeim, og eg vil l\u00e1ta m\u00edna d\u00fdr\u00f0 birtast \u00e1 fara\u00f3 og \u00f6llum hans li\u00f0safla, \u00e1 vagnali\u00f0i hans og riddarali\u00f0i,<a name=\"18\"><span class=\"versanumer\">18<\/span><\/a>svo a\u00f0 allir Egyptar skulu vita, a\u00f0 eg em Drottinn, \u00fe\u00e1 eg hefi l\u00e1ti\u00f0 d\u00fdr\u00f0 m\u00edna birtast \u00e1 fara\u00f3, og \u00e1 vagnali\u00f0i hans og riddarali\u00f0i.<a name=\"19\"><span class=\"versanumer\">19<\/span><\/a>Og engill Gu\u00f0s, s\u00e1 er gekk \u00e1 undan hersk\u00f6rum \u00cdsraelsmanna, t\u00f3k sig upp og f\u00f3r \u00e1 bak vi\u00f0 \u00fe\u00e1, og sk\u00fdst\u00f3lpinn, sem st\u00f3\u00f0 fyrir framan \u00fe\u00e1, h\u00f3f sig upp og sta\u00f0n\u00e6mdist a\u00f0 baki \u00feeirra,<a name=\"20\"><span class=\"versanumer\">20<\/span><\/a>milli herli\u00f0s egypskra og herskara \u00cdsraelsmanna, og var sk\u00fdi\u00f0 myrkt annarsvegar en annarsvegar uppl\u00fdsti \u00fea\u00f0 n\u00f3ttina; og f\u00e6r\u00f0ist hv\u00f6rugur herinn n\u00e6r \u00f6\u00f0rum alla \u00fe\u00e1 n\u00f3tt.<a name=\"21\"><span class=\"versanumer\">21<\/span><\/a>En M\u00f3ses r\u00e9tti \u00fat h\u00f6nd s\u00edna yfir hafi\u00f0, og Drottinn b\u00e6g\u00f0i hafinu fr\u00e1 me\u00f0 hv\u00f6ssum austanvindi, sem bl\u00e9s alla n\u00f3ttina; hann gj\u00f6r\u00f0i hafi\u00f0 a\u00f0 \u00feurrlendi, og sj\u00f3rinn skiptist \u00ed sundur;<a name=\"22\"><span class=\"versanumer\">22<\/span><\/a>og \u00cdsraelsmenn gengu \u00feurrum f\u00f3tum mitt \u00ed gegnum hafi\u00f0, og v\u00f6tnin st\u00f3\u00f0u eins og veggur til h\u00e6gri og vinstri handar \u00feeim.<a name=\"23\"><span class=\"versanumer\">23<\/span><\/a>Egyptalandsmenn s\u00f3ttu eftir, og f\u00f3ru \u00fat \u00ed sj\u00f3inn \u00e1 eftir \u00feeim, me\u00f0 \u00f6llu hestali\u00f0i fara\u00f3s, og vagnali\u00f0inu og riddarali\u00f0inu.<a name=\"24\"><span class=\"versanumer\">24<\/span><\/a>En \u00e1 morgunv\u00f6kunni leit Drottinn yfir her egypskra ofan af eldst\u00f3lpanum og sk\u00fdst\u00f3lpanum, og sl\u00f3 felmtri \u00ed li\u00f0 Egyptalandsmanna,<a name=\"25\"><span class=\"versanumer\">25<\/span><\/a>og l\u00e9t \u00feeirra vagna ganga af hj\u00f3lunum, svo \u00feeim var\u00f0 eki\u00f0 torveldlega. \u00de\u00e1 k\u00f6llu\u00f0u Egyptar: eg vil fl\u00fdja fyrir \u00cdsraelsm\u00f6nnum, \u00fev\u00ed Drottinn berst me\u00f0 \u00feeim m\u00f3ti egypskum.<a name=\"26\"><span class=\"versanumer\">26<\/span><\/a>\u00de\u00e1 sag\u00f0i Drottinn vi\u00f0 M\u00f3ses: r\u00e9tt \u00fat \u00fe\u00edna h\u00f6nd yfir hafi\u00f0, og skulu \u00fe\u00e1 v\u00f6tnin aftur falla yfir egypska, yfir \u00feeirra vagna og riddarali\u00f0.<a name=\"27\"><span class=\"versanumer\">27<\/span><\/a>\u00de\u00e1 \u00fatr\u00e9tti M\u00f3ses s\u00edna h\u00f6nd yfir hafi\u00f0, og sj\u00f3rinn f\u00e9ll a\u00f0 aftur undir morguninn, en Egyptar fl\u00fd\u00f0u beint \u00ed m\u00f3t a\u00f0fallinu, og keyr\u00f0i Drottinn \u00fe\u00e1 mitt \u00fat \u00ed hafi\u00f0.<a name=\"28\"><span class=\"versanumer\">28<\/span><\/a>Sj\u00f3rinn f\u00e9ll a\u00f0 og huldi vagna og riddara \u00ed \u00f6llum Far\u00f3s her, sem eftir \u00feeim haf\u00f0i fari\u00f0 \u00fat \u00e1 hafi\u00f0, svo ekki komst nokkur einn ma\u00f0ur af;<a name=\"29\"><span class=\"versanumer\">29<\/span><\/a>en \u00cdsraelsmenn gengu \u00feurrum f\u00f3tum mitt \u00ed gegnum hafi\u00f0, og v\u00f6tnin st\u00f3\u00f0u eins og veggur til h\u00e6gri og vinstri handar \u00feeim.<a name=\"30\"><span class=\"versanumer\">30<\/span><\/a>Svo frelsa\u00f0i Drottinn \u00cdsraels l\u00fd\u00f0 \u00e1 \u00feeim degi fr\u00e1 hendi Egyptalands manna, og \u00feeir s\u00e1u hina egypsku menn liggja dau\u00f0a \u00e1 sj\u00e1varstr\u00f6ndinni.<a name=\"31\"><span class=\"versanumer\">31<\/span><\/a>Og er \u00cdsraelsmenn s\u00e1u \u00feau st\u00f3rmerki, sem Drottinn haf\u00f0i frami\u00f0 \u00e1 Egyptalandsm\u00f6nnum, \u00fe\u00e1 \u00f3tta\u00f0ist f\u00f3lki\u00f0 Drottin, og tr\u00fa\u00f0i honum og hans \u00fej\u00f3ni M\u00f3ses.<\/p>\n<div class=\"footnoteVidey\"><\/div>\n","protected":false},"excerpt":{"rendered":"<p>\u00cdsraelsmenn fara yfir Hafi\u00f0 rau\u00f0a. Fara\u00f3 drukknar. 1Drottinn m\u00e6lti vi\u00f0 M\u00f3ses, og sag\u00f0i:2seg til \u00cdsraelsmanna, a\u00f0 \u00feeir skuli sn\u00faa vi\u00f0, og setja herb\u00fa\u00f0ir s\u00ednar fyrir framan P\u00ed-Hak\u00edrot, milli Migdols og hafsins, gegnt Baal-Sefon; \u00fear andsp\u00e6nis skulu\u00f0 \u00fe\u00e9r setja herb\u00fa\u00f0ir y\u00f0ar vi\u00f0 hafi\u00f0.3\u00dev\u00ed fara\u00f3 mun segja um \u00cdsraelsmenn: \u00feeir fara villir vega \u00ed landinu, ey\u00f0im\u00f6rkin hefir innibyrgt \u00fe\u00e1.4Og eg vil forher\u00f0a hjarta fara\u00f3s, svo hann skal veita \u00feeim eftirf\u00f6r; eg vil s\u00fdna alm\u00e6tti mitt \u00e1 fara\u00f3 og \u00f6llum hans her, svo a\u00f0 Egyptalandsmenn skulu vita a\u00f0 eg em Drottinn. \u00deeir gj\u00f6r\u00f0u svo.5\u00deegar Egyptalandskonungur fr\u00e9tti, a\u00f0 f\u00f3lki\u00f0 var fl\u00fai\u00f0, \u00fe\u00e1 var\u00f0 hugur <a href=\"https:\/\/biblian.is\/videy\/onnur-mosebok-14-kafli\/\"> [&#8230;]<\/a><\/p>\n","protected":false},"author":1,"featured_media":0,"parent":0,"menu_order":0,"comment_status":"open","ping_status":"open","template":"bibliukaflar.php","meta":{"footnotes":""},"class_list":["post-20913","page","type-page","status-publish","hentry"],"_links":{"self":[{"href":"https:\/\/biblian.is\/videy\/wp-json\/wp\/v2\/pages\/20913","targetHints":{"allow":["GET"]}}],"collection":[{"href":"https:\/\/biblian.is\/videy\/wp-json\/wp\/v2\/pages"}],"about":[{"href":"https:\/\/biblian.is\/videy\/wp-json\/wp\/v2\/types\/page"}],"author":[{"embeddable":true,"href":"https:\/\/biblian.is\/videy\/wp-json\/wp\/v2\/users\/1"}],"replies":[{"embeddable":true,"href":"https:\/\/biblian.is\/videy\/wp-json\/wp\/v2\/comments?post=20913"}],"version-history":[{"count":0,"href":"https:\/\/biblian.is\/videy\/wp-json\/wp\/v2\/pages\/20913\/revisions"}],"wp:attachment":[{"href":"https:\/\/biblian.is\/videy\/wp-json\/wp\/v2\/media?parent=20913"}],"curies":[{"name":"wp","href":"https:\/\/api.w.org\/{rel}","templated":true}]}}