{"id":20908,"date":"2018-01-02T00:59:25","date_gmt":"2018-01-02T00:59:25","guid":{"rendered":"http:\/\/biblian.is\/videy\/onnur-mosebok-9-kafli\/"},"modified":"2018-01-02T00:59:25","modified_gmt":"2018-01-02T00:59:25","slug":"onnur-mosebok-9-kafli","status":"publish","type":"page","link":"https:\/\/biblian.is\/videy\/onnur-mosebok-9-kafli\/","title":{"rendered":"\u00d6nnur M\u00f3seb\u00f3k 9. kafli"},"content":{"rendered":"<div class=\"fyrirsognVidey\">5ta, 6ta og 7da undur: fj\u00e1rs\u00fdki, k\u00fdli, hagl.<\/div>\n<p><a name=\"1\"><span class=\"versanumer\">1<\/span><\/a>Drottinn sag\u00f0i vi\u00f0 M\u00f3ses: gakk fyrir fara\u00f3, og seg til hans: Svo segir Drottinn, Gu\u00f0 ebreskra manna: lofa f\u00f3lki m\u00ednu a\u00f0 fara, svo \u00fea\u00f0 megi \u00fej\u00f3na m\u00e9r;<a name=\"2\"><span class=\"versanumer\">2<\/span><\/a>en viljir \u00fe\u00fa ekki lofa \u00feeim burt, og haldir \u00fe\u00fa \u00feeim enn lengur,<a name=\"3\"><span class=\"versanumer\">3<\/span><\/a>sj\u00e1! \u00fe\u00e1 skal h\u00f6nd Drottins koma yfir \u00feinn kvikf\u00e9na\u00f0, sem er \u00ed haganum, yfir hesta og asna og \u00falfalda, uxa og sau\u00f0f\u00e9, me\u00f0 harla \u00feungu faraldri;<a name=\"4\"><span class=\"versanumer\">4<\/span><\/a>og Drottinn vill gj\u00f6ra \u00feann mun \u00e1 kvikf\u00e9 \u00cdsraelsmanna og Egyptalandsmanna, a\u00f0 engin skepna skal deyja af \u00fev\u00ed sem \u00cdsraelsmenn eiga.<a name=\"5\"><span class=\"versanumer\">5<\/span><\/a>Og Drottinn tilt\u00f3k \u00e1kve\u00f0inn t\u00edma, og sag\u00f0i: \u00e1 morgun mun Drottinn l\u00e1ta \u00feetta fram fara \u00ed landinu.<a name=\"6\"><span class=\"versanumer\">6<\/span><\/a>Drottinn l\u00e9t \u00feetta fram fara a\u00f0 n\u00e6sta morgni; d\u00f3 \u00fe\u00e1 allur kvikf\u00e9na\u00f0ur egypskra, en engin skepna d\u00f3 af f\u00e9na\u00f0i \u00cdsraelsmanna.<a name=\"7\"><span class=\"versanumer\">7<\/span><\/a>\u00de\u00e1 sendi fara\u00f3 menn og var\u00f0 \u00feess v\u00edsari, a\u00f0 ekki haf\u00f0i ein skepna farist af f\u00e9na\u00f0i \u00cdsraelsmanna; en \u00fe\u00f3 var fara\u00f3 svo \u00fer\u00e1lyndur, a\u00f0 hann leyf\u00f0i ei f\u00f3lkinu burtu. <br \/><a name=\"8\"><span class=\"versanumer\">8<\/span><\/a>Drottinn sag\u00f0i vi\u00f0 M\u00f3ses og Aron: taki\u00f0 handfylli y\u00f0ar af \u00f6sku \u00far ofninum, og skal M\u00f3ses dreifa henni \u00ed loft upp, a\u00f0 fara\u00f3 \u00e1sj\u00e1anda;<a name=\"9\"><span class=\"versanumer\">9<\/span><\/a>skal askan \u00fe\u00e1 ver\u00f0a a\u00f0 dufti um allt Egyptaland; en \u00fear af skal koma b\u00f3lga sem br\u00fdst \u00fat \u00ed k\u00fdli, b\u00e6\u00f0i \u00e1 menn og f\u00e9na\u00f0 um allt Egyptaland.<a name=\"10\"><span class=\"versanumer\">10<\/span><\/a>\u00deeir t\u00f3ku \u00fe\u00e1 \u00f6sku af ofninum, og gengu fyrir fara\u00f3; \u00fe\u00e1 dreif\u00f0i M\u00f3ses \u00f6skunni \u00ed loft upp, og kom \u00fe\u00e1 \u00e1 menn og f\u00e9na\u00f0 b\u00f3lga, sem braust \u00fat \u00ed k\u00fdli;<a name=\"11\"><span class=\"versanumer\">11<\/span><\/a>og g\u00e1tu kunn\u00e1ttumennirnir ekki komi\u00f0 \u00e1 fund M\u00f3sis s\u00f6kum b\u00f3lgunnar, \u00fev\u00ed kunn\u00e1ttumennirnir h\u00f6f\u00f0u b\u00f3lgu, eins og a\u00f0rir Egyptalandsmenn.<a name=\"12\"><span class=\"versanumer\">12<\/span><\/a>En Drottinn forherti hjarta fara\u00f3s, svo hann hl\u00fdddi \u00feeim ekki, eins og Drottinn haf\u00f0i sagt M\u00f3ses. <br \/><a name=\"13\"><span class=\"versanumer\">13<\/span><\/a>\u00de\u00e1 m\u00e6lti Drottinn vi\u00f0 M\u00f3ses: r\u00eds upp \u00e1rla \u00e1 morgun, gakk fyrir fara\u00f3 og seg til hans: Svo segir Drottinn, Gu\u00f0 ebreskra manna: gef fararleyfi f\u00f3lki m\u00ednu, a\u00f0 \u00fea\u00f0 megi \u00fej\u00f3na m\u00e9r;<a name=\"14\"><span class=\"versanumer\">14<\/span><\/a>ellegar mun eg \u00ed \u00feessu sinni senda allar m\u00ednar pl\u00e1gur yfir \u00feig sj\u00e1lfan, yfir \u00fej\u00f3na \u00fe\u00edna og yfir f\u00f3lk \u00feitt, svo a\u00f0 \u00fe\u00fa vitir, a\u00f0 enginn er minn l\u00edki \u00e1 \u00f6llu jar\u00f0r\u00edki;<a name=\"15\"><span class=\"versanumer\">15<\/span><\/a>\u00fev\u00ed \u00e1\u00f0an, \u00fe\u00e1 eg \u00fatr\u00e9tti m\u00edna h\u00f6nd, og sl\u00f3 \u00feig og f\u00f3lk \u00feitt me\u00f0 dreps\u00f3tt, mundir \u00fe\u00fa hafa or\u00f0i\u00f0 afm\u00e1\u00f0ur af j\u00f6r\u00f0unni;<a name=\"16\"><span class=\"versanumer\">16<\/span><\/a>en \u00feess vegna h\u00e9lt eg \u00fe\u00e9r uppr\u00e9ttum, til \u00feess eg s\u00fdndi \u00fe\u00e9r minn m\u00e1tt og kunngj\u00f6r\u00f0i mitt nafn um alla ver\u00f6ld.<a name=\"17\"><span class=\"versanumer\">17<\/span><\/a>En ef \u00fe\u00fa enn stendur \u00ed m\u00f3ti m\u00ednu f\u00f3lki, og vilt ei leyfa \u00fev\u00ed burt a\u00f0 fara,<a name=\"18\"><span class=\"versanumer\">18<\/span><\/a>\u00fe\u00e1 vil eg \u00e1 morgun \u00ed \u00feetta mund l\u00e1ta rigna mj\u00f6g st\u00f3ru hagli, svo a\u00f0 aldrei skal jafnst\u00f3rt komi\u00f0 hafa \u00ed Egyptalandi, s\u00ed\u00f0an \u00fea\u00f0 r\u00edki h\u00f3fst og allt til \u00feessa dags.<a name=\"19\"><span class=\"versanumer\">19<\/span><\/a>\u00dear fyrir send n\u00fa, og tak inn f\u00e9na\u00f0 \u00feinn og allt \u00fea\u00f0 er \u00fe\u00fa \u00e1tt \u00e1 akri; \u00fev\u00ed hv\u00f6r skepna, menn og f\u00e9, sem \u00fati ver\u00f0ur statt og ekki er \u00ed h\u00fas innl\u00e1ti\u00f0, \u00feegar hagli\u00f0 dettur \u00e1, mun deyja.<a name=\"20\"><span class=\"versanumer\">20<\/span><\/a>S\u00e9rhv\u00f6r af \u00fej\u00f3num fara\u00f3s, sem \u00f3tta\u00f0ist or\u00f0 Drottins, h\u00fdsti inni hj\u00fa s\u00edn og f\u00e9na\u00f0;<a name=\"21\"><span class=\"versanumer\">21<\/span><\/a>en \u00feeir sem ekki g\u00e1fu gaum a\u00f0 or\u00f0um Drottins, l\u00e9tu hj\u00fa s\u00edn og f\u00e9na\u00f0 vera \u00fati \u00e1 akri. <br \/><a name=\"22\"><span class=\"versanumer\">22<\/span><\/a>\u00de\u00e1 m\u00e6lti Drottinn vi\u00f0 M\u00f3ses: r\u00e9tt \u00fe\u00edna h\u00f6nd til himins, og \u00fe\u00e1 skal hagl dr\u00edfa yfir allt Egyptaland, yfir menn og skepnur, og yfir allan jar\u00f0argr\u00f3\u00f0a \u00ed Egyptalandi.<a name=\"23\"><span class=\"versanumer\">23<\/span><\/a>\u00de\u00e1 lyfti M\u00f3ses staf s\u00ednum til himins, og Drottinn l\u00e9t \u00feegar koma rei\u00f0ar\u00ferumur og hagl; eldingunni laust \u00e1 j\u00f6r\u00f0ina, og Drottinn l\u00e9t hagli rigna yfir Egyptaland;<a name=\"24\"><span class=\"versanumer\">24<\/span><\/a>hagli\u00f0 var geysist\u00f3rt, og eldstrokurnar f\u00f3ru innan um hagli\u00f0; haf\u00f0i \u00fev\u00edl\u00edkt hret ekki komi\u00f0 \u00e1 \u00f6llu Egyptalandi allt \u00ed fr\u00e1 landn\u00e1mst\u00ed\u00f0.<a name=\"25\"><span class=\"versanumer\">25<\/span><\/a>Hagli\u00f0 sl\u00f3 ni\u00f0ur allt \u00fea\u00f0 sem \u00e1 akri var \u00ed \u00f6llu Egyptalandi: hagli\u00f0 laust b\u00e6\u00f0i menn og skepnur og allan jar\u00f0argr\u00f3\u00f0a, og braut hv\u00f6rt tr\u00e9 \u00ed sk\u00f3ginum;<a name=\"26\"><span class=\"versanumer\">26<\/span><\/a>nema \u00ed landinu G\u00f3sen, hvar \u00cdsraelsmenn bjuggu, \u00fear kom ekkert hagl.<a name=\"27\"><span class=\"versanumer\">27<\/span><\/a>\u00de\u00e1 sendi fara\u00f3 eftir M\u00f3ses og Aron, og sag\u00f0i til \u00feeirra: a\u00f0 \u00feessu sinni hefi eg syndgast; Drottinn er r\u00e9ttl\u00e1tur, en eg og mitt f\u00f3lk h\u00f6fum \u00e1 r\u00f6ngu m\u00e1li a\u00f0 standa.<a name=\"28\"><span class=\"versanumer\">28<\/span><\/a>Bi\u00f0ji\u00f0 Drottin, a\u00f0 rei\u00f0ar\u00ferumunum og haglinu linni, \u00fe\u00e1 vil eg l\u00e1ta y\u00f0ur burt fara, og \u00fe\u00e9r skulu\u00f0 ekki b\u00ed\u00f0a lengur.<a name=\"29\"><span class=\"versanumer\">29<\/span><\/a>M\u00f3ses sag\u00f0i til hans: \u00feegar eg fer \u00fat af borginni, \u00fe\u00e1 vil eg f\u00f3rna h\u00f6ndum til Drottins, og mun \u00fe\u00e1 rei\u00f0ar\u00ferumunum linna, og hagl ekki framar koma, svo a\u00f0 \u00fe\u00fa vitir, a\u00f0 j\u00f6r\u00f0in er Drottins;<a name=\"30\"><span class=\"versanumer\">30<\/span><\/a>og veit eg \u00fe\u00f3, a\u00f0 \u00fe\u00fa og \u00fe\u00ednir \u00fej\u00f3nar \u00f3ttast enn ekki Gu\u00f0 Drottin.<a name=\"31\"><span class=\"versanumer\">31<\/span><\/a>H\u00f6r og bygg var ni\u00f0ur slegi\u00f0, \u00fev\u00ed byggi\u00f0 haf\u00f0i ei fengi\u00f0 ax og h\u00f6rinn fr\u00e6knappa;<a name=\"32\"><span class=\"versanumer\">32<\/span><\/a>en hveiti og r\u00fagur var ekki ni\u00f0ur slegi\u00f0, \u00fev\u00ed \u00feau h\u00f6f\u00f0u seint komi\u00f0 upp.<a name=\"33\"><span class=\"versanumer\">33<\/span><\/a>M\u00f3ses gekk fr\u00e1 fara\u00f3 \u00fat af borginni, og f\u00f3rna\u00f0i upp h\u00f6ndum til Drottins; linnti \u00fe\u00e1 rei\u00f0ar\u00ferumunum og haglinu, og regni\u00f0 streymdi ekki lengur ni\u00f0ur \u00e1 j\u00f6r\u00f0ina.<a name=\"34\"><span class=\"versanumer\">34<\/span><\/a>En er fara\u00f3 s\u00e1, a\u00f0 regni\u00f0 h\u00e6tti og hagli\u00f0 og \u00ferumurnar, \u00fe\u00e1 syndga\u00f0ist hann enn meir, og b\u00e6\u00f0i hann og \u00fej\u00f3nar hans forhertu s\u00edn hj\u00f6rtu; og svo miki\u00f0 var \u00fer\u00e1lyndi fara\u00f3s, a\u00f0 hann leyf\u00f0i ei \u00cdsraelsm\u00f6nnum a\u00f0 fara, hva\u00f0 e\u00f0 Drottinn haf\u00f0i fyrir sagt fyrir munn M\u00f3sis.<\/p>\n<div class=\"footnoteVidey\"><\/div>\n","protected":false},"excerpt":{"rendered":"<p>5ta, 6ta og 7da undur: fj\u00e1rs\u00fdki, k\u00fdli, hagl. 1Drottinn sag\u00f0i vi\u00f0 M\u00f3ses: gakk fyrir fara\u00f3, og seg til hans: Svo segir Drottinn, Gu\u00f0 ebreskra manna: lofa f\u00f3lki m\u00ednu a\u00f0 fara, svo \u00fea\u00f0 megi \u00fej\u00f3na m\u00e9r;2en viljir \u00fe\u00fa ekki lofa \u00feeim burt, og haldir \u00fe\u00fa \u00feeim enn lengur,3sj\u00e1! \u00fe\u00e1 skal h\u00f6nd Drottins koma yfir \u00feinn kvikf\u00e9na\u00f0, sem er \u00ed haganum, yfir hesta og asna og \u00falfalda, uxa og sau\u00f0f\u00e9, me\u00f0 harla \u00feungu faraldri;4og Drottinn vill gj\u00f6ra \u00feann mun \u00e1 kvikf\u00e9 \u00cdsraelsmanna og Egyptalandsmanna, a\u00f0 engin skepna skal deyja af \u00fev\u00ed sem \u00cdsraelsmenn eiga.5Og Drottinn tilt\u00f3k \u00e1kve\u00f0inn t\u00edma, og sag\u00f0i: \u00e1 morgun <a href=\"https:\/\/biblian.is\/videy\/onnur-mosebok-9-kafli\/\"> [&#8230;]<\/a><\/p>\n","protected":false},"author":1,"featured_media":0,"parent":0,"menu_order":0,"comment_status":"open","ping_status":"open","template":"bibliukaflar.php","meta":{"footnotes":""},"class_list":["post-20908","page","type-page","status-publish","hentry"],"_links":{"self":[{"href":"https:\/\/biblian.is\/videy\/wp-json\/wp\/v2\/pages\/20908","targetHints":{"allow":["GET"]}}],"collection":[{"href":"https:\/\/biblian.is\/videy\/wp-json\/wp\/v2\/pages"}],"about":[{"href":"https:\/\/biblian.is\/videy\/wp-json\/wp\/v2\/types\/page"}],"author":[{"embeddable":true,"href":"https:\/\/biblian.is\/videy\/wp-json\/wp\/v2\/users\/1"}],"replies":[{"embeddable":true,"href":"https:\/\/biblian.is\/videy\/wp-json\/wp\/v2\/comments?post=20908"}],"version-history":[{"count":0,"href":"https:\/\/biblian.is\/videy\/wp-json\/wp\/v2\/pages\/20908\/revisions"}],"wp:attachment":[{"href":"https:\/\/biblian.is\/videy\/wp-json\/wp\/v2\/media?parent=20908"}],"curies":[{"name":"wp","href":"https:\/\/api.w.org\/{rel}","templated":true}]}}