{"id":20904,"date":"2018-01-02T00:59:25","date_gmt":"2018-01-02T00:59:25","guid":{"rendered":"http:\/\/biblian.is\/videy\/onnur-mosebok-5-kafli\/"},"modified":"2018-01-02T00:59:25","modified_gmt":"2018-01-02T00:59:25","slug":"onnur-mosebok-5-kafli","status":"publish","type":"page","link":"https:\/\/biblian.is\/videy\/onnur-mosebok-5-kafli\/","title":{"rendered":"\u00d6nnur M\u00f3seb\u00f3k 5. kafli"},"content":{"rendered":"<div class=\"fyrirsognVidey\">M\u00f3ses gj\u00f6r\u00f0ur afturreka af fara\u00f3; \u00e1nau\u00f0 \u00cdsraelsf\u00f3lks har\u00f0nar.<\/div>\n<p><a name=\"1\"><span class=\"versanumer\">1<\/span><\/a>Eftir \u00fea\u00f0 gengu \u00feeir M\u00f3ses og Aron \u00e1 fund fara\u00f3s, og s\u00f6g\u00f0u: svo segir Drottinn, Gu\u00f0 \u00cdsraelsmanna: gef f\u00f3lki m\u00ednu burtfararleyfi, svo \u00fea\u00f0 megi halda m\u00e9r h\u00e1t\u00ed\u00f0 \u00ed ey\u00f0im\u00f6rkinni.<a name=\"2\"><span class=\"versanumer\">2<\/span><\/a>Fara\u00f3 sag\u00f0i: hv\u00f6r er s\u00e1 Drottinn, a\u00f0 eg skuli gegna honum til \u00feess a\u00f0 sleppa \u00cdsraelsm\u00f6nnum; eg \u00feekki ekki \u00feann Drottin, og \u00cdsraelsm\u00f6nnum sleppi eg ekki.<a name=\"3\"><span class=\"versanumer\">3<\/span><\/a>\u00deeir s\u00f6g\u00f0u: Gu\u00f0 ebreskra manna hefir vitrast oss; leyf oss a\u00f0 fara \u00feriggja daga lei\u00f0 \u00fat \u00ed ey\u00f0im\u00f6rkina, til a\u00f0 f\u00e6ra f\u00f3rnir Drottni, Gu\u00f0i vorum, a\u00f0 hann eigi sl\u00e1i oss me\u00f0 dreps\u00f3tt e\u00f0a sver\u00f0i.<a name=\"4\"><span class=\"versanumer\">4<\/span><\/a>Egyptalandskonungur sag\u00f0i til \u00feeirra: hv\u00ed vilji\u00f0 \u00fei\u00f0, M\u00f3sis og Aron, taka f\u00f3lki\u00f0 \u00far vinnunni? Far\u00f0i aftur til y\u00f0vars erfi\u00f0is!<a name=\"5\"><span class=\"versanumer\">5<\/span><\/a>Fara\u00f3 sag\u00f0i enn fremur: n\u00fa, \u00feegar f\u00f3lki\u00f0 er or\u00f0i\u00f0 svo margt \u00ed landinu, \u00fe\u00e1 vilji\u00f0 \u00fe\u00e9r l\u00e1ta \u00fea\u00f0 h\u00e6tta a\u00f0 vinna!<a name=\"6\"><span class=\"versanumer\">6<\/span><\/a>Sama dag bau\u00f0 fara\u00f3 verkstj\u00f3rum \u00feeim, er settir voru yfir f\u00f3lki\u00f0, og tilsj\u00f3narm\u00f6nnum \u00feess, og sag\u00f0i:<a name=\"7\"><span class=\"versanumer\">7<\/span><\/a>\u00fe\u00e9r skulu\u00f0 eigi h\u00e9r eftir f\u00e1 f\u00f3lkinu h\u00e1lmstr\u00e1 til a\u00f0 brenna t\u00edgulsteina vi\u00f0, eins og \u00fe\u00e9r hafi\u00f0 gj\u00f6rt h\u00e9r til; \u00feeir skulu sj\u00e1lfir fara og safna s\u00e9r str\u00e1um;<a name=\"8\"><span class=\"versanumer\">8<\/span><\/a>en \u00fe\u00f3 skulu\u00f0 \u00fe\u00e9r setja \u00feeim fyrir a\u00f0 gj\u00f6ra jafnmarga t\u00edgulsteina, og \u00feeir hafa gj\u00f6rt h\u00e9r til, og minnki\u00f0 ekki af vi\u00f0 \u00fe\u00e1. \u00deeir eru or\u00f0nir latir; \u00feess vegna kalla \u00feeir, og segja; v\u00e9r viljum fara og f\u00e6ra f\u00f3rnir Gu\u00f0i vorum.<a name=\"9\"><span class=\"versanumer\">9<\/span><\/a>\u00dea\u00f0 ver\u00f0ur a\u00f0 \u00feyngja vinnunni \u00e1 f\u00f3lkinu, svo \u00fea\u00f0 hafi nokku\u00f0 a\u00f0 starfa og hl\u00fd\u00f0i ekki \u00e1 lygifort\u00f6lur.<a name=\"10\"><span class=\"versanumer\">10<\/span><\/a>\u00de\u00e1 gengu verkstj\u00f3rar og tilsj\u00f3narmenn f\u00f3lksins \u00fat, og m\u00e6ltu svo til f\u00f3lksins: Svo segir fara\u00f3: eg l\u00e6t engin h\u00e1lmstr\u00e1 gefa y\u00f0ur;<a name=\"11\"><span class=\"versanumer\">11<\/span><\/a>fari\u00f0 sj\u00e1lfir og taki\u00f0 y\u00f0ur str\u00e1, hvar sem \u00fe\u00e9r finni\u00f0, en \u00fe\u00f3 skal alls ekkert minnka y\u00f0ar \u00e1nau\u00f0arverk.<a name=\"12\"><span class=\"versanumer\">12<\/span><\/a>\u00de\u00e1 f\u00f3r f\u00f3lki\u00f0 v\u00ed\u00f0s vegar um allt Egyptaland a\u00f0 leita s\u00e9r h\u00e1lmleggja, til a\u00f0 hafa \u00ed sta\u00f0 str\u00e1a.<a name=\"13\"><span class=\"versanumer\">13<\/span><\/a>Verkstj\u00f3rarnir r\u00e1ku eftir \u00feeim, og s\u00f6g\u00f0u: lj\u00faki\u00f0 dag hvern vi\u00f0 y\u00f0ar \u00e1kve\u00f0na dagsverk, eins og me\u00f0an \u00fe\u00e9r h\u00f6f\u00f0u\u00f0 str\u00e1in.<a name=\"14\"><span class=\"versanumer\">14<\/span><\/a>Og tilsj\u00f3narmenn \u00cdsraelsf\u00f3lks, sem verkstj\u00f3rar fara\u00f3s h\u00f6f\u00f0u sett yfir \u00fe\u00e1, voru bar\u00f0ir, og sagt vi\u00f0 \u00fe\u00e1: hv\u00ed hafi\u00f0 \u00fe\u00e9r ei loki\u00f0 vi\u00f0 y\u00f0ar \u00e1kve\u00f0na t\u00edgulgj\u00f6r\u00f0arverk \u00ed dag og \u00ed g\u00e6r, eins og \u00e1\u00f0ur fyrr.<a name=\"15\"><span class=\"versanumer\">15<\/span><\/a>Tilsj\u00f3narmenn \u00cdsraelsmanna gengu \u00fe\u00e1 fyrir fara\u00f3, k\u00f6llu\u00f0u og s\u00f6g\u00f0u: hv\u00ed fer \u00fe\u00fa svo me\u00f0 \u00fej\u00f3na \u00fe\u00edna?<a name=\"16\"><span class=\"versanumer\">16<\/span><\/a>\u00de\u00ednum \u00fej\u00f3num eru engin str\u00e1 gefin, og \u00fe\u00f3 er heimta\u00f0 af oss a\u00f0 gj\u00f6ra t\u00edgulsteina, og \u00fear \u00e1 ofan eru \u00fej\u00f3nar \u00fe\u00ednir bar\u00f0ir, og er \u00feitt f\u00f3lk skuld \u00ed \u00feessu.<a name=\"17\"><span class=\"versanumer\">17<\/span><\/a>Hann sag\u00f0i: \u00fe\u00e9r eru\u00f0 latir og nenni\u00f0 \u00f6ngvu! \u00feess vegna segi\u00f0 \u00fe\u00e9r: l\u00e1tum oss fara og f\u00e6ra Drottni f\u00f3rnir.<a name=\"18\"><span class=\"versanumer\">18<\/span><\/a>Fari\u00f0 n\u00fa og erfi\u00f0i\u00f0! engin str\u00e1 skal gefa y\u00f0ur, en \u00fe\u00f3 skulu\u00f0 \u00fe\u00e9r grei\u00f0a \u00fe\u00e1 \u00e1kve\u00f0nu t\u00edgulsteina.<a name=\"19\"><span class=\"versanumer\">19<\/span><\/a>\u00de\u00e1 s\u00e1u tilsj\u00f3narmenn \u00cdsraelsmanna, \u00ed hvert \u00f3efni komi\u00f0 var fyrir \u00feeim, \u00feegar sagt var vi\u00f0 \u00fe\u00e1: \u00fe\u00e9r skulu\u00f0 \u00f6ngvu f\u00e6rri t\u00edgulsteina gj\u00f6ra! \u00fev\u00ed \u00e1kve\u00f0na dagsverki skal afloki\u00f0 hv\u00f6rn dag!<a name=\"20\"><span class=\"versanumer\">20<\/span><\/a>\u00de\u00e1 \u00feeir komu \u00fat fr\u00e1 fara\u00f3, gengu \u00feeir fram \u00e1 \u00fe\u00e1 M\u00f3ses og Aron, sem st\u00f3\u00f0u gagnvart \u00feeim,<a name=\"21\"><span class=\"versanumer\">21<\/span><\/a>og s\u00f6g\u00f0u til \u00feeirra: Drottinn \u00e1l\u00edti ykkur, og d\u00e6mi! \u00fear sem \u00fei\u00f0 hafi\u00f0 gj\u00f6rt oss \u00f3vins\u00e6la hj\u00e1 fara\u00f3 og \u00fej\u00f3num hans, og fengi\u00f0 \u00feeim svo sver\u00f0i\u00f0 \u00ed hendurnar til a\u00f0 drepa oss me\u00f0.<a name=\"22\"><span class=\"versanumer\">22<\/span><\/a>\u00de\u00e1 sneri M\u00f3ses s\u00e9r til Drottins, og sag\u00f0i: hv\u00ed gj\u00f6rir \u00fe\u00fa svo illa vi\u00f0 \u00feetta f\u00f3lk? hv\u00ed hefur \u00fe\u00fa \u00fe\u00e1 sent mig?<a name=\"23\"><span class=\"versanumer\">23<\/span><\/a>\u00fev\u00ed s\u00ed\u00f0an eg gekk fyrir fara\u00f3 til a\u00f0 tala \u00ed \u00fe\u00ednu nafni, hefir hann k\u00faga\u00f0 l\u00fd\u00f0inn, og \u00fe\u00fa hefir \u00fe\u00f3 ekki frelsa\u00f0 \u00feitt f\u00f3lk.<\/p>\n<div class=\"footnoteVidey\"><\/div>\n","protected":false},"excerpt":{"rendered":"<p>M\u00f3ses gj\u00f6r\u00f0ur afturreka af fara\u00f3; \u00e1nau\u00f0 \u00cdsraelsf\u00f3lks har\u00f0nar. 1Eftir \u00fea\u00f0 gengu \u00feeir M\u00f3ses og Aron \u00e1 fund fara\u00f3s, og s\u00f6g\u00f0u: svo segir Drottinn, Gu\u00f0 \u00cdsraelsmanna: gef f\u00f3lki m\u00ednu burtfararleyfi, svo \u00fea\u00f0 megi halda m\u00e9r h\u00e1t\u00ed\u00f0 \u00ed ey\u00f0im\u00f6rkinni.2Fara\u00f3 sag\u00f0i: hv\u00f6r er s\u00e1 Drottinn, a\u00f0 eg skuli gegna honum til \u00feess a\u00f0 sleppa \u00cdsraelsm\u00f6nnum; eg \u00feekki ekki \u00feann Drottin, og \u00cdsraelsm\u00f6nnum sleppi eg ekki.3\u00deeir s\u00f6g\u00f0u: Gu\u00f0 ebreskra manna hefir vitrast oss; leyf oss a\u00f0 fara \u00feriggja daga lei\u00f0 \u00fat \u00ed ey\u00f0im\u00f6rkina, til a\u00f0 f\u00e6ra f\u00f3rnir Drottni, Gu\u00f0i vorum, a\u00f0 hann eigi sl\u00e1i oss me\u00f0 dreps\u00f3tt e\u00f0a sver\u00f0i.4Egyptalandskonungur sag\u00f0i til \u00feeirra: hv\u00ed vilji\u00f0 <a href=\"https:\/\/biblian.is\/videy\/onnur-mosebok-5-kafli\/\"> [&#8230;]<\/a><\/p>\n","protected":false},"author":1,"featured_media":0,"parent":0,"menu_order":0,"comment_status":"open","ping_status":"open","template":"bibliukaflar.php","meta":{"footnotes":""},"class_list":["post-20904","page","type-page","status-publish","hentry"],"_links":{"self":[{"href":"https:\/\/biblian.is\/videy\/wp-json\/wp\/v2\/pages\/20904","targetHints":{"allow":["GET"]}}],"collection":[{"href":"https:\/\/biblian.is\/videy\/wp-json\/wp\/v2\/pages"}],"about":[{"href":"https:\/\/biblian.is\/videy\/wp-json\/wp\/v2\/types\/page"}],"author":[{"embeddable":true,"href":"https:\/\/biblian.is\/videy\/wp-json\/wp\/v2\/users\/1"}],"replies":[{"embeddable":true,"href":"https:\/\/biblian.is\/videy\/wp-json\/wp\/v2\/comments?post=20904"}],"version-history":[{"count":0,"href":"https:\/\/biblian.is\/videy\/wp-json\/wp\/v2\/pages\/20904\/revisions"}],"wp:attachment":[{"href":"https:\/\/biblian.is\/videy\/wp-json\/wp\/v2\/media?parent=20904"}],"curies":[{"name":"wp","href":"https:\/\/api.w.org\/{rel}","templated":true}]}}