{"id":20895,"date":"2018-01-02T00:59:25","date_gmt":"2018-01-02T00:59:25","guid":{"rendered":"http:\/\/biblian.is\/videy\/fyrsta-mosebok-46-kafli\/"},"modified":"2018-01-02T00:59:25","modified_gmt":"2018-01-02T00:59:25","slug":"fyrsta-mosebok-46-kafli","status":"publish","type":"page","link":"https:\/\/biblian.is\/videy\/fyrsta-mosebok-46-kafli\/","title":{"rendered":"Fyrsta M\u00f3seb\u00f3k 46. kafli"},"content":{"rendered":"<div class=\"fyrirsognVidey\">Jakob fer til Egyptalands me\u00f0 allt sitt.<\/div>\n<p><a name=\"1\"><span class=\"versanumer\">1<\/span><\/a>Og \u00cdsrael t\u00f3k sig upp, og f\u00f3r me\u00f0 allt sem hans var, og kom til Berseba, og offra\u00f0i \u00fear Gu\u00f0i f\u00f6\u00f0ur s\u00edns \u00cdsaks sl\u00e1trunarf\u00f3rn.<a name=\"2\"><span class=\"versanumer\">2<\/span><\/a>Og Gu\u00f0 tala\u00f0i vi\u00f0 \u00cdsrael \u00ed s\u00fdn um n\u00f3ttina og sag\u00f0i: Jakob! Jakob! og hann svara\u00f0i: h\u00e9r em eg!<a name=\"3\"><span class=\"versanumer\">3<\/span><\/a>Og hann sag\u00f0i: eg em Gu\u00f0, \u00feinna fe\u00f0ra Gu\u00f0. \u00d3ttast \u00fe\u00fa ekki a\u00f0 fara ni\u00f0ur til Egyptalands, \u00fev\u00ed \u00fear mun eg gj\u00f6ra \u00feig a\u00f0 mikilli \u00fej\u00f3\u00f0.<a name=\"4\"><span class=\"versanumer\">4<\/span><\/a>Eg skal fara me\u00f0 \u00fe\u00e9r til Egyptalands, og eg mun flytja \u00feig \u00fea\u00f0an aftur og J\u00f3sep skal veita \u00fe\u00e9r \u00fear n\u00e1bjargirnar.<a name=\"5\"><span class=\"versanumer\">5<\/span><\/a>\u00de\u00e1 t\u00f3k Jakob sig upp fr\u00e1 Berseba, og \u00cdsraels synir fluttu Jakob f\u00f6\u00f0ur sinn, og b\u00f6rn s\u00edn og konur s\u00ednar \u00e1 \u00feeim v\u00f6gnum sem fara\u00f3 sendi, til a\u00f0 flytja hann \u00e1.<a name=\"6\"><span class=\"versanumer\">6<\/span><\/a>Og \u00feeir t\u00f3ku f\u00e9na\u00f0 sinn og fj\u00e1rhluti sem \u00feeim h\u00f6f\u00f0u aflast \u00ed Kanaanslandi, og komu \u00ed Egyptaland, Jakob og allir hans ni\u00f0jar me\u00f0 honum;<a name=\"7\"><span class=\"versanumer\">7<\/span><\/a>hans synir og sonasynir me\u00f0 honum, hans d\u00e6tur og hans sonad\u00e6tur; og alla s\u00edna ni\u00f0ja, flutti hann me\u00f0 s\u00e9r til Egyptalands. <br \/><a name=\"8\"><span class=\"versanumer\">8<\/span><\/a>\u00deessi eru n\u00f6fn \u00cdsraelssona sem komu til Egyptalands, Jakob og hans synir. R\u00faben Jakobs frumgetni son.<a name=\"9\"><span class=\"versanumer\">9<\/span><\/a>Og synir R\u00fabens, Hanok og Pallu og Hesron og Karmi.<a name=\"10\"><span class=\"versanumer\">10<\/span><\/a>Og synir Simeons: Jemuel og Jamin og Ohad og Jakin og Soar og S\u00e1l, sonur \u00feeirrar kanversku.<a name=\"11\"><span class=\"versanumer\">11<\/span><\/a>Og synir Levi: Gerson Kahat og Merari,<a name=\"12\"><span class=\"versanumer\">12<\/span><\/a>og synir J\u00fada: Ger og Onan og sela og Peres og Sera <span class='VideyAth'>(en Ger og Onan d\u00f3u \u00ed Kanaanslandi)<\/span> og Peres synir voru: Hesron og Hamul.<a name=\"13\"><span class=\"versanumer\">13<\/span><\/a>Og synir \u00cdssaskars: T\u00f3la og P\u00fava og Job og Simrom.<a name=\"14\"><span class=\"versanumer\">14<\/span><\/a>Og synir Sebulons: Sered og Elon og Jalel.<a name=\"15\"><span class=\"versanumer\">15<\/span><\/a>\u00deetta eru synir Leu, sem h\u00fan f\u00e6ddi Jakob \u00ed Mesopotam\u00edu, me\u00f0 D\u00ednu d\u00f3ttur hans, allir hennar synir og d\u00e6tur voru 33 s\u00e1lir.<a name=\"16\"><span class=\"versanumer\">16<\/span><\/a>Og synir Ga\u00f0s: Sifion og Haggi, Suni og Esbon, Eri og Arodi og Areli.<a name=\"17\"><span class=\"versanumer\">17<\/span><\/a>Og synir Assers: Imna og Isva og Isvi og Br\u00eda og Sera, \u00feeirra systir; og synir Br\u00eda: Heber og Malkiel.<a name=\"18\"><span class=\"versanumer\">18<\/span><\/a>\u00deetta eru synir Silpu, sem Laban gaf Leu d\u00f3ttur sinni, h\u00fan \u00f3l \u00feessa Jakob\u201416 s\u00e1lir.<a name=\"19\"><span class=\"versanumer\">19<\/span><\/a>synir Rakelar, konu Jakobs: J\u00f3sep og Benjam\u00edn.<a name=\"20\"><span class=\"versanumer\">20<\/span><\/a>Og J\u00f3sep f\u00e6ddust synir \u00ed Egyptalandi; Asnat, d\u00f3ttir prestsins \u00ed On \u00f3l honum \u00fe\u00e1: Manasse og Efraim.<a name=\"21\"><span class=\"versanumer\">21<\/span><\/a>Og synir Benjam\u00edns: Bela og Beker og Asbel, Gera og Naaman, Ehi og Ros, Muppim og Huppim og Ard.<a name=\"22\"><span class=\"versanumer\">22<\/span><\/a>\u00deetta eru synir Rakelar sem f\u00e6ddust Jakob, alls 14 s\u00e1lir.<a name=\"23\"><span class=\"versanumer\">23<\/span><\/a>Dans synir Husim.<a name=\"24\"><span class=\"versanumer\">24<\/span><\/a>Naftalis synir: Jafeel og Guni, Jefer og Sillem.<a name=\"25\"><span class=\"versanumer\">25<\/span><\/a>\u00deetta eru Bilu synir, sem Laban gaf Rakel d\u00f3ttur sinni, og h\u00fan \u00f3l Jakob; \u00feeir eru 7 s\u00e1lir.<a name=\"26\"><span class=\"versanumer\">26<\/span><\/a>Og allar \u00fe\u00e6r s\u00e1lir sem komu me\u00f0 Jakob til Egyptalands er af honum voru komnar, fyrir utan Jakobs sonakonur, eru 66 s\u00e1lir.<a name=\"27\"><span class=\"versanumer\">27<\/span><\/a>Og synir J\u00f3seps, sem honum voru f\u00e6ddir \u00ed Egyptalandi voru tv\u00e6r s\u00e1lir. Allar s\u00e1lir af Jakobs h\u00fasi, sem komu til Egyptalands voru 70 s\u00e1lir.<a name=\"28\"><span class=\"versanumer\">28<\/span><\/a>Og hann sendi J\u00fada \u00e1 undan s\u00e9r til J\u00f3seps, a\u00f0 hann v\u00edsa\u00f0i s\u00e9r til Gosen.<a name=\"29\"><span class=\"versanumer\">29<\/span><\/a>\u00de\u00e1 l\u00e9t J\u00f3sep spenna fyrir sinn vagn, og f\u00f3r \u00e1 m\u00f3ti f\u00f6\u00f0ur s\u00ednum \u00cdsrael, til Gosen, og sem hann kom fyrir hann, f\u00e9ll hann honum um h\u00e1ls, og gr\u00e9t lengi.<a name=\"30\"><span class=\"versanumer\">30<\/span><\/a>Og \u00cdsrael sag\u00f0i vi\u00f0 J\u00f3sep: n\u00fa vil eg deyja, fyrst eg er b\u00fainn a\u00f0 sj\u00e1 \u00feig, og fyrst \u00fe\u00fa ert enn \u00e1 l\u00edfi.<a name=\"31\"><span class=\"versanumer\">31<\/span><\/a>Og J\u00f3sep sag\u00f0i vi\u00f0 br\u00e6\u00f0ur s\u00edna, og vi\u00f0 s\u00edns f\u00f6\u00f0urs h\u00fas: n\u00fa vil eg fara og l\u00e1ta fara\u00f3 vita, og segja vi\u00f0 hann: br\u00e6\u00f0ur m\u00ednir og m\u00edns f\u00f6\u00f0urs h\u00fas sem voru \u00ed Kanaanslandi, eru til m\u00edn komnir;<a name=\"32\"><span class=\"versanumer\">32<\/span><\/a>og mennirnir eru fj\u00e1rhir\u00f0arar, \u00fev\u00ed \u00feeir hafa lagt fyrir sig fj\u00e1rr\u00e6kt og sau\u00f0i s\u00edna og nautpening sinn eru \u00feeir komnir me\u00f0, og allt hva\u00f0 \u00feeir eiga.<a name=\"33\"><span class=\"versanumer\">33<\/span><\/a>\u00deegar n\u00fa fara\u00f3 l\u00e6tur y\u00f0ur kalla og spyr: hver er y\u00f0ar atvinna?<a name=\"34\"><span class=\"versanumer\">34<\/span><\/a>\u00fe\u00e1 svari\u00f0: fj\u00e1rr\u00e6kt hafa \u00fe\u00ednir \u00fej\u00f3nar stunda\u00f0 fr\u00e1 barn\u00e6sku til \u00feessa dags, b\u00e6\u00f0i v\u00e9r og fe\u00f0ur vorir; til \u00feess \u00fe\u00e9r f\u00e1i\u00f0 a\u00f0 b\u00faa \u00ed landinu Gosen.<\/p>\n<div class=\"footnoteVidey\"><\/div>\n","protected":false},"excerpt":{"rendered":"<p>Jakob fer til Egyptalands me\u00f0 allt sitt. 1Og \u00cdsrael t\u00f3k sig upp, og f\u00f3r me\u00f0 allt sem hans var, og kom til Berseba, og offra\u00f0i \u00fear Gu\u00f0i f\u00f6\u00f0ur s\u00edns \u00cdsaks sl\u00e1trunarf\u00f3rn.2Og Gu\u00f0 tala\u00f0i vi\u00f0 \u00cdsrael \u00ed s\u00fdn um n\u00f3ttina og sag\u00f0i: Jakob! Jakob! og hann svara\u00f0i: h\u00e9r em eg!3Og hann sag\u00f0i: eg em Gu\u00f0, \u00feinna fe\u00f0ra Gu\u00f0. \u00d3ttast \u00fe\u00fa ekki a\u00f0 fara ni\u00f0ur til Egyptalands, \u00fev\u00ed \u00fear mun eg gj\u00f6ra \u00feig a\u00f0 mikilli \u00fej\u00f3\u00f0.4Eg skal fara me\u00f0 \u00fe\u00e9r til Egyptalands, og eg mun flytja \u00feig \u00fea\u00f0an aftur og J\u00f3sep skal veita \u00fe\u00e9r \u00fear n\u00e1bjargirnar.5\u00de\u00e1 t\u00f3k Jakob sig upp fr\u00e1 Berseba, <a href=\"https:\/\/biblian.is\/videy\/fyrsta-mosebok-46-kafli\/\"> [&#8230;]<\/a><\/p>\n","protected":false},"author":1,"featured_media":0,"parent":0,"menu_order":0,"comment_status":"open","ping_status":"open","template":"bibliukaflar.php","meta":{"footnotes":""},"class_list":["post-20895","page","type-page","status-publish","hentry"],"_links":{"self":[{"href":"https:\/\/biblian.is\/videy\/wp-json\/wp\/v2\/pages\/20895","targetHints":{"allow":["GET"]}}],"collection":[{"href":"https:\/\/biblian.is\/videy\/wp-json\/wp\/v2\/pages"}],"about":[{"href":"https:\/\/biblian.is\/videy\/wp-json\/wp\/v2\/types\/page"}],"author":[{"embeddable":true,"href":"https:\/\/biblian.is\/videy\/wp-json\/wp\/v2\/users\/1"}],"replies":[{"embeddable":true,"href":"https:\/\/biblian.is\/videy\/wp-json\/wp\/v2\/comments?post=20895"}],"version-history":[{"count":0,"href":"https:\/\/biblian.is\/videy\/wp-json\/wp\/v2\/pages\/20895\/revisions"}],"wp:attachment":[{"href":"https:\/\/biblian.is\/videy\/wp-json\/wp\/v2\/media?parent=20895"}],"curies":[{"name":"wp","href":"https:\/\/api.w.org\/{rel}","templated":true}]}}