{"id":20894,"date":"2018-01-02T00:59:25","date_gmt":"2018-01-02T00:59:25","guid":{"rendered":"http:\/\/biblian.is\/videy\/fyrsta-mosebok-45-kafli\/"},"modified":"2018-01-02T00:59:25","modified_gmt":"2018-01-02T00:59:25","slug":"fyrsta-mosebok-45-kafli","status":"publish","type":"page","link":"https:\/\/biblian.is\/videy\/fyrsta-mosebok-45-kafli\/","title":{"rendered":"Fyrsta M\u00f3seb\u00f3k 45. kafli"},"content":{"rendered":"<div class=\"fyrirsognVidey\">1.) J\u00f3sep getur ei lengur dulist br\u00e6\u00f0rum s\u00ednum. 2.) Sendir eftir f\u00f6\u00f0ur s\u00ednum.<\/div>\n<p><a name=\"1\"><span class=\"versanumer\">1<\/span><\/a><span style='font-weight:bold;padding-left:10px'>1.)<\/span> En J\u00f3sep gat \u00fe\u00e1 ekki lengur haldi\u00f0 s\u00e9r \u00ed augs\u00fdn allra sem vi\u00f0staddir voru, og kalla\u00f0i: l\u00e1ti\u00f0 hvern mann ganga \u00fat fr\u00e1 m\u00e9r! og engin ma\u00f0ur var inni hj\u00e1 honum \u00feegar hann l\u00e9t br\u00e6\u00f0ur s\u00edna \u00feekkja sig.<a name=\"2\"><span class=\"versanumer\">2<\/span><\/a>Og hann gr\u00e9t h\u00e1st\u00f6fum svo a\u00f0 egypskir heyr\u00f0u og fara\u00f3s h\u00fas heyr\u00f0i \u00fea\u00f0.<a name=\"3\"><span class=\"versanumer\">3<\/span><\/a>Og J\u00f3sep m\u00e6lti: eg em J\u00f3sep! lifir fa\u00f0ir minn enn? og br\u00e6\u00f0ur hans g\u00e1tu ekki svara\u00f0 honum, svo var\u00f0 \u00feeim bilt vi\u00f0.<a name=\"4\"><span class=\"versanumer\">4<\/span><\/a>Og J\u00f3sep sag\u00f0i vi\u00f0 br\u00e6\u00f0ur s\u00edna: komi\u00f0 hinga\u00f0 til m\u00edn! og \u00feeir gengu til hans. Og hann m\u00e6lti: eg em J\u00f3sep br\u00f3\u00f0ir y\u00f0ar, sem \u00fe\u00e9r hafi\u00f0 selt til Egyptalands.<a name=\"5\"><span class=\"versanumer\">5<\/span><\/a>L\u00e1ti\u00f0 \u00fea\u00f0 ekki hryggja y\u00f0ur, rei\u00f0ist ei af \u00fev\u00ed a\u00f0 \u00fe\u00e9r hafi\u00f0 selt mig hinga\u00f0, \u00fev\u00ed til l\u00edfs vi\u00f0urhalds hefur Gu\u00f0 sent mig hinga\u00f0 \u00e1 undan y\u00f0ur,<a name=\"6\"><span class=\"versanumer\">6<\/span><\/a>\u00fev\u00ed \u00ed \u00feessi 2 \u00e1r hefur hungur veri\u00f0 \u00ed landinu, og enn n\u00fa mun \u00ed 5 \u00e1r hverki ver\u00f0a pl\u00e6gt n\u00e9 uppskori\u00f0.<a name=\"7\"><span class=\"versanumer\">7<\/span><\/a>Og svo hefur Gu\u00f0 sent mig hinga\u00f0 \u00e1 undan y\u00f0ur, svo \u00fe\u00e9r h\u00e9ldu\u00f0 l\u00edfi \u00e1 j\u00f6r\u00f0unni, og til a\u00f0 vi\u00f0halda y\u00f0ur til mikils frelsis.<a name=\"8\"><span class=\"versanumer\">8<\/span><\/a>Og n\u00fa hafi\u00f0 \u00fe\u00e9r ekki sent mig hinga\u00f0 heldur Gu\u00f0; og hann hefur gj\u00f6rt mig f\u00f6\u00f0ur fara\u00f3s og a\u00f0 herra alls hans h\u00fass, og a\u00f0 drottnara yfir \u00f6llu Egyptalandi,<a name=\"9\"><span class=\"versanumer\">9<\/span><\/a>hra\u00f0i\u00f0 y\u00f0ur n\u00fa og fari\u00f0 heim til f\u00f6\u00f0ur m\u00edns og segi\u00f0 til hans: svo seigir J\u00f3sep sonur \u00feinn: Gu\u00f0 hefur gj\u00f6rt mig a\u00f0 herra alls Egyptalands, kom \u00fe\u00fa til m\u00edn, og kom sem fyrst!<a name=\"10\"><span class=\"versanumer\">10<\/span><\/a>Og \u00fe\u00fa skalt b\u00faa \u00ed landinu Gosen, og vera \u00ed n\u00e1nd vi\u00f0 mig, \u00fe\u00fa og \u00fe\u00ednir synir, og \u00fe\u00ednir sonasynir, og \u00fe\u00ednir sau\u00f0ir og \u00fe\u00ednar k\u00fdr og allt sem \u00feitt er.<a name=\"11\"><span class=\"versanumer\">11<\/span><\/a>Eg skal sj\u00e1 \u00fe\u00e9r \u00fear fyrir atvinnu, \u00fev\u00ed enn ver\u00f0ur hall\u00e6ri \u00ed 5 \u00e1r, svo \u00fe\u00fa l\u00ed\u00f0ir ekki skort, hverki \u00fe\u00fa n\u00e9 \u00feitt h\u00fas n\u00e9 nokku\u00f0 sem \u00fe\u00e9r tilheyrir.<a name=\"12\"><span class=\"versanumer\">12<\/span><\/a>Og sj\u00e1! y\u00f0ar augu og augu Benjam\u00edns br\u00f3\u00f0ur m\u00edns sj\u00e1, a\u00f0 minn munnur vi\u00f0 y\u00f0ur talar.<a name=\"13\"><span class=\"versanumer\">13<\/span><\/a>Og segi\u00f0 f\u00f6\u00f0ur m\u00ednum fr\u00e1 allri minni d\u00fdr\u00f0 \u00ed Egyptalandi, og fr\u00e1 \u00f6llu sem \u00fe\u00e9r sj\u00e1i\u00f0, og fl\u00fdti\u00f0 y\u00f0ur n\u00fa, og komi\u00f0 hinga\u00f0 me\u00f0 f\u00f6\u00f0ur minn.<a name=\"14\"><span class=\"versanumer\">14<\/span><\/a>Og hann f\u00e9ll um h\u00e1ls Benjam\u00edn br\u00f3\u00f0ur s\u00ednum og gr\u00e9t, og Benjam\u00edn gr\u00e9t  um hans h\u00e1ls.<a name=\"15\"><span class=\"versanumer\">15<\/span><\/a>Og hann minntist vi\u00f0 alla br\u00e6\u00f0ur s\u00edna og gr\u00e9t yfir \u00feeim, og \u00fear eftir g\u00e1tu br\u00e6\u00f0ur hans vi\u00f0 hann tala\u00f0. <br \/><a name=\"16\"><span class=\"versanumer\">16<\/span><\/a><span style='font-weight:bold;padding-left:10px'>2.)<\/span> Eftir \u00feetta fr\u00e9ttist \u00ed fara\u00f3s h\u00fas, a\u00f0 br\u00e6\u00f0ur J\u00f3seps v\u00e6ru \u00fear komnir, og \u00fea\u00f0 ge\u00f0ja\u00f0ist fara\u00f3 og hans \u00fe\u00e9nurum.<a name=\"17\"><span class=\"versanumer\">17<\/span><\/a>Og fara\u00f3 sag\u00f0i vi\u00f0 J\u00f3sep: seig \u00fe\u00fa br\u00e6\u00f0rum \u00fe\u00ednum a\u00f0 \u00feeir gj\u00f6ri \u00feetta: klyfji s\u00edn vinnud\u00fdr og fari til Kanaanslands.<a name=\"18\"><span class=\"versanumer\">18<\/span><\/a>Og seg \u00feeim: taki\u00f0 f\u00f6\u00f0ur y\u00f0ar og hyski y\u00f0ar og komi\u00f0 til m\u00edn, og eg skal gefa y\u00f0ur \u00fea\u00f0 besta af Egyptalandi, og \u00fe\u00e9r skulu\u00f0 eta landsins feiti.<a name=\"19\"><span class=\"versanumer\">19<\/span><\/a>Og \u00fe\u00e9r er \u00fea\u00f0 bo\u00f0i\u00f0; gj\u00f6r svo: taki\u00f0 y\u00f0ur vagna \u00ed Egyptalandi, handa y\u00f0ar b\u00f6rnum og konum og flytji\u00f0 y\u00f0ar f\u00f6\u00f0ur, og komi\u00f0.<a name=\"20\"><span class=\"versanumer\">20<\/span><\/a>Og gefi\u00f0 ekkert um y\u00f0ar b\u00fasg\u00f6gn, \u00fev\u00ed \u00fea\u00f0 besta af \u00f6llu Egyptalandi skal tilheyra y\u00f0ur.<a name=\"21\"><span class=\"versanumer\">21<\/span><\/a>Og synir \u00cdsraels gj\u00f6r\u00f0u svo, og J\u00f3sep f\u00e9kk \u00feeim vagna eftir or\u00f0um fara\u00f3s, og nesti til fer\u00f0arinnar.<a name=\"22\"><span class=\"versanumer\">22<\/span><\/a>Hann gaf og s\u00e9rhverjum \u00feeirra sparif\u00f6t, en Benjam\u00edn gaf hann hundra\u00f0 sikla silfurs og fimm sparikl\u00e6\u00f0na\u00f0i.<a name=\"23\"><span class=\"versanumer\">23<\/span><\/a>Og f\u00f6\u00f0ur s\u00ednum sendi hann \u00feetta: t\u00edu asna klyfja\u00f0a me\u00f0 Egyptalands g\u00e6\u00f0i og t\u00edu \u00f6snur sem b\u00e1ru korn og brau\u00f0 og vistir handa f\u00f6\u00f0ur hans til fer\u00f0arinnar;<a name=\"24\"><span class=\"versanumer\">24<\/span><\/a>og hann l\u00e9t br\u00e6\u00f0ur s\u00edna fara, og \u00feeir f\u00f3ru; og hann sag\u00f0i vi\u00f0 \u00fe\u00e1: deili\u00f0 ekki \u00e1 lei\u00f0inni. <br \/><a name=\"25\"><span class=\"versanumer\">25<\/span><\/a>Og \u00feeir f\u00f3ru af sta\u00f0 \u00far Egyptalandi og komu \u00ed Kanaansland til Jakobs f\u00f6\u00f0ur s\u00edns.<a name=\"26\"><span class=\"versanumer\">26<\/span><\/a>Og \u00feeir f\u00e6r\u00f0u honum t\u00ed\u00f0indin og s\u00f6g\u00f0u: J\u00f3sep lifir enn, og er herra yfir \u00f6llu Egyptalandi; en hans hjarta komst ekki vi\u00f0, \u00fev\u00ed hann tr\u00fa\u00f0i \u00feeim ekki.<a name=\"27\"><span class=\"versanumer\">27<\/span><\/a>\u00deeir b\u00e1ru honum \u00fe\u00e1 \u00f6ll J\u00f3seps or\u00f0, sem hann haf\u00f0i vi\u00f0 \u00fe\u00e1 tala\u00f0, og hann s\u00e1 vagnana sem J\u00f3sep haf\u00f0i sent til a\u00f0 flytja hann \u00e1.<a name=\"28\"><span class=\"versanumer\">28<\/span><\/a>Og \u00cdsrael sag\u00f0i: miki\u00f0 er \u00feetta! J\u00f3sep sonur minn lifir enn! Eg vil fara og sj\u00e1 hann, \u00e1\u00f0ur en eg dey.<\/p>\n<div class=\"footnoteVidey\"><\/div>\n","protected":false},"excerpt":{"rendered":"<p>1.) J\u00f3sep getur ei lengur dulist br\u00e6\u00f0rum s\u00ednum. 2.) Sendir eftir f\u00f6\u00f0ur s\u00ednum. 11.) En J\u00f3sep gat \u00fe\u00e1 ekki lengur haldi\u00f0 s\u00e9r \u00ed augs\u00fdn allra sem vi\u00f0staddir voru, og kalla\u00f0i: l\u00e1ti\u00f0 hvern mann ganga \u00fat fr\u00e1 m\u00e9r! og engin ma\u00f0ur var inni hj\u00e1 honum \u00feegar hann l\u00e9t br\u00e6\u00f0ur s\u00edna \u00feekkja sig.2Og hann gr\u00e9t h\u00e1st\u00f6fum svo a\u00f0 egypskir heyr\u00f0u og fara\u00f3s h\u00fas heyr\u00f0i \u00fea\u00f0.3Og J\u00f3sep m\u00e6lti: eg em J\u00f3sep! lifir fa\u00f0ir minn enn? og br\u00e6\u00f0ur hans g\u00e1tu ekki svara\u00f0 honum, svo var\u00f0 \u00feeim bilt vi\u00f0.4Og J\u00f3sep sag\u00f0i vi\u00f0 br\u00e6\u00f0ur s\u00edna: komi\u00f0 hinga\u00f0 til m\u00edn! og \u00feeir gengu til hans. Og hann <a href=\"https:\/\/biblian.is\/videy\/fyrsta-mosebok-45-kafli\/\"> [&#8230;]<\/a><\/p>\n","protected":false},"author":1,"featured_media":0,"parent":0,"menu_order":0,"comment_status":"open","ping_status":"open","template":"bibliukaflar.php","meta":{"footnotes":""},"class_list":["post-20894","page","type-page","status-publish","hentry"],"_links":{"self":[{"href":"https:\/\/biblian.is\/videy\/wp-json\/wp\/v2\/pages\/20894","targetHints":{"allow":["GET"]}}],"collection":[{"href":"https:\/\/biblian.is\/videy\/wp-json\/wp\/v2\/pages"}],"about":[{"href":"https:\/\/biblian.is\/videy\/wp-json\/wp\/v2\/types\/page"}],"author":[{"embeddable":true,"href":"https:\/\/biblian.is\/videy\/wp-json\/wp\/v2\/users\/1"}],"replies":[{"embeddable":true,"href":"https:\/\/biblian.is\/videy\/wp-json\/wp\/v2\/comments?post=20894"}],"version-history":[{"count":0,"href":"https:\/\/biblian.is\/videy\/wp-json\/wp\/v2\/pages\/20894\/revisions"}],"wp:attachment":[{"href":"https:\/\/biblian.is\/videy\/wp-json\/wp\/v2\/media?parent=20894"}],"curies":[{"name":"wp","href":"https:\/\/api.w.org\/{rel}","templated":true}]}}