{"id":20869,"date":"2018-01-02T00:59:15","date_gmt":"2018-01-02T00:59:15","guid":{"rendered":"http:\/\/biblian.is\/videy\/fyrsta-mosebok-20-kafli\/"},"modified":"2018-01-02T00:59:15","modified_gmt":"2018-01-02T00:59:15","slug":"fyrsta-mosebok-20-kafli","status":"publish","type":"page","link":"https:\/\/biblian.is\/videy\/fyrsta-mosebok-20-kafli\/","title":{"rendered":"Fyrsta M\u00f3seb\u00f3k 20. kafli"},"content":{"rendered":"<div class=\"fyrirsognVidey\">Abimelek tekur S\u00f6ru fr\u00e1 Abraham, en skilar henni aftur.<\/div>\n<p><a name=\"1\"><span class=\"versanumer\">1<\/span><\/a>\u00de\u00e1 flutti Abraham sig \u00fea\u00f0an su\u00f0ur \u00ed landi\u00f0, og bj\u00f3 milli Kades og S\u00far, og dvaldi \u00ed Gerar.<a name=\"2\"><span class=\"versanumer\">2<\/span><\/a>Og Abraham sag\u00f0i: a\u00f0 kona s\u00edn Sara v\u00e6ri systir s\u00edn. \u00de\u00e1 sendi Abimelek k\u00f3ngur \u00ed Gerar, og t\u00f3k S\u00f6ru.<a name=\"3\"><span class=\"versanumer\">3<\/span><\/a>En Gu\u00f0 kom til Abimeleks \u00ed draumi um n\u00f3ttina og sag\u00f0i til hans: heyr\u00f0u! \u00fe\u00fa skalt deyja vegna \u00feeirrar konu sem \u00fe\u00fa t\u00f3kst, h\u00fan er gift kona.<a name=\"4\"><span class=\"versanumer\">4<\/span><\/a>En Abimelek haf\u00f0i ekki komi\u00f0 n\u00e6rri henni. Og hann sag\u00f0i: Herra! villtu \u00fe\u00e1 l\u00edka dey\u00f0a r\u00e9ttl\u00e1tt f\u00f3lk?<a name=\"5\"><span class=\"versanumer\">5<\/span><\/a>hefur hann ekki sagt m\u00e9r: h\u00fan er systir m\u00edn? og l\u00edka hefur h\u00fan sagt: hann er br\u00f3\u00f0ir minn. Eg hefi \u00fev\u00ed gj\u00f6rt \u00feetta \u00ed hjartans grandvarlegleika og me\u00f0 hreinni h\u00f6nd.<a name=\"6\"><span class=\"versanumer\">6<\/span><\/a>Og Gu\u00f0 sag\u00f0i vi\u00f0 hann \u00ed draumi: eg vissi a\u00f0 \u00fe\u00fa gj\u00f6r\u00f0ir \u00fea\u00f0 \u00ed grandvarlegleika hjarta \u00fe\u00edns; \u00fev\u00ed var\u00f0veitti eg \u00feig l\u00edka, svo \u00fe\u00fa syndga\u00f0ir ei \u00e1 m\u00f3ti m\u00e9r, \u00fev\u00ed leyf\u00f0i eg \u00fe\u00e9r ekki a\u00f0 snerta hana.<a name=\"7\"><span class=\"versanumer\">7<\/span><\/a>svo f\u00e1 n\u00fa manninum s\u00edna konu aftur, \u00fev\u00ed hann er m\u00e9r handgenginn <span class='VideyAth'>(sp\u00e1ma\u00f0ur)<\/span> hann mun bi\u00f0ja fyrir \u00fe\u00e9r a\u00f0 \u00fe\u00fa lifir; en ef \u00fe\u00fa skilar henni ekki aftur, \u00fe\u00e1 skaltu vita, a\u00f0 \u00fe\u00fa munt vissulega deyja og allt sem \u00feitt er. <br \/><a name=\"8\"><span class=\"versanumer\">8<\/span><\/a>Og Abimelek reis \u00e1rla upp um morguninn og kalla\u00f0i til s\u00edn alla s\u00edna \u00fe\u00e9nara <span class='VideyAth'>(r\u00e1\u00f0gjafa)<\/span> og tala\u00f0i \u00f6ll \u00feessi or\u00f0 fyrir \u00feeirra eyrum; og mennirnir ur\u00f0u mj\u00f6g \u00f3ttaslegnir.<a name=\"9\"><span class=\"versanumer\">9<\/span><\/a>Og Abimelek kalla\u00f0i Abraham og sag\u00f0i vi\u00f0 hann: hva\u00f0 hefir \u00fe\u00fa gj\u00f6rt oss, og hva\u00f0 hefi eg misgj\u00f6rt vi\u00f0 \u00feig, a\u00f0 \u00fe\u00fa skyldir lei\u00f0a yfir mig og mitt r\u00edki svo st\u00f3ra synd? \u00de\u00fa hefur a\u00f0hafst \u00fea\u00f0 verk m\u00f3ti m\u00e9r, sem ekki \u00e1 a\u00f0 fremja.<a name=\"10\"><span class=\"versanumer\">10<\/span><\/a>Og Abimelek sag\u00f0i <span class='VideyAth'>(enn framar)<\/span> vi\u00f0 Abraham: Hva\u00f0 hefur \u00fe\u00fa s\u00e9\u00f0 \u00ed, a\u00f0 \u00fe\u00fa gj\u00f6r\u00f0ir \u00feetta?<a name=\"11\"><span class=\"versanumer\">11<\/span><\/a>\u00de\u00e1 svara\u00f0i Abraham: eg hugsa\u00f0i: vissulega er engin Gu\u00f0s \u00f3tti \u00e1 \u00feessum sta\u00f0. \u00deeir drepa mig \u00fev\u00ed vegna konu minnar.<a name=\"12\"><span class=\"versanumer\">12<\/span><\/a>L\u00edka er h\u00fan sannarlega systir m\u00edn, d\u00f3ttir f\u00f6\u00f0ur m\u00edns en ekki d\u00f3ttir m\u00f3\u00f0ur minnar og er or\u00f0in m\u00edn kona.<a name=\"13\"><span class=\"versanumer\">13<\/span><\/a>Og \u00fea\u00f0 ske\u00f0i, \u00feegar Gu\u00f0 l\u00e9t mig fara \u00far m\u00edns f\u00f6\u00f0ur h\u00fasi, a\u00f0 eg sag\u00f0i vi\u00f0 hana, s\u00fdndu m\u00e9r \u00fe\u00e1 g\u00f3\u00f0semi hvar sem vi\u00f0 komum: seg\u00f0u eg s\u00e9 br\u00f3\u00f0ur \u00feinn.<a name=\"14\"><span class=\"versanumer\">14<\/span><\/a>\u00de\u00e1 t\u00f3k Abimelek sau\u00f0i, naut, \u00fer\u00e6la og amb\u00e1ttir, og gaf Abraham, og f\u00e9kk honum aftur konu hans S\u00f6ru.<a name=\"15\"><span class=\"versanumer\">15<\/span><\/a>Og Abimelek sag\u00f0i: sj\u00e1! mitt land liggur fyrir \u00fe\u00ednum augum, b\u00fa \u00fe\u00fa \u00ed \u00fev\u00ed hvar sem \u00fe\u00e9r l\u00edkar.<a name=\"16\"><span class=\"versanumer\">16<\/span><\/a>Og vi\u00f0 S\u00f6ru sag\u00f0i hann: eg hefi fengi\u00f0 br\u00f3\u00f0ur \u00fe\u00ednum \u00fe\u00fasund sikla silfurs. \u00deetta s\u00e9 \u00fe\u00e9r augna sk\u00fdla, hj\u00e1 \u00f6llum sem me\u00f0 \u00fe\u00e9r eru og \u00f6llum <span class='VideyAth'>(\u00f6\u00f0rum)<\/span> og \u00fe\u00fa munt \u00feekkjast.<a name=\"17\"><span class=\"versanumer\">17<\/span><\/a>Og Abraham ba\u00f0 til Gu\u00f0s og Gu\u00f0 l\u00e6kna\u00f0i Abimelek og hans konu og hans \u00feernur a\u00f0 \u00fe\u00e6r \u00f3lu b\u00f6rn.<a name=\"18\"><span class=\"versanumer\">18<\/span><\/a>\u00dev\u00ed Drottinn haf\u00f0i l\u00e6st s\u00e9rhverjum m\u00f3\u00f0urkvi\u00f0 \u00ed Abimeleks h\u00fasi sakir S\u00f6ru, konu Abrahams.<\/p>\n<div class=\"footnoteVidey\">V. 16. \u00deegar Sara br\u00faka\u00f0i sk\u00fdlu g\u00e1tu allir s\u00e9\u00f0 a\u00f0 h\u00fan mundi vera gift kona, auk \u00feess a\u00f0 fr\u00ed\u00f0leiki undir sk\u00fdlu er s\u00ed\u00f0ur freistandi.<\/div>\n","protected":false},"excerpt":{"rendered":"<p>Abimelek tekur S\u00f6ru fr\u00e1 Abraham, en skilar henni aftur. 1\u00de\u00e1 flutti Abraham sig \u00fea\u00f0an su\u00f0ur \u00ed landi\u00f0, og bj\u00f3 milli Kades og S\u00far, og dvaldi \u00ed Gerar.2Og Abraham sag\u00f0i: a\u00f0 kona s\u00edn Sara v\u00e6ri systir s\u00edn. \u00de\u00e1 sendi Abimelek k\u00f3ngur \u00ed Gerar, og t\u00f3k S\u00f6ru.3En Gu\u00f0 kom til Abimeleks \u00ed draumi um n\u00f3ttina og sag\u00f0i til hans: heyr\u00f0u! \u00fe\u00fa skalt deyja vegna \u00feeirrar konu sem \u00fe\u00fa t\u00f3kst, h\u00fan er gift kona.4En Abimelek haf\u00f0i ekki komi\u00f0 n\u00e6rri henni. Og hann sag\u00f0i: Herra! villtu \u00fe\u00e1 l\u00edka dey\u00f0a r\u00e9ttl\u00e1tt f\u00f3lk?5hefur hann ekki sagt m\u00e9r: h\u00fan er systir m\u00edn? og l\u00edka hefur h\u00fan sagt: <a href=\"https:\/\/biblian.is\/videy\/fyrsta-mosebok-20-kafli\/\"> [&#8230;]<\/a><\/p>\n","protected":false},"author":1,"featured_media":0,"parent":0,"menu_order":0,"comment_status":"open","ping_status":"open","template":"bibliukaflar.php","meta":{"footnotes":""},"class_list":["post-20869","page","type-page","status-publish","hentry"],"_links":{"self":[{"href":"https:\/\/biblian.is\/videy\/wp-json\/wp\/v2\/pages\/20869","targetHints":{"allow":["GET"]}}],"collection":[{"href":"https:\/\/biblian.is\/videy\/wp-json\/wp\/v2\/pages"}],"about":[{"href":"https:\/\/biblian.is\/videy\/wp-json\/wp\/v2\/types\/page"}],"author":[{"embeddable":true,"href":"https:\/\/biblian.is\/videy\/wp-json\/wp\/v2\/users\/1"}],"replies":[{"embeddable":true,"href":"https:\/\/biblian.is\/videy\/wp-json\/wp\/v2\/comments?post=20869"}],"version-history":[{"count":0,"href":"https:\/\/biblian.is\/videy\/wp-json\/wp\/v2\/pages\/20869\/revisions"}],"wp:attachment":[{"href":"https:\/\/biblian.is\/videy\/wp-json\/wp\/v2\/media?parent=20869"}],"curies":[{"name":"wp","href":"https:\/\/api.w.org\/{rel}","templated":true}]}}