{"id":20864,"date":"2018-01-02T00:59:15","date_gmt":"2018-01-02T00:59:15","guid":{"rendered":"http:\/\/biblian.is\/videy\/fyrsta-mosebok-15-kafli\/"},"modified":"2018-01-02T00:59:15","modified_gmt":"2018-01-02T00:59:15","slug":"fyrsta-mosebok-15-kafli","status":"publish","type":"page","link":"https:\/\/biblian.is\/videy\/fyrsta-mosebok-15-kafli\/","title":{"rendered":"Fyrsta M\u00f3seb\u00f3k 15. kafli"},"content":{"rendered":"<div class=\"fyrirsognVidey\">Abram f\u00e6r fyrirheit um erfingja.<\/div>\n<p><a name=\"1\"><span class=\"versanumer\">1<\/span><\/a>Eftir \u00feessa daga ske\u00f0i or\u00f0 Drottins til Abrams \u00ed s\u00fdn, og m\u00e6lti: \u00f3ttast \u00fe\u00fa ekki, Abram! eg er \u00feinn skj\u00f6ldur og mj\u00f6g mikil laun.<a name=\"2\"><span class=\"versanumer\">2<\/span><\/a>Og Abram m\u00e6lti: Herra minn, Drottinn! hva\u00f0 \u00e6tlar \u00fe\u00fa a\u00f0 gefa m\u00e9r? fari eg h\u00e9\u00f0an barnlaus, ver\u00f0ur Eleasar fr\u00e1 Damaskus eigandi m\u00edns h\u00fass.<a name=\"3\"><span class=\"versanumer\">3<\/span><\/a>Og hann m\u00e6lti <span class='VideyAth'>(enn framar)<\/span>: sj\u00e1! \u00fe\u00fa hefir m\u00e9r ekkert afkv\u00e6mi gefi\u00f0, og sonur m\u00edns h\u00fass ver\u00f0ur minn erfingi.<a name=\"4\"><span class=\"versanumer\">4<\/span><\/a>Og sj\u00e1! or\u00f0 Drottins ske\u00f0i til hans og m\u00e6lti: Ekki skal hann vera \u00feinn erfingi, heldur s\u00e1 sem af \u00fe\u00e9r mun getinn ver\u00f0a, hann mun erfa \u00feig.<a name=\"5\"><span class=\"versanumer\">5<\/span><\/a>Og hann leiddi hann \u00fat og m\u00e6lti: sko\u00f0a \u00fe\u00fa himininn og tel \u00fe\u00fa stj\u00f6rnurnar! ef \u00fe\u00fa getur tali\u00f0 \u00fe\u00e6r. Og hann sag\u00f0i til hans: svo <span class='VideyAth'>(margt)<\/span> skal \u00feitt afkv\u00e6mi vera.<a name=\"6\"><span class=\"versanumer\">6<\/span><\/a>Og hann tr\u00fa\u00f0i Drottni, og hann reikna\u00f0i honum \u00fea\u00f0 til r\u00e9ttl\u00e6tis.<a name=\"7\"><span class=\"versanumer\">7<\/span><\/a>Og hann sag\u00f0i til hans: Eg em Drottinn sem \u00fatleiddi \u00feig fr\u00e1 Ur \u00ed Kaldea, til \u00feess a\u00f0 gefa \u00fe\u00e9r \u00feetta land til eignar.<a name=\"8\"><span class=\"versanumer\">8<\/span><\/a>Og hann m\u00e6lti: Herra, Drottinn! Hvar af get eg vita\u00f0, a\u00f0 eg muni \u00fea\u00f0 eignast? <br \/><a name=\"9\"><span class=\"versanumer\">9<\/span><\/a>Og hann m\u00e6lti til hans: f\u00e6r\u00f0u m\u00e9r \u00fer\u00e9vetra k\u00fa og \u00fer\u00e9vetra geit og \u00fer\u00e9vetran hr\u00fat, og turtild\u00fafu og unga d\u00fafu.<a name=\"10\"><span class=\"versanumer\">10<\/span><\/a>Og hann f\u00e6r\u00f0i honum allt \u00feetta, og skipti \u00fev\u00ed \u00ed tvo jafna hluti, og lag\u00f0i hvern hlutinn gegnt \u00f6\u00f0rum; en fuglunum skipti hann ekki.<a name=\"11\"><span class=\"versanumer\">11<\/span><\/a>Og hr\u00e6fuglarnir flugu a\u00f0 <span class='VideyAth'>(\u00e6tinu)<\/span>, en Abram f\u00e6ldi \u00fe\u00e1 burt. <span class='VideyAth'>(Jer. 34,18.19.)<\/span><a name=\"12\"><span class=\"versanumer\">12<\/span><\/a>En er s\u00f3lin var a\u00f0 ganga undir, f\u00e9ll \u00feungur svefnh\u00f6fgi yfir Abram, og \u00fe\u00e1, \u00f3tta miklum, og myrkri sl\u00f3 yfir hann. <br \/><a name=\"13\"><span class=\"versanumer\">13<\/span><\/a>\u00de\u00e1 sag\u00f0i hann <span class='VideyAth'>(Drottinn)<\/span> til Abrams: vita skaltu fyrir v\u00edst, a\u00f0 \u00feinn \u00e6ttleggur mun ver\u00f0a framandi \u00ed \u00fev\u00ed landi, sem hann \u00e1 ekki; \u00fear munu menn \u00fej\u00e1 hann og pl\u00e1ga \u00ed 400 \u00e1r;<a name=\"14\"><span class=\"versanumer\">14<\/span><\/a>en eg mun l\u00edka straffa \u00fe\u00e1 \u00fej\u00f3\u00f0 sem \u00feeir ver\u00f0a a\u00f0 \u00fej\u00f3na, og \u00fear eftir skulu \u00feeir fara \u00fea\u00f0an me\u00f0 mikil au\u00f0\u00e6fi.<a name=\"15\"><span class=\"versanumer\">15<\/span><\/a>En \u00fe\u00fa skalt koma \u00ed fri\u00f0i til \u00feinna fe\u00f0ra og \u00fe\u00fa skalt ver\u00f0a jar\u00f0a\u00f0ur \u00ed g\u00f3\u00f0ri elli.<a name=\"16\"><span class=\"versanumer\">16<\/span><\/a>\u00deeir munu koma hinga\u00f0 aftur a\u00f0 li\u00f0num fj\u00f3rum manns\u00f6ldrum, \u00fev\u00ed rangl\u00e6ti Am\u00f3ritanna, er enn ekki komi\u00f0 \u00e1 h\u00e6stu tr\u00f6ppu.<a name=\"17\"><span class=\"versanumer\">17<\/span><\/a>Og sem s\u00f3lin var gengin undir og dimmt var or\u00f0i\u00f0: sj\u00e1! \u00fe\u00e1 f\u00f3r reykur sem \u00far ofni, og eldslogi, um \u00feessi stykki.<a name=\"18\"><span class=\"versanumer\">18<\/span><\/a>\u00c1 \u00feeim degi gj\u00f6r\u00f0i Drottinn s\u00e1ttm\u00e1la vi\u00f0 Abram og m\u00e6lti: \u00fe\u00ednu afkv\u00e6mi hefi eg gefi\u00f0 \u00feetta land, fr\u00e1 Egyptalands\u00e1nni, til \u00e1rinnar hinnar miklu til Frat;<a name=\"19\"><span class=\"versanumer\">19<\/span><\/a>land Ken\u00edtanna og Kenesitanna og Kadmonitanna,<a name=\"20\"><span class=\"versanumer\">20<\/span><\/a>og Hetitanna og Feresitanna og Refitanna,<a name=\"21\"><span class=\"versanumer\">21<\/span><\/a>og Am\u00f3ritanna og Kananitanna og Gergesitanna og Jebusitanna.<\/p>\n<div class=\"footnoteVidey\">V. 13. Post. gb. 7,6.7.<\/div>\n","protected":false},"excerpt":{"rendered":"<p>Abram f\u00e6r fyrirheit um erfingja. 1Eftir \u00feessa daga ske\u00f0i or\u00f0 Drottins til Abrams \u00ed s\u00fdn, og m\u00e6lti: \u00f3ttast \u00fe\u00fa ekki, Abram! eg er \u00feinn skj\u00f6ldur og mj\u00f6g mikil laun.2Og Abram m\u00e6lti: Herra minn, Drottinn! hva\u00f0 \u00e6tlar \u00fe\u00fa a\u00f0 gefa m\u00e9r? fari eg h\u00e9\u00f0an barnlaus, ver\u00f0ur Eleasar fr\u00e1 Damaskus eigandi m\u00edns h\u00fass.3Og hann m\u00e6lti (enn framar): sj\u00e1! \u00fe\u00fa hefir m\u00e9r ekkert afkv\u00e6mi gefi\u00f0, og sonur m\u00edns h\u00fass ver\u00f0ur minn erfingi.4Og sj\u00e1! or\u00f0 Drottins ske\u00f0i til hans og m\u00e6lti: Ekki skal hann vera \u00feinn erfingi, heldur s\u00e1 sem af \u00fe\u00e9r mun getinn ver\u00f0a, hann mun erfa \u00feig.5Og hann leiddi hann \u00fat og <a href=\"https:\/\/biblian.is\/videy\/fyrsta-mosebok-15-kafli\/\"> [&#8230;]<\/a><\/p>\n","protected":false},"author":1,"featured_media":0,"parent":0,"menu_order":0,"comment_status":"open","ping_status":"open","template":"bibliukaflar.php","meta":{"footnotes":""},"class_list":["post-20864","page","type-page","status-publish","hentry"],"_links":{"self":[{"href":"https:\/\/biblian.is\/videy\/wp-json\/wp\/v2\/pages\/20864","targetHints":{"allow":["GET"]}}],"collection":[{"href":"https:\/\/biblian.is\/videy\/wp-json\/wp\/v2\/pages"}],"about":[{"href":"https:\/\/biblian.is\/videy\/wp-json\/wp\/v2\/types\/page"}],"author":[{"embeddable":true,"href":"https:\/\/biblian.is\/videy\/wp-json\/wp\/v2\/users\/1"}],"replies":[{"embeddable":true,"href":"https:\/\/biblian.is\/videy\/wp-json\/wp\/v2\/comments?post=20864"}],"version-history":[{"count":0,"href":"https:\/\/biblian.is\/videy\/wp-json\/wp\/v2\/pages\/20864\/revisions"}],"wp:attachment":[{"href":"https:\/\/biblian.is\/videy\/wp-json\/wp\/v2\/media?parent=20864"}],"curies":[{"name":"wp","href":"https:\/\/api.w.org\/{rel}","templated":true}]}}