{"id":20863,"date":"2018-01-02T00:59:15","date_gmt":"2018-01-02T00:59:15","guid":{"rendered":"http:\/\/biblian.is\/videy\/fyrsta-mosebok-14-kafli\/"},"modified":"2018-01-02T00:59:15","modified_gmt":"2018-01-02T00:59:15","slug":"fyrsta-mosebok-14-kafli","status":"publish","type":"page","link":"https:\/\/biblian.is\/videy\/fyrsta-mosebok-14-kafli\/","title":{"rendered":"Fyrsta M\u00f3seb\u00f3k 14. kafli"},"content":{"rendered":"<div class=\"fyrirsognVidey\">1.) Abram frelsar Lot. 2.) Melkisedek blessar Abram.<\/div>\n<p><a name=\"1\"><span class=\"versanumer\">1<\/span><\/a><span style='font-weight:bold;padding-left:10px'>1.)<\/span> Og \u00fea\u00f0 ske\u00f0i \u00e1 d\u00f6gum Amrafels, k\u00f3ngs \u00ed Sinear, Arioks k\u00f3ngs \u00ed Elassar, Kedolaomers k\u00f3ngs \u00ed Elam, og T\u00eddeals, hei\u00f0ingja <span class='VideyAth'>(Gal\u00edleu)<\/span> k\u00f3ngs,<a name=\"2\"><span class=\"versanumer\">2<\/span><\/a>a\u00f0 \u00feeir herju\u00f0u \u00e1 Bera k\u00f3ng \u00ed S\u00f3d\u00f3ma og \u00e1 Birsa k\u00f3ng \u00ed Gomorra, Sineab, k\u00f3ng \u00ed Adama og Semeber k\u00f3ng \u00ed Seboim, og k\u00f3nginn \u00ed Bela, \u00fea\u00f0 er: Soar.<a name=\"3\"><span class=\"versanumer\">3<\/span><\/a>Allir \u00feessir hittust \u00ed dalnum Siddim, sem n\u00fa heitir Saltisj\u00f3r <span class='VideyAth'>(Dau\u00f0ahafi\u00f0)<\/span>.<a name=\"4\"><span class=\"versanumer\">4<\/span><\/a>\u00cd 12 \u00e1r h\u00f6f\u00f0u \u00feeir veri\u00f0 l\u00fd\u00f0skyldir k\u00f3nginum, Kedorlaomer; en f\u00e9llu fr\u00e1 honum \u00e1 \u00fev\u00ed \u00ferett\u00e1nda \u00e1ri.<a name=\"5\"><span class=\"versanumer\">5<\/span><\/a>Og \u00e1 14da \u00e1ri kom Kedolaomer, og \u00feeir konungar sem me\u00f0 honum voru, og sl\u00f3gu Refeana \u00ed Astarot-Karnaim, og Susitana \u00ed Ham, og Emitana \u00ed Save-Kirjataim;<a name=\"6\"><span class=\"versanumer\">6<\/span><\/a>og Horea \u00e1 \u00feeirra fjalli Seir, til lundsins Faran, sem er \u00ed n\u00e1nd vi\u00f0 ey\u00f0im\u00f6rkina.<a name=\"7\"><span class=\"versanumer\">7<\/span><\/a>S\u00ed\u00f0an sneru \u00feeir \u00fea\u00f0an og komu til uppsprettunnar Mispat, \u00fea\u00f0 er: Kades, og f\u00f3ru herskildi yfir land Amalekita og Amorita, sem bjuggu \u00ed Haseson-Tamar.<br \/><a name=\"8\"><span class=\"versanumer\">8<\/span><\/a>\u00de\u00e1 l\u00f6g\u00f0u \u00e1 sta\u00f0, k\u00f3ngurinn \u00ed S\u00f3d\u00f3ma og k\u00f3ngurinn \u00ed Gomorra, og k\u00f3ngurinn \u00ed Adama, og k\u00f3ngurinn \u00ed Seboim og k\u00f3ngurinn \u00ed Bela, sem n\u00fa kallast Soar; og \u00feeir bjuggust til bardaga \u00ed dalnum Siddim,<a name=\"9\"><span class=\"versanumer\">9<\/span><\/a>m\u00f3ti Kedorlaomer, k\u00f3nginum \u00ed Elam og Tideal hei\u00f0ingja k\u00f3ngi, og Amrafel, k\u00f3ngi \u00ed Sinear, og Ariok k\u00f3ngi \u00ed Elasar, fj\u00f3rir k\u00f3ngar m\u00f3ti fimm.<a name=\"10\"><span class=\"versanumer\">10<\/span><\/a>En \u00ed dalnum Siddim voru margar leirgrafir. En k\u00f3ngurinn af S\u00f3d\u00f3ma og Gomorra voru reknir \u00e1 fl\u00f3tta, og \u00fear f\u00e9llu \u00feeir, og hinir fl\u00fd\u00f0u til fjalla.<a name=\"11\"><span class=\"versanumer\">11<\/span><\/a>\u00de\u00e1 t\u00f3ku hinir alla fj\u00e1rhluti sem voru \u00ed S\u00f3d\u00f3ma og Gomorra og \u00f6ll matv\u00e6li og f\u00f3ru svo.<a name=\"12\"><span class=\"versanumer\">12<\/span><\/a>\u00deeir t\u00f3ku l\u00edka Lot og hans fj\u00e1rhluti, br\u00f3\u00f0urson Abrams og l\u00f6g\u00f0u \u00e1 sta\u00f0; en hann \u00e1tti heima \u00ed S\u00f3d\u00f3ma. <br \/><a name=\"13\"><span class=\"versanumer\">13<\/span><\/a>\u00de\u00e1 kom einn, sem undan haf\u00f0i komist, og sag\u00f0i Abram \u00feeim Hebreska fr\u00e1, sem \u00fe\u00e1 bj\u00f3 \u00ed lundinum Mamres, Amoritans, br\u00f3\u00f0ir Eskols og Aners, sem voru s\u00e1ttm\u00e1la bundnir vi\u00f0 Abram.<a name=\"14\"><span class=\"versanumer\">14<\/span><\/a>En sem Abram fr\u00e9tti, a\u00f0 br\u00f3\u00f0ir hans var hertekinn, vopna\u00f0i hann 318 \u00e6f\u00f0a menn, f\u00e6dda \u00ed hans h\u00fasi, og f\u00f3r eftir \u00feeim allt til Dan.<a name=\"15\"><span class=\"versanumer\">15<\/span><\/a>\u00dear skipti hann <span class='VideyAth'>(li\u00f0i s\u00ednu)<\/span> og yfirf\u00e9ll s\u00edna \u00f3vini, \u00e1 n\u00e1ttar\u00feeli, hann og hans li\u00f0smenn, og r\u00e1ku \u00fe\u00e1 \u00e1 fl\u00f3tta og eltu \u00fe\u00e1 allt til Hoba, sem er vinstramegin vi\u00f0 Damaskus.<a name=\"16\"><span class=\"versanumer\">16<\/span><\/a>Og sneru heimlei\u00f0is me\u00f0 alla fj\u00e1rhlutina, og l\u00edka me\u00f0 br\u00f3\u00f0urson sinn Lot, og flutti til baka hans fj\u00e1rhluti, einnig konurnar og f\u00f3lki\u00f0.<a name=\"17\"><span class=\"versanumer\">17<\/span><\/a>En sem hann kom heim \u00far \u00feessum bardaga vi\u00f0 k\u00f3nginn Kedorlaomer, og \u00fe\u00e1 konunga sem me\u00f0 honum voru \u00ed dalnum Save, \u00fea\u00f0 er n\u00fa K\u00f3ngadalurinn, gekk k\u00f3ngurinn af S\u00f3d\u00f3ma \u00fat \u00e1 m\u00f3ti honum. <br \/><a name=\"18\"><span class=\"versanumer\">18<\/span><\/a><span style='font-weight:bold;padding-left:10px'>2.)<\/span> Og Melkisedek k\u00f3ngur \u00ed Salem kom me\u00f0 brau\u00f0 og v\u00edn <span class='VideyAth'>(en hann var prestur Gu\u00f0s ens \u00e6\u00f0sta)<\/span>,<a name=\"19\"><span class=\"versanumer\">19<\/span><\/a>og blessa\u00f0i hann og sag\u00f0i: blessa\u00f0ur s\u00e9 Abram af Gu\u00f0i hinum \u00e6\u00f0sta sem skapa\u00f0i himin og j\u00f6r\u00f0!<a name=\"20\"><span class=\"versanumer\">20<\/span><\/a>Og lofa\u00f0ur veri Gu\u00f0 s\u00e1 \u00e6\u00f0sti sem gaf \u00fe\u00edna \u00f3vini \u00ed \u00fe\u00edna h\u00f6nd! Og hann gaf <span class='VideyAth'>(Abram)<\/span> honum t\u00edund af \u00f6llu <span class='VideyAth'>(Ebr. 7,1.)<\/span><a name=\"21\"><span class=\"versanumer\">21<\/span><\/a>Og k\u00f3ngurinn \u00ed S\u00f3d\u00f3ma sag\u00f0i vi\u00f0 Abram: gef m\u00e9r f\u00f3lki\u00f0, en tak \u00fe\u00fa fj\u00e1rhlutina!<a name=\"22\"><span class=\"versanumer\">22<\/span><\/a>\u00de\u00e1 m\u00e6lti Abram vi\u00f0 k\u00f3nginn \u00ed S\u00f3d\u00f3ma: eg upplyfti m\u00ednum h\u00f6ndum <span class='VideyAth'>(sver)<\/span> vi\u00f0 Drottin \u00feann \u00e6\u00f0sta, Gu\u00f0, skapara himins og jar\u00f0ar,<a name=\"23\"><span class=\"versanumer\">23<\/span><\/a>a\u00f0 eg tek hverki \u00fer\u00e1\u00f0 n\u00e9 sk\u00f3\u00feveng af \u00f6llu sem \u00fe\u00e9r tilheyrir, svo \u00fe\u00fa skalt ekki segja: eg hefi au\u00f0ga\u00f0 Abram,<a name=\"24\"><span class=\"versanumer\">24<\/span><\/a>nema \u00fea\u00f0 sem \u00feeir ungu menn hafa neytt, og hlutdeild \u00feeirra manna sem me\u00f0 m\u00e9r f\u00f3ru, Aners, Eskols og Mamres, \u00feeir mega taka sinn part.<\/p>\n<div class=\"footnoteVidey\">V. 7. d\u00f3mauppspretta eiginlega. 4. M\u00f3sb. 20,12.<\/div>\n","protected":false},"excerpt":{"rendered":"<p>1.) Abram frelsar Lot. 2.) Melkisedek blessar Abram. 11.) Og \u00fea\u00f0 ske\u00f0i \u00e1 d\u00f6gum Amrafels, k\u00f3ngs \u00ed Sinear, Arioks k\u00f3ngs \u00ed Elassar, Kedolaomers k\u00f3ngs \u00ed Elam, og T\u00eddeals, hei\u00f0ingja (Gal\u00edleu) k\u00f3ngs,2a\u00f0 \u00feeir herju\u00f0u \u00e1 Bera k\u00f3ng \u00ed S\u00f3d\u00f3ma og \u00e1 Birsa k\u00f3ng \u00ed Gomorra, Sineab, k\u00f3ng \u00ed Adama og Semeber k\u00f3ng \u00ed Seboim, og k\u00f3nginn \u00ed Bela, \u00fea\u00f0 er: Soar.3Allir \u00feessir hittust \u00ed dalnum Siddim, sem n\u00fa heitir Saltisj\u00f3r (Dau\u00f0ahafi\u00f0).4\u00cd 12 \u00e1r h\u00f6f\u00f0u \u00feeir veri\u00f0 l\u00fd\u00f0skyldir k\u00f3nginum, Kedorlaomer; en f\u00e9llu fr\u00e1 honum \u00e1 \u00fev\u00ed \u00ferett\u00e1nda \u00e1ri.5Og \u00e1 14da \u00e1ri kom Kedolaomer, og \u00feeir konungar sem me\u00f0 honum voru, og sl\u00f3gu <a href=\"https:\/\/biblian.is\/videy\/fyrsta-mosebok-14-kafli\/\"> [&#8230;]<\/a><\/p>\n","protected":false},"author":1,"featured_media":0,"parent":0,"menu_order":0,"comment_status":"open","ping_status":"open","template":"bibliukaflar.php","meta":{"footnotes":""},"class_list":["post-20863","page","type-page","status-publish","hentry"],"_links":{"self":[{"href":"https:\/\/biblian.is\/videy\/wp-json\/wp\/v2\/pages\/20863","targetHints":{"allow":["GET"]}}],"collection":[{"href":"https:\/\/biblian.is\/videy\/wp-json\/wp\/v2\/pages"}],"about":[{"href":"https:\/\/biblian.is\/videy\/wp-json\/wp\/v2\/types\/page"}],"author":[{"embeddable":true,"href":"https:\/\/biblian.is\/videy\/wp-json\/wp\/v2\/users\/1"}],"replies":[{"embeddable":true,"href":"https:\/\/biblian.is\/videy\/wp-json\/wp\/v2\/comments?post=20863"}],"version-history":[{"count":0,"href":"https:\/\/biblian.is\/videy\/wp-json\/wp\/v2\/pages\/20863\/revisions"}],"wp:attachment":[{"href":"https:\/\/biblian.is\/videy\/wp-json\/wp\/v2\/media?parent=20863"}],"curies":[{"name":"wp","href":"https:\/\/api.w.org\/{rel}","templated":true}]}}