{"id":20861,"date":"2018-01-02T00:59:15","date_gmt":"2018-01-02T00:59:15","guid":{"rendered":"http:\/\/biblian.is\/videy\/fyrsta-mosebok-12-kafli\/"},"modified":"2018-01-02T00:59:15","modified_gmt":"2018-01-02T00:59:15","slug":"fyrsta-mosebok-12-kafli","status":"publish","type":"page","link":"https:\/\/biblian.is\/videy\/fyrsta-mosebok-12-kafli\/","title":{"rendered":"Fyrsta M\u00f3seb\u00f3k 12. kafli"},"content":{"rendered":"<div class=\"fyrirsognVidey\">1.) Abram og Lot koma til Kanaan. 2.) Abram kemur til Egyptalands; segir Sarai s\u00edna systur.<\/div>\n<p><a name=\"1\"><span class=\"versanumer\">1<\/span><\/a><span style='font-weight:bold;padding-left:10px'>1.)<\/span> Og Drottinn sag\u00f0i til Abrams: far \u00fe\u00fa burt \u00far \u00fe\u00ednu landi, og fr\u00e1 \u00fe\u00ednu heimkynni, og \u00far \u00fe\u00edns f\u00f6\u00f0ur h\u00fasi, og til \u00feess lands sem eg mun v\u00edsa \u00fe\u00e9r \u00e1.<a name=\"2\"><span class=\"versanumer\">2<\/span><\/a>Og eg mun gj\u00f6ra \u00feig a\u00f0 mikilli \u00fej\u00f3\u00f0 og blessa \u00feig, og gj\u00f6ra nafn \u00feitt miki\u00f0, og \u00fe\u00fa skalt vera blessan.<a name=\"3\"><span class=\"versanumer\">3<\/span><\/a>Og eg mun blessa \u00fe\u00e1, sem \u00feig blessa, og b\u00f6lva \u00feeim sem \u00fe\u00e9r b\u00f6lva, og af \u00fe\u00e9r skulu allar \u00e6ttkv\u00edslir jar\u00f0arinnar blessan hlj\u00f3ta.<a name=\"4\"><span class=\"versanumer\">4<\/span><\/a>\u00de\u00e1 lag\u00f0i Abram \u00e1 sta\u00f0, sem Drottinn haf\u00f0i sagt honum, og Lot me\u00f0 honum. En \u00fe\u00e1 var Abram 75 \u00e1ra gamall er hann f\u00f3r \u00far Haran.<a name=\"5\"><span class=\"versanumer\">5<\/span><\/a>Og Abram t\u00f3k Sarai konu s\u00edna og Lot br\u00f3\u00f0urson sinn og alla fj\u00e1rhluti, sem \u00feeir h\u00f6f\u00f0u eignast, og \u00fe\u00e1 \u00fer\u00e6la sem \u00feeir h\u00f6f\u00f0u fengi\u00f0, \u00ed Haran. Og \u00feeir l\u00f6g\u00f0u \u00e1 sta\u00f0 og h\u00e9ldu til Kanaanslands, og \u00feeir komu til Kanaanslands.<a name=\"6\"><span class=\"versanumer\">6<\/span><\/a>Og Abram f\u00f3r um landi\u00f0, allt til sta\u00f0arins Sikem til lundsins Mores; en \u00fe\u00e1 v\u00f3ru Kanaan\u00edtar \u00ed landinu.<a name=\"7\"><span class=\"versanumer\">7<\/span><\/a>N\u00fa birtist Drottinn Abram og sag\u00f0i til hans: \u00fe\u00ednum ni\u00f0jum vil eg gefa \u00feetta land. Og hann bygg\u00f0i Drottni altari \u00fear sem hann haf\u00f0i birst honum.<a name=\"8\"><span class=\"versanumer\">8<\/span><\/a>Eftir \u00feetta t\u00f3k hann sig upp \u00fea\u00f0an, og fluttist til fjallanna fyrir austan Betel, og setti \u00fear tjald sitt, svo a\u00f0 Betel var fyrir vestan, en Ai fyrir austan; og hann bygg\u00f0i \u00fear Drottni altari og \u00e1kalla\u00f0i nafn Drottins.<a name=\"9\"><span class=\"versanumer\">9<\/span><\/a>Og Abram f\u00e6r\u00f0i sig sm\u00e1tt og sm\u00e1tt su\u00f0ureftir. <br \/><a name=\"10\"><span class=\"versanumer\">10<\/span><\/a><span style='font-weight:bold;padding-left:10px'>2.)<\/span> En \u00fear gj\u00f6r\u00f0ist hungur \u00ed landinu; \u00fe\u00e1 f\u00f3r Abram til Egyptalands, til a\u00f0 sta\u00f0n\u00e6mast \u00fear, \u00fev\u00ed \u00ed landinu <span class='VideyAth'>(Kanaan)<\/span> var miki\u00f0 hall\u00e6ri.<a name=\"11\"><span class=\"versanumer\">11<\/span><\/a>Og \u00fea\u00f0 ske\u00f0i, \u00fe\u00e1 hann \u00e1 fer\u00f0inni n\u00e1lga\u00f0ist Egyptaland, a\u00f0 hann sag\u00f0i vi\u00f0 konu s\u00edna Sarai: heyr\u00f0u! eg veit a\u00f0 \u00fe\u00fa ert miki\u00f0 fr\u00ed\u00f0 kona s\u00fdnum,<a name=\"12\"><span class=\"versanumer\">12<\/span><\/a>\u00fea\u00f0 mun \u00fev\u00ed fara svo, \u00feegar egypskir sj\u00e1 \u00feig, \u00fe\u00e1 munu \u00feeir segja: \u00feetta er hans kona; svo drepa \u00feeir mig, en l\u00e1ta \u00feig lifa.<a name=\"13\"><span class=\"versanumer\">13<\/span><\/a>Seg\u00f0u \u00fev\u00ed, a\u00f0 \u00fe\u00fa s\u00e9rt m\u00edn systir, a\u00f0 m\u00e9r ver\u00f0i \u00fea\u00f0 a\u00f0 l\u00e1ni, og a\u00f0 eg megi halda l\u00edfi \u00fe\u00edn vegna.<a name=\"14\"><span class=\"versanumer\">14<\/span><\/a>Og \u00fea\u00f0 ske\u00f0i, \u00fe\u00e1 Abram kom til Egyptalands, s\u00e1u egypskir konuna, a\u00f0 h\u00fan var mj\u00f6g fr\u00ed\u00f0.<a name=\"15\"><span class=\"versanumer\">15<\/span><\/a>Og h\u00f6f\u00f0ingjar k\u00f3ngsins s\u00e1u hana, og settu \u00e1 hana miki\u00f0 h\u00f3l fyrir konungi; og konan var tekin \u00ed k\u00f3ngsins h\u00fas.<a name=\"16\"><span class=\"versanumer\">16<\/span><\/a>Og k\u00f3ngur s\u00fdndi Abram rausn, hennar vegna, svo hann eigna\u00f0ist sau\u00f0i, naut og asna, \u00fer\u00e6la og amb\u00e1ttir og \u00f6snur og \u00falfalda.<a name=\"17\"><span class=\"versanumer\">17<\/span><\/a>En Drottinn pl\u00e1ga\u00f0i k\u00f3nginn og hans h\u00fas me\u00f0 mikilli pl\u00e1gu, vegna Sarai, konu Abrams.<a name=\"18\"><span class=\"versanumer\">18<\/span><\/a>\u00de\u00e1 kalla\u00f0i k\u00f3ngur, Abram! og m\u00e6lti: \u00fev\u00ed hefur \u00fe\u00fa gj\u00f6rt m\u00e9r \u00feetta? \u00fev\u00ed sag\u00f0ir \u00fe\u00fa m\u00e9r ekki a\u00f0 h\u00fan v\u00e6ri \u00fe\u00edn kona?<a name=\"19\"><span class=\"versanumer\">19<\/span><\/a>\u00fev\u00ed sag\u00f0ir \u00fe\u00fa: h\u00fan er m\u00edn systir, svo eg t\u00f3k hana m\u00e9r fyrir konu? og sj\u00e1 n\u00fa! \u00fearna er \u00fe\u00edn kona, tak \u00fe\u00fa hana og far \u00fe\u00fa burt.<a name=\"20\"><span class=\"versanumer\">20<\/span><\/a>Og k\u00f3ngur gaf skipun s\u00ednum m\u00f6nnum honum vi\u00f0v\u00edkjandi, og \u00feeir f\u00f3ru me\u00f0 hann burt og hans konu og allt sem hann \u00e1tti.<\/p>\n<div class=\"footnoteVidey\"><\/div>\n","protected":false},"excerpt":{"rendered":"<p>1.) Abram og Lot koma til Kanaan. 2.) Abram kemur til Egyptalands; segir Sarai s\u00edna systur. 11.) Og Drottinn sag\u00f0i til Abrams: far \u00fe\u00fa burt \u00far \u00fe\u00ednu landi, og fr\u00e1 \u00fe\u00ednu heimkynni, og \u00far \u00fe\u00edns f\u00f6\u00f0ur h\u00fasi, og til \u00feess lands sem eg mun v\u00edsa \u00fe\u00e9r \u00e1.2Og eg mun gj\u00f6ra \u00feig a\u00f0 mikilli \u00fej\u00f3\u00f0 og blessa \u00feig, og gj\u00f6ra nafn \u00feitt miki\u00f0, og \u00fe\u00fa skalt vera blessan.3Og eg mun blessa \u00fe\u00e1, sem \u00feig blessa, og b\u00f6lva \u00feeim sem \u00fe\u00e9r b\u00f6lva, og af \u00fe\u00e9r skulu allar \u00e6ttkv\u00edslir jar\u00f0arinnar blessan hlj\u00f3ta.4\u00de\u00e1 lag\u00f0i Abram \u00e1 sta\u00f0, sem Drottinn haf\u00f0i sagt honum, og Lot <a href=\"https:\/\/biblian.is\/videy\/fyrsta-mosebok-12-kafli\/\"> [&#8230;]<\/a><\/p>\n","protected":false},"author":1,"featured_media":0,"parent":0,"menu_order":0,"comment_status":"open","ping_status":"open","template":"bibliukaflar.php","meta":{"footnotes":""},"class_list":["post-20861","page","type-page","status-publish","hentry"],"_links":{"self":[{"href":"https:\/\/biblian.is\/videy\/wp-json\/wp\/v2\/pages\/20861","targetHints":{"allow":["GET"]}}],"collection":[{"href":"https:\/\/biblian.is\/videy\/wp-json\/wp\/v2\/pages"}],"about":[{"href":"https:\/\/biblian.is\/videy\/wp-json\/wp\/v2\/types\/page"}],"author":[{"embeddable":true,"href":"https:\/\/biblian.is\/videy\/wp-json\/wp\/v2\/users\/1"}],"replies":[{"embeddable":true,"href":"https:\/\/biblian.is\/videy\/wp-json\/wp\/v2\/comments?post=20861"}],"version-history":[{"count":0,"href":"https:\/\/biblian.is\/videy\/wp-json\/wp\/v2\/pages\/20861\/revisions"}],"wp:attachment":[{"href":"https:\/\/biblian.is\/videy\/wp-json\/wp\/v2\/media?parent=20861"}],"curies":[{"name":"wp","href":"https:\/\/api.w.org\/{rel}","templated":true}]}}