{"id":20858,"date":"2018-01-02T00:59:15","date_gmt":"2018-01-02T00:59:15","guid":{"rendered":"http:\/\/biblian.is\/videy\/fyrsta-mosebok-9-kafli\/"},"modified":"2018-01-02T00:59:15","modified_gmt":"2018-01-02T00:59:15","slug":"fyrsta-mosebok-9-kafli","status":"publish","type":"page","link":"https:\/\/biblian.is\/videy\/fyrsta-mosebok-9-kafli\/","title":{"rendered":"Fyrsta M\u00f3seb\u00f3k 9. kafli"},"content":{"rendered":"<div class=\"fyrirsognVidey\">1.) S\u00e1ttm\u00e1lsboginn. 2.) V\u00ednyrkja og hennar aflei\u00f0ingar.<\/div>\n<p><a name=\"1\"><span class=\"versanumer\">1<\/span><\/a><span style='font-weight:bold;padding-left:10px'>1.)<\/span> \u00de\u00e1 blessa\u00f0i Gu\u00f0 N\u00f3a og sonu hans, og sag\u00f0i til \u00feeirra: veri\u00f0 frj\u00f3vsamir, margfaldist og uppfylli\u00f0 j\u00f6r\u00f0ina.<a name=\"2\"><span class=\"versanumer\">2<\/span><\/a>Y\u00f0ar \u00f3tti og \u00f3gnan skal vera yfir \u00f6llum d\u00fdrum jar\u00f0arinnar, yfir \u00f6llum fuglum himinsins, og \u00f6llu sem hr\u00e6rist \u00e1 j\u00f6r\u00f0unni, og yfir \u00f6llum fiskum sj\u00e1varins, \u00e1 y\u00f0ar vald er \u00feetta gefi\u00f0;<a name=\"3\"><span class=\"versanumer\">3<\/span><\/a>allt sem hr\u00e6rist og lifir, skal vera y\u00f0ur f\u00e6\u00f0a; eins og gr\u00e6nar jurtir, hefi eg gefi\u00f0 y\u00f0ur allt \u00feetta,<a name=\"4\"><span class=\"versanumer\">4<\/span><\/a>einasta skulu\u00f0 \u00fe\u00e9r ekki eta holdi\u00f0 me\u00f0 l\u00edfinu, me\u00f0 bl\u00f3\u00f0inu;<a name=\"5\"><span class=\"versanumer\">5<\/span><\/a>og einasta y\u00f0ar bl\u00f3\u00f0s, sem y\u00f0ar l\u00edf er \u00ed, mun eg hefna. Af hendi hverrar skepnu mun eg \u00feess krefja, og af hendi mannsins; af hans br\u00f3\u00f0ur mun eg taka hefnd fyrir mannsins l\u00edf.<a name=\"6\"><span class=\"versanumer\">6<\/span><\/a>s\u00e1 sem \u00fathellir mannsins bl\u00f3\u00f0i, hans bl\u00f3\u00f0i skal ver\u00f0a \u00fathellt af manninum; \u00fev\u00ed Gu\u00f0 gj\u00f6r\u00f0i manninn eftir sinni mynd.<a name=\"7\"><span class=\"versanumer\">7<\/span><\/a>En \u00e1vaxtist og margfaldist, og \u00fatdreifist um j\u00f6r\u00f0ina og fj\u00f6lgi\u00f0 \u00e1 henni.<a name=\"8\"><span class=\"versanumer\">8<\/span><\/a>Og Gu\u00f0 tala\u00f0i vi\u00f0 N\u00f3a og syni hans me\u00f0 honum:<a name=\"9\"><span class=\"versanumer\">9<\/span><\/a>sj\u00e1! eg gj\u00f6ri s\u00e1ttm\u00e1la vi\u00f0 y\u00f0ur, og vi\u00f0 y\u00f0ar ni\u00f0ja eftir y\u00f0ur,<a name=\"10\"><span class=\"versanumer\">10<\/span><\/a>og vi\u00f0 allar lifandi skepnur sem me\u00f0 y\u00f0ur eru, vi\u00f0 f\u00e9na\u00f0inn og vi\u00f0 \u00f6ll d\u00fdr jar\u00f0arinnar, hj\u00e1 y\u00f0ur, sem \u00fatgengu \u00far \u00f6rkinni, af \u00f6llum d\u00fdrum jar\u00f0arinnar.<a name=\"11\"><span class=\"versanumer\">11<\/span><\/a>\u00deetta er minn s\u00e1ttm\u00e1li vi\u00f0 y\u00f0ur: framar mun ekki ey\u00f0ileggjast allt hold af vatnsfl\u00f3\u00f0i, og framar mun ekki fl\u00f3\u00f0 kom til a\u00f0 ey\u00f0ileggja j\u00f6r\u00f0ina.<a name=\"12\"><span class=\"versanumer\">12<\/span><\/a>Og Gu\u00f0 sag\u00f0i: \u00feetta er merki s\u00e1ttm\u00e1lans sem eg gj\u00f6ri milli m\u00edn og y\u00f0ar og allra lifandi skepna sem hj\u00e1 y\u00f0ur eru til eil\u00edfrar t\u00ed\u00f0ar:<a name=\"13\"><span class=\"versanumer\">13<\/span><\/a>Minn boga set eg \u00ed sk\u00fdin, a\u00f0 hann s\u00e9 merki s\u00e1ttm\u00e1lans milli m\u00edn og jar\u00f0arinnar.<a name=\"14\"><span class=\"versanumer\">14<\/span><\/a>Og \u00fea\u00f0 mun ske, \u00fe\u00e1 eg samandreg sk\u00fd yfir j\u00f6r\u00f0ina, og minn bogi s\u00e9st \u00ed sk\u00fdjunum,<a name=\"15\"><span class=\"versanumer\">15<\/span><\/a>svo mun eg minnast s\u00e1ttm\u00e1lans milli m\u00edn og y\u00f0ar, og allra lifandi s\u00e1lna \u00ed \u00f6llu holdi, a\u00f0 h\u00e9r eftir skal ekki vatni\u00f0 ver\u00f0a a\u00f0 fl\u00f3\u00f0i, til a\u00f0 ey\u00f0ileggja allt hold.<a name=\"16\"><span class=\"versanumer\">16<\/span><\/a>Og standi boginn \u00ed sk\u00fdjunum, svo horfi eg \u00e1 hann til endurminningar \u00feess eil\u00edfa s\u00e1ttm\u00e1la milli Gu\u00f0s og allra lifandi s\u00e1lna \u00ed \u00f6llu holdi sem er \u00e1 j\u00f6r\u00f0unni.<a name=\"17\"><span class=\"versanumer\">17<\/span><\/a>Og Gu\u00f0 sag\u00f0i vi\u00f0 N\u00f3a: \u00feetta er merki s\u00e1ttm\u00e1lans, sem eg gj\u00f6ri milli m\u00edn og alls holds, sem er \u00e1 j\u00f6r\u00f0unni.<a name=\"18\"><span class=\"versanumer\">18<\/span><\/a>Og \u00feeir synir N\u00f3a sem gengu \u00far \u00f6rkinni voru \u00feeir: sem, Kam og Jafet, en Kam var fa\u00f0ir Kanaans;<a name=\"19\"><span class=\"versanumer\">19<\/span><\/a>\u00feessir eru \u00feeir \u00fer\u00edr N\u00f3a synir, og ni\u00f0jar \u00feeirra dreif\u00f0ust um alla j\u00f6r\u00f0ina. <br \/><a name=\"20\"><span class=\"versanumer\">20<\/span><\/a><span style='font-weight:bold;padding-left:10px'>2.)<\/span> En N\u00f3i f\u00f3r a\u00f0 yrkja j\u00f6r\u00f0ina, og planta\u00f0i v\u00edngar\u00f0.<a name=\"21\"><span class=\"versanumer\">21<\/span><\/a>Og hann drakk af v\u00edninu, og var\u00f0 drukkinn, og l\u00e1 ber \u00ed s\u00ednu tjaldi.<a name=\"22\"><span class=\"versanumer\">22<\/span><\/a>Og Kam fa\u00f0ir Kanaans s\u00e1 nekt f\u00f6\u00f0ur s\u00edns, og sag\u00f0a b\u00e1\u00f0um s\u00ednum br\u00e6\u00f0rum fr\u00e1, sem \u00fati voru.<a name=\"23\"><span class=\"versanumer\">23<\/span><\/a>\u00de\u00e1 t\u00f3ku \u00feeir sem og Jafet fat, og l\u00f6g\u00f0u s\u00e9r \u00e1 her\u00f0ar og gengu aftur \u00e1 bak og huldu nekt f\u00f6\u00f0ur s\u00edns, en andlit \u00feeirra sneru fr\u00e1, svo \u00feeir s\u00e1u ekki nekt f\u00f6\u00f0ur s\u00edns.<a name=\"24\"><span class=\"versanumer\">24<\/span><\/a>En sem N\u00f3i vakna\u00f0i af \u00f6lv\u00e6r\u00f0inni, f\u00e9kk hann a\u00f0 vita hva\u00f0 sonur hans hinn yngri haf\u00f0i honum gj\u00f6rt.<a name=\"25\"><span class=\"versanumer\">25<\/span><\/a>\u00de\u00e1 m\u00e6lti hann: b\u00f6lva\u00f0ur s\u00e9 Kanaan, \u00fer\u00e6la \u00fer\u00e6ll s\u00e9 hann sinna br\u00e6\u00f0ra,<a name=\"26\"><span class=\"versanumer\">26<\/span><\/a>og hann sag\u00f0i: lofa\u00f0ur s\u00e9 Drottinn Sems Gu\u00f0, og Kanaan s\u00e9 hans \u00fer\u00e6ll!<a name=\"27\"><span class=\"versanumer\">27<\/span><\/a>Gu\u00f0 r\u00fdmki til fyrir Jafet, og l\u00e1ti hann b\u00faa \u00e1 nafnkenndum sta\u00f0 og Kanaan s\u00e9 hans \u00fer\u00e6ll.<a name=\"28\"><span class=\"versanumer\">28<\/span><\/a>Og N\u00f3i lif\u00f0i eftir fl\u00f3\u00f0i\u00f0 \u00ferj\u00fa hundru\u00f0 og fimmt\u00edu \u00e1r,<a name=\"29\"><span class=\"versanumer\">29<\/span><\/a>og allir N\u00f3a dagar voru n\u00edu hundru\u00f0 og fimmt\u00edu \u00e1r. \u00de\u00e1 d\u00f3 hann.<\/p>\n<div class=\"footnoteVidey\">V. 4. 5 M\u00f3sb. 12,23.  V. 26. a\u00f0rir: \u00ed Sems tjaldb\u00fa\u00f0um.<\/div>\n","protected":false},"excerpt":{"rendered":"<p>1.) S\u00e1ttm\u00e1lsboginn. 2.) V\u00ednyrkja og hennar aflei\u00f0ingar. 11.) \u00de\u00e1 blessa\u00f0i Gu\u00f0 N\u00f3a og sonu hans, og sag\u00f0i til \u00feeirra: veri\u00f0 frj\u00f3vsamir, margfaldist og uppfylli\u00f0 j\u00f6r\u00f0ina.2Y\u00f0ar \u00f3tti og \u00f3gnan skal vera yfir \u00f6llum d\u00fdrum jar\u00f0arinnar, yfir \u00f6llum fuglum himinsins, og \u00f6llu sem hr\u00e6rist \u00e1 j\u00f6r\u00f0unni, og yfir \u00f6llum fiskum sj\u00e1varins, \u00e1 y\u00f0ar vald er \u00feetta gefi\u00f0;3allt sem hr\u00e6rist og lifir, skal vera y\u00f0ur f\u00e6\u00f0a; eins og gr\u00e6nar jurtir, hefi eg gefi\u00f0 y\u00f0ur allt \u00feetta,4einasta skulu\u00f0 \u00fe\u00e9r ekki eta holdi\u00f0 me\u00f0 l\u00edfinu, me\u00f0 bl\u00f3\u00f0inu;5og einasta y\u00f0ar bl\u00f3\u00f0s, sem y\u00f0ar l\u00edf er \u00ed, mun eg hefna. Af hendi hverrar skepnu mun eg \u00feess <a href=\"https:\/\/biblian.is\/videy\/fyrsta-mosebok-9-kafli\/\"> [&#8230;]<\/a><\/p>\n","protected":false},"author":1,"featured_media":0,"parent":0,"menu_order":0,"comment_status":"open","ping_status":"open","template":"bibliukaflar.php","meta":{"footnotes":""},"class_list":["post-20858","page","type-page","status-publish","hentry"],"_links":{"self":[{"href":"https:\/\/biblian.is\/videy\/wp-json\/wp\/v2\/pages\/20858","targetHints":{"allow":["GET"]}}],"collection":[{"href":"https:\/\/biblian.is\/videy\/wp-json\/wp\/v2\/pages"}],"about":[{"href":"https:\/\/biblian.is\/videy\/wp-json\/wp\/v2\/types\/page"}],"author":[{"embeddable":true,"href":"https:\/\/biblian.is\/videy\/wp-json\/wp\/v2\/users\/1"}],"replies":[{"embeddable":true,"href":"https:\/\/biblian.is\/videy\/wp-json\/wp\/v2\/comments?post=20858"}],"version-history":[{"count":0,"href":"https:\/\/biblian.is\/videy\/wp-json\/wp\/v2\/pages\/20858\/revisions"}],"wp:attachment":[{"href":"https:\/\/biblian.is\/videy\/wp-json\/wp\/v2\/media?parent=20858"}],"curies":[{"name":"wp","href":"https:\/\/api.w.org\/{rel}","templated":true}]}}