{"id":20852,"date":"2018-01-02T00:59:15","date_gmt":"2018-01-02T00:59:15","guid":{"rendered":"http:\/\/biblian.is\/videy\/fyrsta-mosebok-3-kafli\/"},"modified":"2018-01-02T00:59:15","modified_gmt":"2018-01-02T00:59:15","slug":"fyrsta-mosebok-3-kafli","status":"publish","type":"page","link":"https:\/\/biblian.is\/videy\/fyrsta-mosebok-3-kafli\/","title":{"rendered":"Fyrsta M\u00f3seb\u00f3k 3. kafli"},"content":{"rendered":"<div class=\"fyrirsognVidey\">1.) Hj\u00f3nin syndga. 2.) F\u00e1 d\u00f3m og l\u00edkn.<\/div>\n<p><a name=\"1\"><span class=\"versanumer\">1<\/span><\/a><span style='font-weight:bold;padding-left:10px'>1.)<\/span> En h\u00f6ggormurinn var sl\u00e6gari heldur en \u00f6ll \u00f6nnur kvikindi \u00e1 j\u00f6r\u00f0unni sem Gu\u00f0 Drottinn haf\u00f0i gj\u00f6rt; og hann m\u00e6lti vi\u00f0 konuna: er \u00fea\u00f0 satt a\u00f0 Gu\u00f0 hafi sagt: \u00fei\u00f0 skulu\u00f0 ekki eta af \u00f6llum trj\u00e1num \u00ed aldingar\u00f0inum?<a name=\"2\"><span class=\"versanumer\">2<\/span><\/a>\u00de\u00e1 sag\u00f0i konan til h\u00f6ggormsins: Vi\u00f0 etum af \u00e1vexti trj\u00e1nna \u00ed aldingar\u00f0inum;<a name=\"3\"><span class=\"versanumer\">3<\/span><\/a>en um \u00e1v\u00f6xt \u00feess tr\u00e9s sem stendur \u00ed mi\u00f0jum aldingar\u00f0inum, sag\u00f0i Gu\u00f0: eti\u00f0 ekki \u00fear af, og komi\u00f0 ekki vi\u00f0 \u00fea\u00f0\u2014svo a\u00f0 \u00fei\u00f0 deyi\u00f0 ekki.<a name=\"4\"><span class=\"versanumer\">4<\/span><\/a>\u00de\u00e1 sag\u00f0i h\u00f6ggormurinn til konunnar: enganveginn munu\u00f0 \u00fei\u00f0 deyja,<a name=\"5\"><span class=\"versanumer\">5<\/span><\/a>heldur veit Gu\u00f0 \u00fea\u00f0, a\u00f0 \u00e1 hverjum degi, sem \u00fei\u00f0 eti\u00f0 \u00fear af, \u00fe\u00e1 munu ykkar augu opnast, og \u00fei\u00f0 munu\u00f0, sem gu\u00f0ir, \u00feekkja gott og illt;<a name=\"6\"><span class=\"versanumer\">6<\/span><\/a>en konan s\u00e1 a\u00f0 tr\u00e9\u00f0 var gott a\u00f0 eta af, fagurt \u00e1 a\u00f0 l\u00edta og girnilegt til fr\u00f3\u00f0leiks; og h\u00fan t\u00f3k af \u00e1vextinum og \u00e1t, og h\u00fan gaf manni s\u00ednum l\u00edka, og hann \u00e1t.<a name=\"7\"><span class=\"versanumer\">7<\/span><\/a>\u00de\u00e1 upplukust beggja \u00feeirra augu, og \u00feau ur\u00f0u \u00feess v\u00f6r, a\u00f0 \u00feau voru nakin, og \u00feau festu saman f\u00edkjuvi\u00f0abl\u00f6\u00f0, og gj\u00f6r\u00f0u s\u00e9r mittissk\u00fdlur. <br \/><a name=\"8\"><span class=\"versanumer\">8<\/span><\/a><span style='font-weight:bold;padding-left:10px'>2.)<\/span> Og sem \u00feau heyr\u00f0u r\u00f6dd Gu\u00f0s Drottins, sem f\u00f3r um kring \u00ed aldingar\u00f0inum \u00ed dagsgolunni, \u00fe\u00e1 f\u00f3l ma\u00f0urinn sig og kona hans fyrir augs\u00fdn Gu\u00f0s Drottins \u00e1 milli trj\u00e1nna \u00ed aldingar\u00f0inum.<a name=\"9\"><span class=\"versanumer\">9<\/span><\/a>Og Gu\u00f0 Drottinn kalla\u00f0i \u00e1 manninn og sag\u00f0i vi\u00f0 hann: hvar ertu?<a name=\"10\"><span class=\"versanumer\">10<\/span><\/a>Hann svara\u00f0i: eg heyr\u00f0i \u00fe\u00edna r\u00f6dd \u00ed aldingar\u00f0inum og var\u00f0 hr\u00e6ddur; \u00fev\u00ed eg er nakinn, og faldi mig.<a name=\"11\"><span class=\"versanumer\">11<\/span><\/a>Og Drottinn m\u00e6lti: hver sag\u00f0i \u00fe\u00e9r a\u00f0 \u00fe\u00fa v\u00e6rir nakinn? hefur \u00fe\u00fa eti\u00f0 af \u00fev\u00ed tr\u00e9 sem eg banna\u00f0i \u00fe\u00e9r a\u00f0 eta af?<a name=\"12\"><span class=\"versanumer\">12<\/span><\/a>\u00de\u00e1 svara\u00f0i ma\u00f0urinn: konan sem \u00fe\u00fa gafst m\u00e9r til samb\u00fa\u00f0ar, h\u00fan gaf m\u00e9r af tr\u00e9nu, og eg \u00e1t.<a name=\"13\"><span class=\"versanumer\">13<\/span><\/a>\u00de\u00e1 sag\u00f0i Gu\u00f0 Drottinn til konunnar: \u00fev\u00ed gj\u00f6r\u00f0ir \u00fe\u00fa \u00fea\u00f0? konan svara\u00f0i: H\u00f6ggormurinn sveik mig, svo eg \u00e1t.<a name=\"14\"><span class=\"versanumer\">14<\/span><\/a>\u00de\u00e1 sag\u00f0i Gu\u00f0 Drottinn til h\u00f6ggormsins: Af \u00fev\u00ed a\u00f0 \u00fe\u00fa gj\u00f6r\u00f0ir \u00feetta, \u00fe\u00e1 skalt \u00fe\u00fa vera b\u00f6lva\u00f0ur framar \u00f6llum f\u00e9na\u00f0i og framar \u00f6llum d\u00fdrum \u00e1 m\u00f6rkinni. \u00de\u00fa skalt skr\u00ed\u00f0a \u00e1 \u00fe\u00ednum kvi\u00f0i og eta mold jar\u00f0ar alla \u00fe\u00edna l\u00edfdaga.<a name=\"15\"><span class=\"versanumer\">15<\/span><\/a>Og fjandskap vil eg setja milli \u00fe\u00edn og konunnar, milli \u00fe\u00edns s\u00e6\u00f0is og hennar s\u00e6\u00f0is; \u00fea\u00f0 skal merja \u00feitt h\u00f6fu\u00f0 og \u00fe\u00fa b\u00edta \u00feess h\u00e6l.<a name=\"16\"><span class=\"versanumer\">16<\/span><\/a>Og vi\u00f0 konuna sag\u00f0i Gu\u00f0: mikla mun eg gj\u00f6ra \u00fej\u00e1ningu \u00fe\u00edna, \u00feegar \u00fe\u00fa ver\u00f0ur \u00f3l\u00e9tt; me\u00f0 s\u00f3tt skaltu f\u00e6\u00f0a \u00fe\u00edn b\u00f6rn; til manns \u00fe\u00edns skal \u00fe\u00edn l\u00f6ngun vera, en hann skal drottna yfir \u00fe\u00e9r.<a name=\"17\"><span class=\"versanumer\">17<\/span><\/a>Og til mannsins sag\u00f0i hann: Af \u00fev\u00ed \u00fe\u00fa hl\u00fdddir r\u00f6dd konu \u00feinnar, og \u00e1st af \u00fev\u00ed tr\u00e9, sem eg banna\u00f0i \u00fe\u00e9r a\u00f0 eta, og sag\u00f0i: \u00fe\u00fa skalt ekki eta af \u00fev\u00ed, \u00fe\u00e1 s\u00e9 j\u00f6r\u00f0in b\u00f6lvu\u00f0 fyrir \u00fe\u00edna skuld, me\u00f0 m\u00e6\u00f0u skaltu \u00feig af henni n\u00e6ra alla \u00fe\u00edna l\u00edfdaga,<a name=\"18\"><span class=\"versanumer\">18<\/span><\/a>\u00feyrna og \u00feistla skal h\u00fan \u00fe\u00e9r bera, og \u00fe\u00fa skalt jar\u00f0arinnar jurtir eta,<a name=\"19\"><span class=\"versanumer\">19<\/span><\/a>\u00ed sveita \u00fe\u00edns andlitis skaltu \u00fe\u00edns brau\u00f0s neyta, \u00feanga\u00f0 til \u00fe\u00fa hverfur aftur til jar\u00f0arinnar; \u00fev\u00ed \u00fe\u00fa ert mold og til moldar skaltu aftur hverfa.<a name=\"20\"><span class=\"versanumer\">20<\/span><\/a>Og Adam nefndi konu s\u00edna: Hevu; \u00fev\u00ed h\u00fan er m\u00f3\u00f0ir allra sem lifa.<a name=\"21\"><span class=\"versanumer\">21<\/span><\/a>En Gu\u00f0 Drottinn gj\u00f6r\u00f0i \u00feeim Adam og konu hans skinnf\u00f6t, og l\u00e9t \u00feau kl\u00e6\u00f0ast \u00feeim.<a name=\"22\"><span class=\"versanumer\">22<\/span><\/a>Og Gu\u00f0 Drottinn sag\u00f0i: sj\u00e1! ma\u00f0urinn er or\u00f0inn sem einn af oss, svo hann \u00feekkir gott og illt;<a name=\"23\"><span class=\"versanumer\">23<\/span><\/a>en svo hann ekki n\u00fa \u00fatr\u00e9tti s\u00edna h\u00f6nd og taki af l\u00edfsins tr\u00e9 og eti, og lifi eil\u00edflega. \u00de\u00e1 l\u00e9t Gu\u00f0 Drottinn hann \u00ed burt \u00far aldingar\u00f0inum \u00ed Eden til a\u00f0 erja j\u00f6r\u00f0ina, af hverri hann var tekinn.<a name=\"24\"><span class=\"versanumer\">24<\/span><\/a>Og hann rak Adam burt, og setti ker\u00fab\u00edm fyrir austan Edens gar\u00f0, me\u00f0 loga \u00feess brug\u00f0na sver\u00f0s, til a\u00f0 geyma veginn a\u00f0 l\u00edfsins tr\u00e9.  <\/p>\n<div class=\"footnoteVidey\">V. 8. \u00cd dagsgolunni: um kv\u00f6ldi\u00f0.  V. 24. Naki\u00f0: brug\u00f0i\u00f0 sver\u00f0. Glampandi: sveipandi sver\u00f0.<\/div>\n","protected":false},"excerpt":{"rendered":"<p>1.) Hj\u00f3nin syndga. 2.) F\u00e1 d\u00f3m og l\u00edkn. 11.) En h\u00f6ggormurinn var sl\u00e6gari heldur en \u00f6ll \u00f6nnur kvikindi \u00e1 j\u00f6r\u00f0unni sem Gu\u00f0 Drottinn haf\u00f0i gj\u00f6rt; og hann m\u00e6lti vi\u00f0 konuna: er \u00fea\u00f0 satt a\u00f0 Gu\u00f0 hafi sagt: \u00fei\u00f0 skulu\u00f0 ekki eta af \u00f6llum trj\u00e1num \u00ed aldingar\u00f0inum?2\u00de\u00e1 sag\u00f0i konan til h\u00f6ggormsins: Vi\u00f0 etum af \u00e1vexti trj\u00e1nna \u00ed aldingar\u00f0inum;3en um \u00e1v\u00f6xt \u00feess tr\u00e9s sem stendur \u00ed mi\u00f0jum aldingar\u00f0inum, sag\u00f0i Gu\u00f0: eti\u00f0 ekki \u00fear af, og komi\u00f0 ekki vi\u00f0 \u00fea\u00f0\u2014svo a\u00f0 \u00fei\u00f0 deyi\u00f0 ekki.4\u00de\u00e1 sag\u00f0i h\u00f6ggormurinn til konunnar: enganveginn munu\u00f0 \u00fei\u00f0 deyja,5heldur veit Gu\u00f0 \u00fea\u00f0, a\u00f0 \u00e1 hverjum degi, sem \u00fei\u00f0 eti\u00f0 \u00fear <a href=\"https:\/\/biblian.is\/videy\/fyrsta-mosebok-3-kafli\/\"> [&#8230;]<\/a><\/p>\n","protected":false},"author":1,"featured_media":0,"parent":0,"menu_order":0,"comment_status":"open","ping_status":"open","template":"bibliukaflar.php","meta":{"footnotes":""},"class_list":["post-20852","page","type-page","status-publish","hentry"],"_links":{"self":[{"href":"https:\/\/biblian.is\/videy\/wp-json\/wp\/v2\/pages\/20852","targetHints":{"allow":["GET"]}}],"collection":[{"href":"https:\/\/biblian.is\/videy\/wp-json\/wp\/v2\/pages"}],"about":[{"href":"https:\/\/biblian.is\/videy\/wp-json\/wp\/v2\/types\/page"}],"author":[{"embeddable":true,"href":"https:\/\/biblian.is\/videy\/wp-json\/wp\/v2\/users\/1"}],"replies":[{"embeddable":true,"href":"https:\/\/biblian.is\/videy\/wp-json\/wp\/v2\/comments?post=20852"}],"version-history":[{"count":0,"href":"https:\/\/biblian.is\/videy\/wp-json\/wp\/v2\/pages\/20852\/revisions"}],"wp:attachment":[{"href":"https:\/\/biblian.is\/videy\/wp-json\/wp\/v2\/media?parent=20852"}],"curies":[{"name":"wp","href":"https:\/\/api.w.org\/{rel}","templated":true}]}}