{"id":209,"date":"2024-03-14T14:54:26","date_gmt":"2024-03-14T14:54:26","guid":{"rendered":"https:\/\/biblian.is\/verslun\/?page_id=209"},"modified":"2026-03-24T23:02:16","modified_gmt":"2026-03-24T23:02:16","slug":"verslun-2","status":"publish","type":"page","link":"https:\/\/biblian.is\/verslun\/","title":{"rendered":"Verslun"},"content":{"rendered":"<div class=\"fusion-fullwidth fullwidth-box fusion-builder-row-1 fusion-flex-container has-pattern-background has-mask-background nonhundred-percent-fullwidth non-hundred-percent-height-scrolling\" style=\"--awb-border-radius-top-left:0px;--awb-border-radius-top-right:0px;--awb-border-radius-bottom-right:0px;--awb-border-radius-bottom-left:0px;--awb-flex-wrap:wrap;\" ><div class=\"fusion-builder-row fusion-row fusion-flex-align-items-flex-start fusion-flex-content-wrap\" style=\"max-width:1144px;margin-left: calc(-4% \/ 2 );margin-right: calc(-4% \/ 2 );\"><div class=\"fusion-layout-column fusion_builder_column fusion-builder-column-0 fusion_builder_column_1_1 1_1 fusion-flex-column\" style=\"--awb-bg-size:cover;--awb-width-large:100%;--awb-margin-top-large:0px;--awb-spacing-right-large:1.92%;--awb-margin-bottom-large:20px;--awb-spacing-left-large:1.92%;--awb-width-medium:100%;--awb-order-medium:0;--awb-spacing-right-medium:1.92%;--awb-spacing-left-medium:1.92%;--awb-width-small:100%;--awb-order-small:0;--awb-spacing-right-small:1.92%;--awb-spacing-left-small:1.92%;\"><div class=\"fusion-column-wrapper fusion-column-has-shadow fusion-flex-justify-content-flex-start fusion-content-layout-column\"><div class=\"fusion-woo-product-grid fusion-product-archive fusion-woo-product-grid-1\"><ul class=\"products products-3\"><li class=\"product type-product post-304 status-publish first instock product_cat-bibliur has-post-thumbnail taxable shipping-taxable purchasable product-type-simple product-grid-view\">\n\t<div class=\"fusion-product-wrapper\">\n<a href=\"https:\/\/biblian.is\/verslun\/vara\/biblian-svort-mjuk-spjold-12x18-sm\/\" class=\"product-images\" aria-label=\"Bibl\u00edan SV\u00d6RT &#8211; mj\u00fak spj\u00f6ld 12&#215;18 sm\">\n\n<div class=\"featured-image\">\n\t\t<img decoding=\"async\" width=\"500\" height=\"500\" src=\"https:\/\/biblian.is\/verslun\/wp-content\/uploads\/sites\/16\/2022\/01\/Bibli\u0301a-svo\u0308rt-minni-500x500.jpg\" class=\"attachment-woocommerce_thumbnail size-woocommerce_thumbnail wp-post-image\" alt=\"\" srcset=\"https:\/\/biblian.is\/verslun\/wp-content\/uploads\/sites\/16\/2022\/01\/Bibli\u0301a-svo\u0308rt-minni-66x66.jpg 66w, https:\/\/biblian.is\/verslun\/wp-content\/uploads\/sites\/16\/2022\/01\/Bibli\u0301a-svo\u0308rt-minni-100x100.jpg 100w, https:\/\/biblian.is\/verslun\/wp-content\/uploads\/sites\/16\/2022\/01\/Bibli\u0301a-svo\u0308rt-minni-150x150.jpg 150w, https:\/\/biblian.is\/verslun\/wp-content\/uploads\/sites\/16\/2022\/01\/Bibli\u0301a-svo\u0308rt-minni-200x200.jpg 200w, https:\/\/biblian.is\/verslun\/wp-content\/uploads\/sites\/16\/2022\/01\/Bibli\u0301a-svo\u0308rt-minni-300x300.jpg 300w, https:\/\/biblian.is\/verslun\/wp-content\/uploads\/sites\/16\/2022\/01\/Bibli\u0301a-svo\u0308rt-minni-400x400.jpg 400w, https:\/\/biblian.is\/verslun\/wp-content\/uploads\/sites\/16\/2022\/01\/Bibli\u0301a-svo\u0308rt-minni-500x500.jpg 500w, https:\/\/biblian.is\/verslun\/wp-content\/uploads\/sites\/16\/2022\/01\/Bibli\u0301a-svo\u0308rt-minni-600x600.jpg 600w, https:\/\/biblian.is\/verslun\/wp-content\/uploads\/sites\/16\/2022\/01\/Bibli\u0301a-svo\u0308rt-minni-700x700.jpg 700w, https:\/\/biblian.is\/verslun\/wp-content\/uploads\/sites\/16\/2022\/01\/Bibli\u0301a-svo\u0308rt-minni-768x768.jpg 768w, https:\/\/biblian.is\/verslun\/wp-content\/uploads\/sites\/16\/2022\/01\/Bibli\u0301a-svo\u0308rt-minni-800x800.jpg 800w, https:\/\/biblian.is\/verslun\/wp-content\/uploads\/sites\/16\/2022\/01\/Bibli\u0301a-svo\u0308rt-minni.jpg 1024w\" sizes=\"(max-width: 500px) 100vw, 500px\" \/>\n\t\t\t\t\t\t<div class=\"cart-loading\"><i class=\"awb-icon-spinner\" aria-hidden=\"true\"><\/i><\/div>\n\t\t\t<\/div>\n<\/a>\n<div class=\"fusion-product-content\">\n\t<div class=\"product-details\">\n\t\t<div class=\"product-details-container\">\n<h3 class=\"product-title\">\n\t<a href=\"https:\/\/biblian.is\/verslun\/vara\/biblian-svort-mjuk-spjold-12x18-sm\/\">\n\t\tBibl\u00edan SV\u00d6RT &#8211; mj\u00fak spj\u00f6ld 12&#215;18 sm\t<\/a>\n<\/h3>\n<div class=\"fusion-price-rating\">\n\n\t<span class=\"price\"><span class=\"woocommerce-Price-amount amount\"><bdi>10270&nbsp;<span class=\"woocommerce-Price-currencySymbol\">kr.<\/span><\/bdi><\/span><\/span>\n\t\t<\/div>\n\t<\/div>\n<\/div>\n\n\n\t<div class=\"product-buttons\">\n\t\t<div class=\"fusion-content-sep sep-shadow\"><\/div>\n\t\t<div class=\"product-buttons-container clearfix\">\n<a href=\"\/verslun\/wp-json\/wp\/v2\/pages\/209?add-to-cart=304\" aria-describedby=\"woocommerce_loop_add_to_cart_link_describedby_304\" data-quantity=\"1\" class=\"button product_type_simple add_to_cart_button ajax_add_to_cart\" data-product_id=\"304\" data-product_sku=\"978-9935-553-69-0\" aria-label=\"Add to cart: &ldquo;Bibl\u00edan SV\u00d6RT - mj\u00fak spj\u00f6ld 12x18 sm&rdquo;\" rel=\"nofollow\">Setja \u00ed k\u00f6rfu<\/a>\t<span id=\"woocommerce_loop_add_to_cart_link_describedby_304\" class=\"screen-reader-text\">\n\t\t\t<\/span>\n\n<a href=\"https:\/\/biblian.is\/verslun\/vara\/biblian-svort-mjuk-spjold-12x18-sm\/\" class=\"show_details_button\">\n\tN\u00e1nar<\/a>\n\n\n\t<\/div>\n\t<\/div>\n\n\t<\/div> <\/div>\n<\/li>\n<li class=\"product type-product post-305 status-publish instock product_cat-bibliur has-post-thumbnail taxable shipping-taxable purchasable product-type-simple product-grid-view\">\n\t<div class=\"fusion-product-wrapper\">\n<a href=\"https:\/\/biblian.is\/verslun\/vara\/biblian-raud-mjuk-spjold-12x18-sm\/\" class=\"product-images\" aria-label=\"Bibl\u00edan RAU\u00d0 &#8211; mj\u00fak spj\u00f6ld 12&#215;18 sm\">\n\n<div class=\"featured-image\">\n\t\t<img decoding=\"async\" width=\"500\" height=\"500\" src=\"https:\/\/biblian.is\/verslun\/wp-content\/uploads\/sites\/16\/2022\/01\/Bibli\u0301a-Vi\u0301nraud-1600-500x500.jpg\" class=\"attachment-woocommerce_thumbnail size-woocommerce_thumbnail wp-post-image\" alt=\"\" srcset=\"https:\/\/biblian.is\/verslun\/wp-content\/uploads\/sites\/16\/2022\/01\/Bibli\u0301a-Vi\u0301nraud-1600-66x66.jpg 66w, https:\/\/biblian.is\/verslun\/wp-content\/uploads\/sites\/16\/2022\/01\/Bibli\u0301a-Vi\u0301nraud-1600-100x100.jpg 100w, https:\/\/biblian.is\/verslun\/wp-content\/uploads\/sites\/16\/2022\/01\/Bibli\u0301a-Vi\u0301nraud-1600-150x150.jpg 150w, https:\/\/biblian.is\/verslun\/wp-content\/uploads\/sites\/16\/2022\/01\/Bibli\u0301a-Vi\u0301nraud-1600-200x200.jpg 200w, https:\/\/biblian.is\/verslun\/wp-content\/uploads\/sites\/16\/2022\/01\/Bibli\u0301a-Vi\u0301nraud-1600-300x300.jpg 300w, https:\/\/biblian.is\/verslun\/wp-content\/uploads\/sites\/16\/2022\/01\/Bibli\u0301a-Vi\u0301nraud-1600-400x400.jpg 400w, https:\/\/biblian.is\/verslun\/wp-content\/uploads\/sites\/16\/2022\/01\/Bibli\u0301a-Vi\u0301nraud-1600-500x500.jpg 500w, https:\/\/biblian.is\/verslun\/wp-content\/uploads\/sites\/16\/2022\/01\/Bibli\u0301a-Vi\u0301nraud-1600-600x600.jpg 600w, https:\/\/biblian.is\/verslun\/wp-content\/uploads\/sites\/16\/2022\/01\/Bibli\u0301a-Vi\u0301nraud-1600-700x700.jpg 700w, https:\/\/biblian.is\/verslun\/wp-content\/uploads\/sites\/16\/2022\/01\/Bibli\u0301a-Vi\u0301nraud-1600-768x768.jpg 768w, https:\/\/biblian.is\/verslun\/wp-content\/uploads\/sites\/16\/2022\/01\/Bibli\u0301a-Vi\u0301nraud-1600-800x800.jpg 800w, https:\/\/biblian.is\/verslun\/wp-content\/uploads\/sites\/16\/2022\/01\/Bibli\u0301a-Vi\u0301nraud-1600.jpg 1024w\" sizes=\"(max-width: 500px) 100vw, 500px\" \/>\n\t\t\t\t\t\t<div class=\"cart-loading\"><i class=\"awb-icon-spinner\" aria-hidden=\"true\"><\/i><\/div>\n\t\t\t<\/div>\n<\/a>\n<div class=\"fusion-product-content\">\n\t<div class=\"product-details\">\n\t\t<div class=\"product-details-container\">\n<h3 class=\"product-title\">\n\t<a href=\"https:\/\/biblian.is\/verslun\/vara\/biblian-raud-mjuk-spjold-12x18-sm\/\">\n\t\tBibl\u00edan RAU\u00d0 &#8211; mj\u00fak spj\u00f6ld 12&#215;18 sm\t<\/a>\n<\/h3>\n<div class=\"fusion-price-rating\">\n\n\t<span class=\"price\"><span class=\"woocommerce-Price-amount amount\"><bdi>10270&nbsp;<span class=\"woocommerce-Price-currencySymbol\">kr.<\/span><\/bdi><\/span><\/span>\n\t\t<\/div>\n\t<\/div>\n<\/div>\n\n\n\t<div class=\"product-buttons\">\n\t\t<div class=\"fusion-content-sep sep-shadow\"><\/div>\n\t\t<div class=\"product-buttons-container clearfix\">\n<a href=\"\/verslun\/wp-json\/wp\/v2\/pages\/209?add-to-cart=305\" aria-describedby=\"woocommerce_loop_add_to_cart_link_describedby_305\" data-quantity=\"1\" class=\"button product_type_simple add_to_cart_button ajax_add_to_cart\" data-product_id=\"305\" data-product_sku=\"978-9935-553-68-3\" aria-label=\"Add to cart: &ldquo;Bibl\u00edan RAU\u00d0 - mj\u00fak spj\u00f6ld 12x18 sm&rdquo;\" rel=\"nofollow\">Setja \u00ed k\u00f6rfu<\/a>\t<span id=\"woocommerce_loop_add_to_cart_link_describedby_305\" class=\"screen-reader-text\">\n\t\t\t<\/span>\n\n<a href=\"https:\/\/biblian.is\/verslun\/vara\/biblian-raud-mjuk-spjold-12x18-sm\/\" class=\"show_details_button\">\n\tN\u00e1nar<\/a>\n\n\n\t<\/div>\n\t<\/div>\n\n\t<\/div> <\/div>\n<\/li>\n<li class=\"product type-product post-303 status-publish last instock product_cat-bibliur has-post-thumbnail taxable shipping-taxable purchasable product-type-simple product-grid-view\">\n\t<div class=\"fusion-product-wrapper\">\n<a href=\"https:\/\/biblian.is\/verslun\/vara\/biblian-hvit-mjuktband\/\" class=\"product-images\" aria-label=\"Bibl\u00edan HV\u00cdT &#8211; mj\u00fak spj\u00f6ld 12&#215;18 sm\">\n\n<div class=\"featured-image\">\n\t\t<img decoding=\"async\" width=\"500\" height=\"500\" src=\"https:\/\/biblian.is\/verslun\/wp-content\/uploads\/sites\/16\/2026\/01\/Hvit-biblia-e1769711512670-500x500.png\" class=\"attachment-woocommerce_thumbnail size-woocommerce_thumbnail wp-post-image\" alt=\"\" srcset=\"https:\/\/biblian.is\/verslun\/wp-content\/uploads\/sites\/16\/2026\/01\/Hvit-biblia-e1769711512670-66x66.png 66w, https:\/\/biblian.is\/verslun\/wp-content\/uploads\/sites\/16\/2026\/01\/Hvit-biblia-e1769711512670-100x100.png 100w, https:\/\/biblian.is\/verslun\/wp-content\/uploads\/sites\/16\/2026\/01\/Hvit-biblia-e1769711512670-150x150.png 150w, https:\/\/biblian.is\/verslun\/wp-content\/uploads\/sites\/16\/2026\/01\/Hvit-biblia-e1769711512670-200x200.png 200w, https:\/\/biblian.is\/verslun\/wp-content\/uploads\/sites\/16\/2026\/01\/Hvit-biblia-e1769711512670-300x300.png 300w, https:\/\/biblian.is\/verslun\/wp-content\/uploads\/sites\/16\/2026\/01\/Hvit-biblia-e1769711512670-400x400.png 400w, https:\/\/biblian.is\/verslun\/wp-content\/uploads\/sites\/16\/2026\/01\/Hvit-biblia-e1769711512670-500x500.png 500w, https:\/\/biblian.is\/verslun\/wp-content\/uploads\/sites\/16\/2026\/01\/Hvit-biblia-e1769711512670-600x600.png 600w, https:\/\/biblian.is\/verslun\/wp-content\/uploads\/sites\/16\/2026\/01\/Hvit-biblia-e1769711512670-700x700.png 700w, https:\/\/biblian.is\/verslun\/wp-content\/uploads\/sites\/16\/2026\/01\/Hvit-biblia-e1769711512670-768x768.png 768w, https:\/\/biblian.is\/verslun\/wp-content\/uploads\/sites\/16\/2026\/01\/Hvit-biblia-e1769711512670-800x800.png 800w, https:\/\/biblian.is\/verslun\/wp-content\/uploads\/sites\/16\/2026\/01\/Hvit-biblia-e1769711512670.png 864w\" sizes=\"(max-width: 500px) 100vw, 500px\" \/>\n\t\t\t\t\t\t<div class=\"cart-loading\"><i class=\"awb-icon-spinner\" aria-hidden=\"true\"><\/i><\/div>\n\t\t\t<\/div>\n<\/a>\n<div class=\"fusion-product-content\">\n\t<div class=\"product-details\">\n\t\t<div class=\"product-details-container\">\n<h3 class=\"product-title\">\n\t<a href=\"https:\/\/biblian.is\/verslun\/vara\/biblian-hvit-mjuktband\/\">\n\t\tBibl\u00edan HV\u00cdT &#8211; mj\u00fak spj\u00f6ld 12&#215;18 sm\t<\/a>\n<\/h3>\n<div class=\"fusion-price-rating\">\n\n\t<span class=\"price\"><span class=\"woocommerce-Price-amount amount\"><bdi>10270&nbsp;<span class=\"woocommerce-Price-currencySymbol\">kr.<\/span><\/bdi><\/span><\/span>\n\t\t<\/div>\n\t<\/div>\n<\/div>\n\n\n\t<div class=\"product-buttons\">\n\t\t<div class=\"fusion-content-sep sep-shadow\"><\/div>\n\t\t<div class=\"product-buttons-container clearfix\">\n<a href=\"\/verslun\/wp-json\/wp\/v2\/pages\/209?add-to-cart=303\" aria-describedby=\"woocommerce_loop_add_to_cart_link_describedby_303\" data-quantity=\"1\" class=\"button product_type_simple add_to_cart_button ajax_add_to_cart\" data-product_id=\"303\" data-product_sku=\"978-9935-553-70-6\" aria-label=\"Add to cart: &ldquo;Bibl\u00edan HV\u00cdT - mj\u00fak spj\u00f6ld 12x18 sm&rdquo;\" rel=\"nofollow\">Setja \u00ed k\u00f6rfu<\/a>\t<span id=\"woocommerce_loop_add_to_cart_link_describedby_303\" class=\"screen-reader-text\">\n\t\t\t<\/span>\n\n<a href=\"https:\/\/biblian.is\/verslun\/vara\/biblian-hvit-mjuktband\/\" class=\"show_details_button\">\n\tN\u00e1nar<\/a>\n\n\n\t<\/div>\n\t<\/div>\n\n\t<\/div> <\/div>\n<\/li>\n<li class=\"product type-product post-62 status-publish first instock product_cat-bibliur has-post-thumbnail taxable shipping-taxable purchasable product-type-simple product-grid-view\">\n\t<div class=\"fusion-product-wrapper\">\n<a href=\"https:\/\/biblian.is\/verslun\/vara\/biblian-hardspjalda-12x18-sm\/\" class=\"product-images\" aria-label=\"Bibl\u00edan &#8211; Har\u00f0spjalda 12&#215;18 sm\">\n\n<div class=\"featured-image\">\n\t\t<img decoding=\"async\" width=\"500\" height=\"500\" src=\"https:\/\/biblian.is\/verslun\/wp-content\/uploads\/sites\/16\/2023\/01\/litil-biblia-500x500.jpg\" class=\"attachment-woocommerce_thumbnail size-woocommerce_thumbnail wp-post-image\" alt=\"Hef\u00f0bundin Bibl\u00eda \u00e1 hagkv\u00e6mu ver\u00f0i \u00ed st\u00e6r\u00f0inni 12x18 sm.\" srcset=\"https:\/\/biblian.is\/verslun\/wp-content\/uploads\/sites\/16\/2023\/01\/litil-biblia-66x66.jpg 66w, https:\/\/biblian.is\/verslun\/wp-content\/uploads\/sites\/16\/2023\/01\/litil-biblia-100x100.jpg 100w, https:\/\/biblian.is\/verslun\/wp-content\/uploads\/sites\/16\/2023\/01\/litil-biblia-150x150.jpg 150w, https:\/\/biblian.is\/verslun\/wp-content\/uploads\/sites\/16\/2023\/01\/litil-biblia-200x200.jpg 200w, https:\/\/biblian.is\/verslun\/wp-content\/uploads\/sites\/16\/2023\/01\/litil-biblia-300x300.jpg 300w, https:\/\/biblian.is\/verslun\/wp-content\/uploads\/sites\/16\/2023\/01\/litil-biblia-400x400.jpg 400w, https:\/\/biblian.is\/verslun\/wp-content\/uploads\/sites\/16\/2023\/01\/litil-biblia-500x500.jpg 500w, https:\/\/biblian.is\/verslun\/wp-content\/uploads\/sites\/16\/2023\/01\/litil-biblia-600x600.jpg 600w, https:\/\/biblian.is\/verslun\/wp-content\/uploads\/sites\/16\/2023\/01\/litil-biblia-700x700.jpg 700w, https:\/\/biblian.is\/verslun\/wp-content\/uploads\/sites\/16\/2023\/01\/litil-biblia-768x768.jpg 768w, https:\/\/biblian.is\/verslun\/wp-content\/uploads\/sites\/16\/2023\/01\/litil-biblia-800x800.jpg 800w, https:\/\/biblian.is\/verslun\/wp-content\/uploads\/sites\/16\/2023\/01\/litil-biblia-1024x1024.jpg 1024w, https:\/\/biblian.is\/verslun\/wp-content\/uploads\/sites\/16\/2023\/01\/litil-biblia.jpg 1200w\" sizes=\"(max-width: 500px) 100vw, 500px\" \/>\n\t\t\t\t\t\t<div class=\"cart-loading\"><i class=\"awb-icon-spinner\" aria-hidden=\"true\"><\/i><\/div>\n\t\t\t<\/div>\n<\/a>\n<div class=\"fusion-product-content\">\n\t<div class=\"product-details\">\n\t\t<div class=\"product-details-container\">\n<h3 class=\"product-title\">\n\t<a href=\"https:\/\/biblian.is\/verslun\/vara\/biblian-hardspjalda-12x18-sm\/\">\n\t\tBibl\u00edan &#8211; Har\u00f0spjalda 12&#215;18 sm\t<\/a>\n<\/h3>\n<div class=\"fusion-price-rating\">\n\n\t<span class=\"price\"><span class=\"woocommerce-Price-amount amount\"><bdi>3890&nbsp;<span class=\"woocommerce-Price-currencySymbol\">kr.<\/span><\/bdi><\/span><\/span>\n\t\t<\/div>\n\t<\/div>\n<\/div>\n\n\n\t<div class=\"product-buttons\">\n\t\t<div class=\"fusion-content-sep sep-shadow\"><\/div>\n\t\t<div class=\"product-buttons-container clearfix\">\n<a href=\"\/verslun\/wp-json\/wp\/v2\/pages\/209?add-to-cart=62\" aria-describedby=\"woocommerce_loop_add_to_cart_link_describedby_62\" data-quantity=\"1\" class=\"button product_type_simple add_to_cart_button ajax_add_to_cart\" data-product_id=\"62\" data-product_sku=\"978-9935-9281-1-5\" aria-label=\"Add to cart: &ldquo;Bibl\u00edan - Har\u00f0spjalda 12x18 sm&rdquo;\" rel=\"nofollow\">Setja \u00ed k\u00f6rfu<\/a>\t<span id=\"woocommerce_loop_add_to_cart_link_describedby_62\" class=\"screen-reader-text\">\n\t\t\t<\/span>\n\n<a href=\"https:\/\/biblian.is\/verslun\/vara\/biblian-hardspjalda-12x18-sm\/\" class=\"show_details_button\">\n\tN\u00e1nar<\/a>\n\n\n\t<\/div>\n\t<\/div>\n\n\t<\/div> <\/div>\n<\/li>\n<li class=\"product type-product post-149 status-publish instock product_cat-bibliur has-post-thumbnail taxable shipping-taxable purchasable product-type-simple product-grid-view\">\n\t<div class=\"fusion-product-wrapper\">\n<a href=\"https:\/\/biblian.is\/verslun\/vara\/altarisbiblian-ledur\/\" class=\"product-images\" aria-label=\"Altarisbibl\u00edan (har\u00f0spjalda &#8211; sv\u00f6rt endurunni\u00f0 le\u00f0ur) &#8211; 24&#215;32 sm\">\n\n<div class=\"featured-image\">\n\t\t<img decoding=\"async\" width=\"500\" height=\"499\" src=\"https:\/\/biblian.is\/verslun\/wp-content\/uploads\/sites\/16\/2023\/08\/Stor-svort-500x499.jpg\" class=\"attachment-woocommerce_thumbnail size-woocommerce_thumbnail wp-post-image\" alt=\"Altarisbibl\u00eda - 24x32 sm - endurunni\u00f0 le\u00f0ur (sv\u00f6rt)\" srcset=\"https:\/\/biblian.is\/verslun\/wp-content\/uploads\/sites\/16\/2023\/08\/Stor-svort-66x66.jpg 66w, https:\/\/biblian.is\/verslun\/wp-content\/uploads\/sites\/16\/2023\/08\/Stor-svort-100x100.jpg 100w, https:\/\/biblian.is\/verslun\/wp-content\/uploads\/sites\/16\/2023\/08\/Stor-svort-150x150.jpg 150w, https:\/\/biblian.is\/verslun\/wp-content\/uploads\/sites\/16\/2023\/08\/Stor-svort-200x200.jpg 200w, https:\/\/biblian.is\/verslun\/wp-content\/uploads\/sites\/16\/2023\/08\/Stor-svort-300x300.jpg 300w, https:\/\/biblian.is\/verslun\/wp-content\/uploads\/sites\/16\/2023\/08\/Stor-svort-400x399.jpg 400w, https:\/\/biblian.is\/verslun\/wp-content\/uploads\/sites\/16\/2023\/08\/Stor-svort-500x499.jpg 500w, https:\/\/biblian.is\/verslun\/wp-content\/uploads\/sites\/16\/2023\/08\/Stor-svort-600x599.jpg 600w, https:\/\/biblian.is\/verslun\/wp-content\/uploads\/sites\/16\/2023\/08\/Stor-svort-700x699.jpg 700w, https:\/\/biblian.is\/verslun\/wp-content\/uploads\/sites\/16\/2023\/08\/Stor-svort-768x767.jpg 768w, https:\/\/biblian.is\/verslun\/wp-content\/uploads\/sites\/16\/2023\/08\/Stor-svort-800x799.jpg 800w, https:\/\/biblian.is\/verslun\/wp-content\/uploads\/sites\/16\/2023\/08\/Stor-svort-1024x1022.jpg 1024w, https:\/\/biblian.is\/verslun\/wp-content\/uploads\/sites\/16\/2023\/08\/Stor-svort-1200x1198.jpg 1200w, https:\/\/biblian.is\/verslun\/wp-content\/uploads\/sites\/16\/2023\/08\/Stor-svort.jpg 1202w\" sizes=\"(max-width: 500px) 100vw, 500px\" \/>\n\t\t\t\t\t\t<div class=\"cart-loading\"><i class=\"awb-icon-spinner\" aria-hidden=\"true\"><\/i><\/div>\n\t\t\t<\/div>\n<\/a>\n<div class=\"fusion-product-content\">\n\t<div class=\"product-details\">\n\t\t<div class=\"product-details-container\">\n<h3 class=\"product-title\">\n\t<a href=\"https:\/\/biblian.is\/verslun\/vara\/altarisbiblian-ledur\/\">\n\t\tAltarisbibl\u00edan (har\u00f0spjalda &#8211; sv\u00f6rt endurunni\u00f0 le\u00f0ur) &#8211; 24&#215;32 sm\t<\/a>\n<\/h3>\n<div class=\"fusion-price-rating\">\n\n\t<span class=\"price\"><span class=\"woocommerce-Price-amount amount\"><bdi>26800&nbsp;<span class=\"woocommerce-Price-currencySymbol\">kr.<\/span><\/bdi><\/span><\/span>\n\t\t<\/div>\n\t<\/div>\n<\/div>\n\n\n\t<div class=\"product-buttons\">\n\t\t<div class=\"fusion-content-sep sep-shadow\"><\/div>\n\t\t<div class=\"product-buttons-container clearfix\">\n<a href=\"\/verslun\/wp-json\/wp\/v2\/pages\/209?add-to-cart=149\" aria-describedby=\"woocommerce_loop_add_to_cart_link_describedby_149\" data-quantity=\"1\" class=\"button product_type_simple add_to_cart_button ajax_add_to_cart\" data-product_id=\"149\" data-product_sku=\"978-9935-9281-3-9\" aria-label=\"Add to cart: &ldquo;Altarisbibl\u00edan (har\u00f0spjalda - sv\u00f6rt endurunni\u00f0 le\u00f0ur) - 24x32 sm&rdquo;\" rel=\"nofollow\">Setja \u00ed k\u00f6rfu<\/a>\t<span id=\"woocommerce_loop_add_to_cart_link_describedby_149\" class=\"screen-reader-text\">\n\t\t\t<\/span>\n\n<a href=\"https:\/\/biblian.is\/verslun\/vara\/altarisbiblian-ledur\/\" class=\"show_details_button\">\n\tN\u00e1nar<\/a>\n\n\n\t<\/div>\n\t<\/div>\n\n\t<\/div> <\/div>\n<\/li>\n<li class=\"product type-product post-151 status-publish last instock product_cat-bibliur has-post-thumbnail taxable shipping-taxable purchasable product-type-simple product-grid-view\">\n\t<div class=\"fusion-product-wrapper\">\n<a href=\"https:\/\/biblian.is\/verslun\/vara\/altarisbiblian-hefdbundin\/\" class=\"product-images\" aria-label=\"Altarisbibl\u00edan (har\u00f0spjalda &#8211; rau\u00f0) &#8211; 24&#215;32 sm\">\n\n<div class=\"featured-image\">\n\t\t<img decoding=\"async\" width=\"500\" height=\"500\" src=\"https:\/\/biblian.is\/verslun\/wp-content\/uploads\/sites\/16\/2023\/08\/Stor-Raud-500x500.jpg\" class=\"attachment-woocommerce_thumbnail size-woocommerce_thumbnail wp-post-image\" alt=\"Altarisbibl\u00eda - 24x32 sm - rau\u00f0\" srcset=\"https:\/\/biblian.is\/verslun\/wp-content\/uploads\/sites\/16\/2023\/08\/Stor-Raud-66x66.jpg 66w, https:\/\/biblian.is\/verslun\/wp-content\/uploads\/sites\/16\/2023\/08\/Stor-Raud-100x100.jpg 100w, https:\/\/biblian.is\/verslun\/wp-content\/uploads\/sites\/16\/2023\/08\/Stor-Raud-150x150.jpg 150w, https:\/\/biblian.is\/verslun\/wp-content\/uploads\/sites\/16\/2023\/08\/Stor-Raud-200x200.jpg 200w, https:\/\/biblian.is\/verslun\/wp-content\/uploads\/sites\/16\/2023\/08\/Stor-Raud-300x300.jpg 300w, https:\/\/biblian.is\/verslun\/wp-content\/uploads\/sites\/16\/2023\/08\/Stor-Raud-400x400.jpg 400w, https:\/\/biblian.is\/verslun\/wp-content\/uploads\/sites\/16\/2023\/08\/Stor-Raud-500x500.jpg 500w, https:\/\/biblian.is\/verslun\/wp-content\/uploads\/sites\/16\/2023\/08\/Stor-Raud-600x600.jpg 600w, https:\/\/biblian.is\/verslun\/wp-content\/uploads\/sites\/16\/2023\/08\/Stor-Raud-700x699.jpg 700w, https:\/\/biblian.is\/verslun\/wp-content\/uploads\/sites\/16\/2023\/08\/Stor-Raud-768x767.jpg 768w, https:\/\/biblian.is\/verslun\/wp-content\/uploads\/sites\/16\/2023\/08\/Stor-Raud-800x799.jpg 800w, https:\/\/biblian.is\/verslun\/wp-content\/uploads\/sites\/16\/2023\/08\/Stor-Raud-1024x1024.jpg 1024w, https:\/\/biblian.is\/verslun\/wp-content\/uploads\/sites\/16\/2023\/08\/Stor-Raud.jpg 1200w\" sizes=\"(max-width: 500px) 100vw, 500px\" \/>\n\t\t\t\t\t\t<div class=\"cart-loading\"><i class=\"awb-icon-spinner\" aria-hidden=\"true\"><\/i><\/div>\n\t\t\t<\/div>\n<\/a>\n<div class=\"fusion-product-content\">\n\t<div class=\"product-details\">\n\t\t<div class=\"product-details-container\">\n<h3 class=\"product-title\">\n\t<a href=\"https:\/\/biblian.is\/verslun\/vara\/altarisbiblian-hefdbundin\/\">\n\t\tAltarisbibl\u00edan (har\u00f0spjalda &#8211; rau\u00f0) &#8211; 24&#215;32 sm\t<\/a>\n<\/h3>\n<div class=\"fusion-price-rating\">\n\n\t<span class=\"price\"><span class=\"woocommerce-Price-amount amount\"><bdi>17800&nbsp;<span class=\"woocommerce-Price-currencySymbol\">kr.<\/span><\/bdi><\/span><\/span>\n\t\t<\/div>\n\t<\/div>\n<\/div>\n\n\n\t<div class=\"product-buttons\">\n\t\t<div class=\"fusion-content-sep sep-shadow\"><\/div>\n\t\t<div class=\"product-buttons-container clearfix\">\n<a href=\"\/verslun\/wp-json\/wp\/v2\/pages\/209?add-to-cart=151\" aria-describedby=\"woocommerce_loop_add_to_cart_link_describedby_151\" data-quantity=\"1\" class=\"button product_type_simple add_to_cart_button ajax_add_to_cart\" data-product_id=\"151\" data-product_sku=\"978-9935-9281-2-2\" aria-label=\"Add to cart: &ldquo;Altarisbibl\u00edan (har\u00f0spjalda - rau\u00f0) - 24x32 sm&rdquo;\" rel=\"nofollow\">Setja \u00ed k\u00f6rfu<\/a>\t<span id=\"woocommerce_loop_add_to_cart_link_describedby_151\" class=\"screen-reader-text\">\n\t\t\t<\/span>\n\n<a href=\"https:\/\/biblian.is\/verslun\/vara\/altarisbiblian-hefdbundin\/\" class=\"show_details_button\">\n\tN\u00e1nar<\/a>\n\n\n\t<\/div>\n\t<\/div>\n\n\t<\/div> <\/div>\n<\/li>\n<\/ul><div class=\"fusion-woo-product-grid-pagination fusion-clearfix\"><\/div><\/div><\/div><\/div><\/div><\/div>\n","protected":false},"excerpt":{"rendered":"","protected":false},"author":1,"featured_media":0,"parent":0,"menu_order":0,"comment_status":"closed","ping_status":"closed","template":"","meta":{"footnotes":""},"class_list":["post-209","page","type-page","status-publish","hentry"],"_links":{"self":[{"href":"https:\/\/biblian.is\/verslun\/wp-json\/wp\/v2\/pages\/209","targetHints":{"allow":["GET"]}}],"collection":[{"href":"https:\/\/biblian.is\/verslun\/wp-json\/wp\/v2\/pages"}],"about":[{"href":"https:\/\/biblian.is\/verslun\/wp-json\/wp\/v2\/types\/page"}],"author":[{"embeddable":true,"href":"https:\/\/biblian.is\/verslun\/wp-json\/wp\/v2\/users\/1"}],"replies":[{"embeddable":true,"href":"https:\/\/biblian.is\/verslun\/wp-json\/wp\/v2\/comments?post=209"}],"version-history":[{"count":0,"href":"https:\/\/biblian.is\/verslun\/wp-json\/wp\/v2\/pages\/209\/revisions"}],"wp:attachment":[{"href":"https:\/\/biblian.is\/verslun\/wp-json\/wp\/v2\/media?parent=209"}],"curies":[{"name":"wp","href":"https:\/\/api.w.org\/{rel}","templated":true}]}}