{"id":4034,"date":"2017-12-18T18:35:26","date_gmt":"2017-12-18T18:35:26","guid":{"rendered":"http:\/\/biblian.is\/gudbrandsbiblia\/opinberunarbok-johannesar-16-kafli\/"},"modified":"2017-12-18T18:35:26","modified_gmt":"2017-12-18T18:35:26","slug":"opinberunarbok-johannesar-16-kafli","status":"publish","type":"page","link":"https:\/\/biblian.is\/gudbrandsbiblia\/opinberunarbok-johannesar-16-kafli\/","title":{"rendered":"Opinberunarb\u00f3k J\u00f3hannesar 16. kafli"},"content":{"rendered":"<p>XVI.<\/p>\n<p>Og eg heyr\u00f0a r\u00f6dd mikla segja til \u00feeirra sj\u00f6 englanna: &#8222;Fari\u00f0 burt og \u00fathelli\u00f0 \u00feeim sk\u00e1lum Gu\u00f0s rei\u00f0i \u00e1 j\u00f6r\u00f0ina.&#8220;<\/p>\n<p>\tOg hinn fyrsti gekk burt og hellti \u00fat sinni sk\u00e1l \u00e1 j\u00f6r\u00f0ina. og \u00fear ur\u00f0u ill kaun og ska\u00f0s\u00f6m \u00e1 m\u00f6nnum \u00feeim e\u00f0 au\u00f0kenningarmerki d\u00fdrsins h\u00f6f\u00f0u og \u00feeir sem \u00feess mynd tilb\u00e1\u00f0u.<\/p>\n<p>\tOg s\u00e1 annar engill hellti \u00fat sinni sk\u00e1lu \u00ed sj\u00f3inn og hann var\u00f0 bl\u00f3\u00f0 l\u00edka sem annars dau\u00f0ingja og \u00f6ll lifandi s\u00e1l dey\u00f0i \u00ed sj\u00f3num.<\/p>\n<p>\tOg hinn \u00feri\u00f0ji engill hellti \u00fat sinni sk\u00e1lu \u00ed v\u00f6tnin og \u00ed vatsbrunnana og \u00feau ur\u00f0u bl\u00f3\u00f0. Og eg heyr\u00f0a \u00feann engil segja: &#8222;\u00de\u00fa Drottinn, s\u00e1 sem ert og s\u00e1 sem vart, \u00fe\u00fa ert r\u00e9ttl\u00e1tur og heilagur \u00fea\u00f0 \u00fe\u00fa d\u00e6mdir \u00feetta. \u00dev\u00ed a\u00f0 \u00feeir \u00fathelltu bl\u00f3\u00f0i heilagra og sp\u00e1mannanna og bl\u00f3\u00f0 hefur \u00fe\u00fa gefi\u00f0 \u00feeim a\u00f0 drekka \u00fev\u00ed \u00feess eru \u00feeir ver\u00f0ugir.&#8220; Og eg heyr\u00f0a annan engil af altarinu segja: &#8222;J\u00e1, Drottinn alm\u00e1ttugur, sannir og r\u00e9ttv\u00edsir eru \u00fe\u00ednir d\u00f3mar.&#8220;<\/p>\n<p>\tOg hinn fj\u00f3r\u00f0i engill hellti \u00fat sinni sk\u00e1lu \u00ed s\u00f3lina og honum var\u00f0 gefi\u00f0 af hita a\u00f0 kvelja mennina me\u00f0 eldi. Og m\u00f6nnunum var\u00f0 heitt af miklum ofurhita og l\u00f6stu\u00f0u nafn Drottins, s\u00e1 er magt hefur yfir \u00feessar pl\u00e1gur, og gj\u00f6r\u00f0u \u00f6ngva yfirb\u00f3t honum d\u00fdr\u00f0 a\u00f0 gefa. <\/p>\n<p>\tOg hinn fimmti engill hellti \u00fat sinni sk\u00e1lu yfir s\u00e6ti d\u00fdrsins og \u00feess r\u00edki var\u00f0 formyrkva\u00f0. Og af sorg \u00ed sundurbitu \u00feeir s\u00ednar tungur og l\u00f6stu\u00f0u Gu\u00f0 \u00e1 himni af sorgum og af s\u00ednum kaunum og gj\u00f6r\u00f0u \u00f6ngva yfirb\u00f3t fyri s\u00edn verk.<\/p>\n<p>\tOg hinn sj\u00f6tti engill hellti \u00fat sinni sk\u00e1lu \u00ed \u00fea\u00f0 mikla vatni\u00f0 Euphrates og vatni\u00f0 \u00feurrka\u00f0ist svo a\u00f0 tilreiddur yr\u00f0i vegur konunganna \u00fat af uppg\u00f6ngu s\u00f3larinnar. Og eg s\u00e1 \u00fat af munni drekans og \u00fat af munni d\u00fdrsins og \u00fat af munni \u00feess falska sp\u00e1manns ganga \u00ferj\u00e1 \u00f3rheina anda, l\u00edka <span class=\"athugasemd\" title=\"a \/ (P\u00f6ddur) \/ eru \u00feeir eyrnatu\u00f0arar sem hj\u00e1 h\u00f6f\u00f0ingjum hr\u00e6sna og \u00fev\u00e6tta \u00ed gegn evangelio en \u00fatr\u00e9tta \u00fe\u00f3 ekkert\">[<\/span> p\u00f6ddum. Og \u00fea\u00f0 eru andar dj\u00f6fulsins. \u00deeir gj\u00f6ra teikn og ganga \u00fat til konunga jar\u00f0arinnar og um alla heimskringlu a\u00f0 samansafna \u00feeim til orustu upp \u00e1 \u00feann mikla dag Gu\u00f0s alm\u00e1ttugs. &#8222;Sj\u00e1, eg kem sem \u00fej\u00f3fur. S\u00e6ll er s\u00e1 sem vakir og var\u00f0veitir s\u00edn kl\u00e6\u00f0i svo a\u00f0 hann gangi eigi nakinn so a\u00f0 ei sj\u00e1ist hans \u00f3s\u00f3mi.&#8220; Og hann samansafna\u00f0i \u00feeim \u00ed \u00feann sta\u00f0 sem kallast \u00e1 ebresku <span class=\"athugasemd\" title=\"b \/ Harmagedd\u00f3n) \/ \u00c1 norr\u00e6nu fortapa\u00f0ur bardagama\u00f0ur\">[<\/span> Harmagedd\u00f3n.<\/p>\n<p>\tOg s\u00e1 sj\u00f6undi engill hellti \u00fat sinni sk\u00e1lu \u00ed ve\u00f0ri\u00f0. Og \u00fear gekk \u00fat r\u00f6dd af himni \u00far st\u00f3lnum sem sag\u00f0i: &#8222;\u00dea\u00f0 er ske\u00f0.&#8220; Og \u00fear ur\u00f0u raddir og rei\u00f0ar\u00ferumur og eldingar og \u00fear var\u00f0 mikill jar\u00f0skj\u00e1lfti, hv\u00edl\u00edkur a\u00f0 aldrei var\u00f0 upp fr\u00e1 \u00fev\u00ed a\u00f0 menn hafa \u00e1 j\u00f6r\u00f0u veri\u00f0, \u00fev\u00edl\u00edkur jar\u00f0skj\u00e1lfti so mikill. Og \u00fat af \u00feeirri hinni miklu borg ur\u00f0u \u00ferj\u00e1r deildir og borgir hei\u00f0inna \u00fej\u00f3\u00f0a hr\u00f6pu\u00f0u. Og hin mikla Bab\u00fdlon var\u00f0 hugleidd fyrir Gu\u00f0i henni a\u00f0 gefa kaleik v\u00ednsins hans grimmdarrei\u00f0i. Og allar eyjar fl\u00fd\u00f0u og engin fj\u00f6ll ur\u00f0u fundin. Og hagl st\u00f3rt sem pund f\u00e9ll af himni \u00e1 f\u00f3lki\u00f0 og mennirnir l\u00f6stu\u00f0u Gu\u00f0 fyir sakir pl\u00e1gu haglsins \u00fev\u00ed a\u00f0 \u00feess pl\u00e1ga var n\u00e6sta mikil.<\/p>\n","protected":false},"excerpt":{"rendered":"<p>XVI. Og eg heyr\u00f0a r\u00f6dd mikla segja til \u00feeirra sj\u00f6 englanna: &#8222;Fari\u00f0 burt og \u00fathelli\u00f0 \u00feeim sk\u00e1lum Gu\u00f0s rei\u00f0i \u00e1 j\u00f6r\u00f0ina.&#8220; Og hinn fyrsti gekk burt og hellti \u00fat sinni sk\u00e1l \u00e1 j\u00f6r\u00f0ina. og \u00fear ur\u00f0u ill kaun og ska\u00f0s\u00f6m \u00e1 m\u00f6nnum \u00feeim e\u00f0 au\u00f0kenningarmerki d\u00fdrsins h\u00f6f\u00f0u og \u00feeir sem \u00feess mynd tilb\u00e1\u00f0u. Og s\u00e1 annar engill hellti \u00fat sinni sk\u00e1lu \u00ed sj\u00f3inn og hann var\u00f0 bl\u00f3\u00f0 l\u00edka sem annars dau\u00f0ingja og \u00f6ll lifandi s\u00e1l dey\u00f0i \u00ed sj\u00f3num. Og hinn \u00feri\u00f0ji engill hellti \u00fat sinni sk\u00e1lu \u00ed v\u00f6tnin og \u00ed vatsbrunnana og \u00feau ur\u00f0u bl\u00f3\u00f0. Og eg heyr\u00f0a \u00feann engil <a href=\"https:\/\/biblian.is\/gudbrandsbiblia\/opinberunarbok-johannesar-16-kafli\/\"> [&#8230;]<\/a><\/p>\n","protected":false},"author":1,"featured_media":0,"parent":0,"menu_order":0,"comment_status":"open","ping_status":"open","template":"bibliukaflar.php","meta":{"footnotes":""},"class_list":["post-4034","page","type-page","status-publish","hentry"],"_links":{"self":[{"href":"https:\/\/biblian.is\/gudbrandsbiblia\/wp-json\/wp\/v2\/pages\/4034","targetHints":{"allow":["GET"]}}],"collection":[{"href":"https:\/\/biblian.is\/gudbrandsbiblia\/wp-json\/wp\/v2\/pages"}],"about":[{"href":"https:\/\/biblian.is\/gudbrandsbiblia\/wp-json\/wp\/v2\/types\/page"}],"author":[{"embeddable":true,"href":"https:\/\/biblian.is\/gudbrandsbiblia\/wp-json\/wp\/v2\/users\/1"}],"replies":[{"embeddable":true,"href":"https:\/\/biblian.is\/gudbrandsbiblia\/wp-json\/wp\/v2\/comments?post=4034"}],"version-history":[{"count":0,"href":"https:\/\/biblian.is\/gudbrandsbiblia\/wp-json\/wp\/v2\/pages\/4034\/revisions"}],"wp:attachment":[{"href":"https:\/\/biblian.is\/gudbrandsbiblia\/wp-json\/wp\/v2\/media?parent=4034"}],"curies":[{"name":"wp","href":"https:\/\/api.w.org\/{rel}","templated":true}]}}