{"id":4024,"date":"2017-12-18T18:35:26","date_gmt":"2017-12-18T18:35:26","guid":{"rendered":"http:\/\/biblian.is\/gudbrandsbiblia\/opinberunarbok-johannesar-6-kafli\/"},"modified":"2017-12-18T18:35:26","modified_gmt":"2017-12-18T18:35:26","slug":"opinberunarbok-johannesar-6-kafli","status":"publish","type":"page","link":"https:\/\/biblian.is\/gudbrandsbiblia\/opinberunarbok-johannesar-6-kafli\/","title":{"rendered":"Opinberunarb\u00f3k J\u00f3hannesar 6. kafli"},"content":{"rendered":"<p>VI.<\/p>\n<p>Og eg s\u00e1 \u00fea\u00f0 a\u00f0 lambi\u00f0 opna\u00f0i eitt af innsiglunum. <span class=\"athugasemd\" title=\"\u00deetta er s\u00fa fyrsta pl\u00e1ga: Ofs\u00f3nir \u00f3mildra t\u00fdranna\">[<\/span> Og eg heyr\u00f0i eitt af \u00feeim fj\u00f3rum d\u00fdrunum segja l\u00edka sem me\u00f0 rei\u00f0ar\u00ferumu skr\u00fd\u00f0: &#8222;Kom og sko\u00f0a.&#8220; Og eg g\u00e6tta a\u00f0 og sj\u00e1, a\u00f0 hv\u00edtur hestur og s\u00e1 \u00fear upp \u00e1 sat haf\u00f0i boga og honum var\u00f0 gefin k\u00f3r\u00f3na og hann f\u00f3r \u00fat a\u00f0 yfirvinna og sigra.<\/p>\n<p>\tOg \u00fe\u00e1 \u00fea\u00f0 opna\u00f0i hi\u00f0 anna\u00f0 innsigli heyr\u00f0a eg hi\u00f0 anna\u00f0 d\u00fdri\u00f0 segja: <span class=\"athugasemd\" title=\"2. pl\u00e1ga \/ Bardagar og bl\u00f3\u00f0s\u00fathelling\">[<\/span> &#8222;Kom og g\u00e6t a\u00f0.&#8220; Og \u00fear gekk \u00fat annar hestur. S\u00e1 var rau\u00f0ur og \u00feeim sem \u00fear sat \u00e1 var\u00f0 gefi\u00f0 fri\u00f0inn \u00ed burtu a\u00f0 taka af j\u00f6r\u00f0u so a\u00f0 \u00feeir dr\u00e6pist ni\u00f0ur innbyr\u00f0is. Og honum var\u00f0 gefi\u00f0 st\u00f3rt sver\u00f0.<\/p>\n<p>\tOg er \u00fea\u00f0 opna\u00f0i hi\u00f0 \u00feri\u00f0ja innsigli\u00f0 heyr\u00f0a eg hi\u00f0 \u00feri\u00f0ja d\u00fdri\u00f0 segja: <span class=\"athugasemd\" title=\"3. pl\u00e1ga \/ Hungur og hall\u00e6ri\">[<\/span> &#8222;Kom og sko\u00f0a.&#8220; Og eg g\u00e6tta a\u00f0 og sj\u00e1, a\u00f0 br\u00fann hestur og s\u00e1 \u00fear sat \u00e1 haf\u00f0i met \u00ed sinni hendi. Og eg heyr\u00f0a me\u00f0al \u00feeirra fj\u00f6gra d\u00fdra r\u00f6ddina segja: &#8222;M\u00e6lir hveitis um einn pening og \u00fer\u00edr m\u00e6lir byggs um einn pening og v\u00edni og vi\u00f0smj\u00f6ri gj\u00f6r \u00f6ngvan ska\u00f0a.&#8220;<\/p>\n<p>\tOg \u00fe\u00e1 \u00fea\u00f0 opna\u00f0i hi\u00f0 fj\u00f3r\u00f0a innsigli\u00f0 heyr\u00f0a eg r\u00f6dd hins fj\u00f3r\u00f0a d\u00fdrsins, segandi: <span class=\"athugasemd\" title=\"4. pl\u00e1ga \/ Dau\u00f0i og dreps\u00f3tt\">[<\/span> &#8222;Kom og sko\u00f0a.&#8220; Og eg s\u00e1 a\u00f0 bleikur hestur og s\u00e1 \u00fear \u00e1 sat. \u00deess nafn h\u00e9t &#8222;Dau\u00f0i&#8220; og helv\u00edti honum eftirfylgdi. Og honum var\u00f0 magt gefin til a\u00f0 dey\u00f0a \u00ed fj\u00f3rum \u00e1ttum jar\u00f0ar me\u00f0ur sver\u00f0i og hungri og me\u00f0ur dr\u00e1pi af d\u00fdrum jar\u00f0ar. <\/p>\n<p>\tOg \u00fe\u00e1 \u00fea\u00f0 opna\u00f0i hi\u00f0 fimmta innsigli\u00f0 leit eg undir altarinu s\u00e1lir \u00feeirra sem l\u00edfl\u00e1tnir eru fyrir Gu\u00f0s or\u00f0s sakir og fyrir vitnisbur\u00f0arins sakir sem \u00feeir h\u00f6f\u00f0u. <span class=\"athugasemd\" title=\"H\u00e9r huggar hann \u00fe\u00e1 kristnu \u00ed \u00feeirra harmkv\u00e6lum\">[<\/span> Og \u00fe\u00e6r k\u00f6llu\u00f0u h\u00e1rri r\u00f6ddu og s\u00f6g\u00f0u: &#8222;Drottinn, \u00fe\u00fa hinn heilagi og sannarlegi, hversu lengi \u00fe\u00e1 d\u00e6mir \u00fe\u00fa og hefnir ekki vors bl\u00f3\u00f0s \u00e1 \u00feeim sem \u00e1 j\u00f6r\u00f0u b\u00faa?&#8220; Og \u00feeim s\u00e9rhverjum einum var\u00f0 gefi\u00f0 hv\u00edtt kl\u00e6\u00f0i og til \u00feeirra var\u00f0 sagt a\u00f0 \u00feeir hv\u00edldist enn um nokkra stund \u00feanga\u00f0 til a\u00f0 \u00fea\u00f0 uppfylldist a\u00f0 \u00feeirra sam\u00fej\u00f3nar og br\u00e6\u00f0ur k\u00e6mi \u00fear og til hverjir einnin l\u00edfl\u00e1tnir skyldu ver\u00f0a l\u00edka sem \u00feeir.<\/p>\n<p>\tOg eg s\u00e1 a\u00f0 \u00fea\u00f0 opna\u00f0i sj\u00f6tta innsigli\u00f0 og sj\u00e1, \u00fe\u00e1 gj\u00f6r\u00f0ist mikill jar\u00f0skj\u00e1lfti og s\u00f3lin var\u00f0 sv\u00f6rt sem h\u00e6rusekkur og tungli\u00f0 sem bl\u00f3\u00f0 og stj\u00f6rnur himins hrundu \u00e1 j\u00f6r\u00f0ina l\u00edka sem anna\u00f0 f\u00edkjutr\u00e9 n\u00e6r \u00fea\u00f0 hristist af vindi miklum af fleygir s\u00ednum f\u00edkjum. <span class=\"athugasemd\" title=\"\u00deetta eru allra handa pl\u00e1gur fyrir hverjar l\u00f6nd og l\u00fd\u00f0ir umbreytast me\u00f0 styrj\u00f6ld og upphlaupum allt til s\u00ed\u00f0asta dags\">[<\/span> Og himinninn undan l\u00e9t sem s\u00fa b\u00f3k er saman ver\u00f0ur vafin. Og \u00f6ll fj\u00f6ll og eyjar hr\u00e6r\u00f0ust \u00far s\u00ednum st\u00f6\u00f0um. Og jar\u00f0arinnar konungar og h\u00f6f\u00f0ingjar og r\u00edkismenn og foringjar og magtarmenn og allir \u00fer\u00e6lar og frelsingjar sk\u00fdldu s\u00e9r \u00ed holum og hellum fjallanna og s\u00f6g\u00f0u til hellanna og fjallanna: &#8222;Falli\u00f0 yfir oss og hylji\u00f0 oss fyrir augliti \u00feess sem \u00e1 st\u00f3lnum situr og fyrir rei\u00f0i lambsins! \u00dev\u00ed a\u00f0 hinn mikli dagur hans rei\u00f0i er kominn. Hver f\u00e6r sta\u00f0i\u00f0?&#8220;<\/p>\n","protected":false},"excerpt":{"rendered":"<p>VI. Og eg s\u00e1 \u00fea\u00f0 a\u00f0 lambi\u00f0 opna\u00f0i eitt af innsiglunum. [ Og eg heyr\u00f0i eitt af \u00feeim fj\u00f3rum d\u00fdrunum segja l\u00edka sem me\u00f0 rei\u00f0ar\u00ferumu skr\u00fd\u00f0: &#8222;Kom og sko\u00f0a.&#8220; Og eg g\u00e6tta a\u00f0 og sj\u00e1, a\u00f0 hv\u00edtur hestur og s\u00e1 \u00fear upp \u00e1 sat haf\u00f0i boga og honum var\u00f0 gefin k\u00f3r\u00f3na og hann f\u00f3r \u00fat a\u00f0 yfirvinna og sigra. Og \u00fe\u00e1 \u00fea\u00f0 opna\u00f0i hi\u00f0 anna\u00f0 innsigli heyr\u00f0a eg hi\u00f0 anna\u00f0 d\u00fdri\u00f0 segja: [ &#8222;Kom og g\u00e6t a\u00f0.&#8220; Og \u00fear gekk \u00fat annar hestur. S\u00e1 var rau\u00f0ur og \u00feeim sem \u00fear sat \u00e1 var\u00f0 gefi\u00f0 fri\u00f0inn \u00ed burtu a\u00f0 taka af <a href=\"https:\/\/biblian.is\/gudbrandsbiblia\/opinberunarbok-johannesar-6-kafli\/\"> [&#8230;]<\/a><\/p>\n","protected":false},"author":1,"featured_media":0,"parent":0,"menu_order":0,"comment_status":"open","ping_status":"open","template":"bibliukaflar.php","meta":{"footnotes":""},"class_list":["post-4024","page","type-page","status-publish","hentry"],"_links":{"self":[{"href":"https:\/\/biblian.is\/gudbrandsbiblia\/wp-json\/wp\/v2\/pages\/4024","targetHints":{"allow":["GET"]}}],"collection":[{"href":"https:\/\/biblian.is\/gudbrandsbiblia\/wp-json\/wp\/v2\/pages"}],"about":[{"href":"https:\/\/biblian.is\/gudbrandsbiblia\/wp-json\/wp\/v2\/types\/page"}],"author":[{"embeddable":true,"href":"https:\/\/biblian.is\/gudbrandsbiblia\/wp-json\/wp\/v2\/users\/1"}],"replies":[{"embeddable":true,"href":"https:\/\/biblian.is\/gudbrandsbiblia\/wp-json\/wp\/v2\/comments?post=4024"}],"version-history":[{"count":0,"href":"https:\/\/biblian.is\/gudbrandsbiblia\/wp-json\/wp\/v2\/pages\/4024\/revisions"}],"wp:attachment":[{"href":"https:\/\/biblian.is\/gudbrandsbiblia\/wp-json\/wp\/v2\/media?parent=4024"}],"curies":[{"name":"wp","href":"https:\/\/api.w.org\/{rel}","templated":true}]}}