{"id":4023,"date":"2017-12-18T18:35:26","date_gmt":"2017-12-18T18:35:26","guid":{"rendered":"http:\/\/biblian.is\/gudbrandsbiblia\/opinberunarbok-johannesar-5-kafli\/"},"modified":"2017-12-18T18:35:26","modified_gmt":"2017-12-18T18:35:26","slug":"opinberunarbok-johannesar-5-kafli","status":"publish","type":"page","link":"https:\/\/biblian.is\/gudbrandsbiblia\/opinberunarbok-johannesar-5-kafli\/","title":{"rendered":"Opinberunarb\u00f3k J\u00f3hannesar 5. kafli"},"content":{"rendered":"<p>V.<\/p>\n<p>Og eg s\u00e1 \u00ed h\u00e6gri hendi \u00feess sem \u00e1 st\u00f3lnum sat b\u00f3k skrifa\u00f0a innan og utan, innsigla\u00f0a me\u00f0 sj\u00f6 innsiglum. <span class=\"athugasemd\" title=\"\u00deessi b\u00f3k hefur inni a\u00f0 halda \u00fe\u00e1 hluti sem koma skulu, hverjir fyrir Christum ver\u00f0a kunnir og opinberir\">[<\/span> Og eg s\u00e1 sterkan engil pr\u00e9dika me\u00f0 mikilli raust: &#8222;Hver er ver\u00f0ugur \u00feessari b\u00f3k upp a\u00f0 l\u00faka og hennar innsigli upp a\u00f0 brj\u00f3ta?&#8220; Og enginn, hverki \u00e1 himnum n\u00e9 \u00e1 j\u00f6r\u00f0u n\u00e9 undir j\u00f6r\u00f0u, kunni \u00feeirri b\u00f3k upp a\u00f0 l\u00faka n\u00e9 \u00fear \u00ed a\u00f0 sj\u00e1. Og eg \u00e6pta \u00f3gurlega a\u00f0 enginn fannst \u00fear ver\u00f0ugur \u00feeirri b\u00f3k upp a\u00f0 l\u00faka og a\u00f0 lesa n\u00e9 \u00fear \u00ed a\u00f0 sj\u00e1.<\/p>\n<p>\tOg einn af \u00f6ldungunum segir til m\u00edn: &#8222;Gr\u00e1t ekki. Sj\u00e1, \u00fea\u00f0 le\u00f3ni\u00f0 sem er af slekti J\u00fada, r\u00f3t Dav\u00ed\u00f0s, hefur yfirunni\u00f0 a\u00f0 \u00fea\u00f0 opni b\u00f3kina og uppbrj\u00f3ti hennar sj\u00f6 innsigli.&#8220; <span class=\"athugasemd\" title=\"Num. 24 \/ Gen. 49 \/ Esa. 11\">[<\/span> Og eg g\u00e1\u00f0i a\u00f0 og sj\u00e1, \u00ed mi\u00f0i\u00f0 st\u00f3lsins og \u00feeirra fj\u00f6gra d\u00fdra og mitt \u00e1 milli \u00f6ldunganna \u00fe\u00e1 st\u00f3\u00f0 lamb, l\u00edka sem v\u00e6ri \u00fea\u00f0 drepi\u00f0, og haf\u00f0i sj\u00f6 horn og sj\u00f6 augu, hver a\u00f0 eru sj\u00f6 andar Gu\u00f0s \u00fatsendir um \u00f6l l\u00f6nd. Og \u00fea\u00f0 kom og t\u00f3k b\u00f3kina \u00far h\u00e6gri hendi \u00feess sem \u00e1 st\u00f3lnum sat.<\/p>\n<p>\tOg \u00fe\u00e1 er \u00fea\u00f0 t\u00f3k b\u00f3kina \u00fe\u00e1 f\u00e9llu fram \u00feau fj\u00f6gur d\u00fdrin og fj\u00f3rir og tuttugu \u00f6ldungarnir fyrir lambinu og hver einn haf\u00f0i h\u00f6rpu og gullker full reykelsis hver a\u00f0 eru b\u00e6nir heilagra og sungu n\u00fdjan lofs\u00f6ng og s\u00f6g\u00f0u: &#8222;\u00de\u00fa ert ver\u00f0ugur a\u00f0 me\u00f0taka b\u00f3kina og upp a\u00f0 brj\u00f3ta hennar innsigli \u00fev\u00ed a\u00f0 \u00fe\u00fa ert sl\u00e1tra\u00f0ur og endurleystir oss me\u00f0 \u00fe\u00ednu bl\u00f3\u00f0i \u00fat af allsh\u00e1ttu\u00f0um kynkv\u00edslum og tungum, f\u00f3lki og \u00fej\u00f3\u00f0um og hefur oss gj\u00f6rt Gu\u00f0i til konunga og kennimanna. Og v\u00e9r munum r\u00edkja \u00e1 j\u00f6r\u00f0u.&#8220;<\/p>\n<p>\tOg eg s\u00e1 og heyr\u00f0i r\u00f6dd margra engla umhverfis st\u00f3linn og um d\u00fdrin og um kring \u00f6ldunganna. Og \u00feeir voru a\u00f0 t\u00f6lu m\u00f6rg \u00fe\u00fasund \u00fe\u00fasunda og s\u00f6g\u00f0u h\u00e1rri raust: &#8222;Ver\u00f0ugt er lambi\u00f0 \u00fea\u00f0 sl\u00e1tra\u00f0 er a\u00f0 me\u00f0taka kraft og r\u00edkd\u00f3m og visku og styrk, d\u00fdr\u00f0, hei\u00f0ur og lofgj\u00f6r\u00f0.&#8220; Og allar skepnur \u00fe\u00e6r \u00e1 himnum eru og \u00e1 j\u00f6r\u00f0u og undir j\u00f6r\u00f0u og \u00ed sj\u00f3num og allt hva\u00f0 \u00ed \u00feeim er heyr\u00f0a eg segja til hans sem \u00e1 st\u00f3lnum sat og til lambsins: &#8222;Lof, hei\u00f0ur og d\u00fdr\u00f0 og vald um aldir og a\u00f0 eil\u00edfu.&#8220; Og \u00feau fj\u00f6gur d\u00fdrin s\u00f6g\u00f0u: &#8222;Amen.&#8220; Og \u00feeir fj\u00f3rir og tuttugu \u00f6ldungar f\u00e9llu fram og tilb\u00e1\u00f0u \u00feann sem lifir um aldir alda a\u00f0 eil\u00edfu.<\/p>\n","protected":false},"excerpt":{"rendered":"<p>V. Og eg s\u00e1 \u00ed h\u00e6gri hendi \u00feess sem \u00e1 st\u00f3lnum sat b\u00f3k skrifa\u00f0a innan og utan, innsigla\u00f0a me\u00f0 sj\u00f6 innsiglum. [ Og eg s\u00e1 sterkan engil pr\u00e9dika me\u00f0 mikilli raust: &#8222;Hver er ver\u00f0ugur \u00feessari b\u00f3k upp a\u00f0 l\u00faka og hennar innsigli upp a\u00f0 brj\u00f3ta?&#8220; Og enginn, hverki \u00e1 himnum n\u00e9 \u00e1 j\u00f6r\u00f0u n\u00e9 undir j\u00f6r\u00f0u, kunni \u00feeirri b\u00f3k upp a\u00f0 l\u00faka n\u00e9 \u00fear \u00ed a\u00f0 sj\u00e1. Og eg \u00e6pta \u00f3gurlega a\u00f0 enginn fannst \u00fear ver\u00f0ugur \u00feeirri b\u00f3k upp a\u00f0 l\u00faka og a\u00f0 lesa n\u00e9 \u00fear \u00ed a\u00f0 sj\u00e1. Og einn af \u00f6ldungunum segir til m\u00edn: &#8222;Gr\u00e1t ekki. Sj\u00e1, \u00fea\u00f0 <a href=\"https:\/\/biblian.is\/gudbrandsbiblia\/opinberunarbok-johannesar-5-kafli\/\"> [&#8230;]<\/a><\/p>\n","protected":false},"author":1,"featured_media":0,"parent":0,"menu_order":0,"comment_status":"open","ping_status":"open","template":"bibliukaflar.php","meta":{"footnotes":""},"class_list":["post-4023","page","type-page","status-publish","hentry"],"_links":{"self":[{"href":"https:\/\/biblian.is\/gudbrandsbiblia\/wp-json\/wp\/v2\/pages\/4023","targetHints":{"allow":["GET"]}}],"collection":[{"href":"https:\/\/biblian.is\/gudbrandsbiblia\/wp-json\/wp\/v2\/pages"}],"about":[{"href":"https:\/\/biblian.is\/gudbrandsbiblia\/wp-json\/wp\/v2\/types\/page"}],"author":[{"embeddable":true,"href":"https:\/\/biblian.is\/gudbrandsbiblia\/wp-json\/wp\/v2\/users\/1"}],"replies":[{"embeddable":true,"href":"https:\/\/biblian.is\/gudbrandsbiblia\/wp-json\/wp\/v2\/comments?post=4023"}],"version-history":[{"count":0,"href":"https:\/\/biblian.is\/gudbrandsbiblia\/wp-json\/wp\/v2\/pages\/4023\/revisions"}],"wp:attachment":[{"href":"https:\/\/biblian.is\/gudbrandsbiblia\/wp-json\/wp\/v2\/media?parent=4023"}],"curies":[{"name":"wp","href":"https:\/\/api.w.org\/{rel}","templated":true}]}}