{"id":4020,"date":"2017-12-18T18:35:26","date_gmt":"2017-12-18T18:35:26","guid":{"rendered":"http:\/\/biblian.is\/gudbrandsbiblia\/opinberunarbok-johannesar-2-kafli\/"},"modified":"2017-12-18T18:35:26","modified_gmt":"2017-12-18T18:35:26","slug":"opinberunarbok-johannesar-2-kafli","status":"publish","type":"page","link":"https:\/\/biblian.is\/gudbrandsbiblia\/opinberunarbok-johannesar-2-kafli\/","title":{"rendered":"Opinberunarb\u00f3k J\u00f3hannesar 2. kafli"},"content":{"rendered":"<p>II.<\/p>\n<p>Og englinum samkundunnar til Epheso skrifa \u00fe\u00fa: <span class=\"athugasemd\" title=\"1 \/ Engillinn \u00ed Epheso\">[<\/span> \u00deetta segir s\u00e1 sem heldur sj\u00f6 stj\u00f6rnum \u00ed sinni h\u00e6gri hendi, s\u00e1 sem gengur mitt \u00e1 milli sj\u00f6 gulllegra lj\u00f3sastikna: Eg veit \u00fe\u00edn verk og \u00feitt erfi\u00f0i og \u00fe\u00edna \u00feolinm\u00e6\u00f0i og \u00fea\u00f0 \u00fe\u00fa kannt ekki hina vondu a\u00f0 uml\u00ed\u00f0a og freista\u00f0ir \u00feeirra sem sig segja postula vera og eru \u00fe\u00f3 eigi og \u00fe\u00fa fannt \u00fe\u00e1 lj\u00fagara, og lei\u00f0st \u00fea\u00f0 og \u00feolinm\u00e6\u00f0i hefur og \u00fe\u00fa \u00feoldir fyrir m\u00edns nafns sakir og \u00fereyttist ekki. En \u00fea\u00f0 hefi eg \u00e1 m\u00f3ti \u00fe\u00e9r \u00fea\u00f0 \u00fe\u00fa hinn fyrsta k\u00e6rleik forl\u00e9st. Minnst \u00e1 hvar \u00fe\u00fa ert af fallinn og gj\u00f6r i\u00f0ran og gj\u00f6r hin fyrru verkin. En ef ekki man eg \u00fe\u00e9r snarlega koma og \u00feinni lj\u00f3sastiku \u00ed burt hrinda \u00far s\u00ednum sta\u00f0, utan \u00fe\u00fa gj\u00f6rir i\u00f0ran. En \u00fea\u00f0 hefur \u00fe\u00fa a\u00f0 \u00fe\u00fa hatar verk \u00feeirra Nicolaitarum hver eg og einnin hata. <span class=\"athugasemd\" title=\"Nicolaitar\">[<\/span> Hver eyru hefur a\u00f0 heyra, hann heyri hva\u00f0 andinn segir safna\u00f0inum. Hver hann yfirvinnur \u00feeim mun eg gefa a\u00f0 eta af l\u00edfsins tr\u00e9 \u00fea\u00f0 \u00ed Gu\u00f0s parad\u00eds er.<\/p>\n<p>\tOg \u00feeim engli til samkundunnar Smyrnen skrifa \u00fe\u00fa: <span class=\"athugasemd\" title=\"2 \/ Engillinn \u00ed Smyrnen\">[<\/span> \u00deetta segir hinn fyrsti og s\u00ed\u00f0asti, s\u00e1 dau\u00f0ur var og lifir: Eg veit \u00fe\u00edn verk og \u00fe\u00edna h\u00f6rmung og f\u00e1t\u00e6kt (en \u00fe\u00fa ert au\u00f0igur) og lastan \u00feeirra sem segja sig Gy\u00f0inga vera og eru ekki heldur eru \u00feeir Satans s\u00f6fnu\u00f0ur. Hr\u00e6\u00f0stu ekkert \u00feeirra hva\u00f0 \u00fe\u00fa l\u00ed\u00f0a mnt. Sj\u00e1, dj\u00f6fullinn mun nokkra af y\u00f0ur \u00ed d\u00fdflissu fleygja upp \u00e1 \u00fea\u00f0 \u00fe\u00e9r freista\u00f0ir ver\u00f0i\u00f0 og \u00fe\u00e9r munu\u00f0 h\u00f6rmung hafa \u00ed t\u00edu daga. Vert tr\u00far allt til dau\u00f0ans, so mun eg gefa \u00fe\u00e9r k\u00f3r\u00f3nu l\u00edfsins. Hver eyru hefur s\u00e1 heyri hva\u00f0 andinn segir samkundunum. Hver helst yfirvinnur \u00feeim skal ekkert mein ske af \u00feeim \u00f6\u00f0rum dau\u00f0a.<\/p>\n<p>\tOg \u00feeim engli samkundunnar til Pergamo skrifa \u00fe\u00fa: <span class=\"athugasemd\" title=\"3 \/ Engillinn \u00ed Pergamo\">[<\/span> \u00deetta segir s\u00e1 sem hefur hi\u00f0 hvassa tv\u00edeggja\u00f0a sver\u00f0i\u00f0: Eg veit hva\u00f0 \u00fe\u00fa gj\u00f6rir og hvar \u00fe\u00fa b\u00fdr, hvar helst a\u00f0 er andskotans s\u00e6ti, og \u00fe\u00fa heldur mitt nafn og afneita\u00f0ir eigi m\u00edna tr\u00fa. Og \u00e1 m\u00ednum d\u00f6gum er Antipas, minn tr\u00far vottur, hj\u00e1 y\u00f0ur \u00ed hel sleginn hvar e\u00f0 Satan byggir. <span class=\"athugasemd\" title=\"Antipas\">[<\/span> En eg hefi f\u00e1tt eina \u00e1 m\u00f3ti \u00fe\u00e9r \u00fea\u00f0 \u00fe\u00fa \u00fear sj\u00e1lfur hefur \u00fe\u00e1 sem l\u00e6rd\u00f3m Balaam halda, s\u00e1 sem kenndi Balak a\u00f0 senda hneyksli fyrir sonu Israelis til a\u00f0 eta af \u00fev\u00ed sem sk\u00fargo\u00f0um offra\u00f0ist og h\u00f3ranir a\u00f0 dr\u00fdgja. <span class=\"athugasemd\" title=\"Balaam \/ Balak \/ Num. 23. 24\">[<\/span> L\u00edka so einnin hefur \u00fe\u00fa \u00fe\u00e1 sem halda kenningar Nicolaitarum, hva\u00f0 er eg hata. Gj\u00f6r yfirb\u00f3t! En ef ekki, \u00fe\u00e1 mun eg \u00fe\u00e9r snarlega koma og str\u00ed\u00f0a vi\u00f0ur \u00fe\u00e1 me\u00f0 sver\u00f0i m\u00edns munns. Hver eyru hefur s\u00e1 heyri hva\u00f0 andinn segir samkundunum. Hver hann yfirvinnur \u00feeim mun eg gefa a\u00f0 eta af \u00fev\u00ed f\u00f3lginu manna og eg vil gefa honum g\u00f3\u00f0an vitnisbur\u00f0 og me\u00f0 vitnisbur\u00f0inum n\u00fdtt nafn skrifa\u00f0 \u00fea\u00f0 enginn kennir utan s\u00e1 \u00fea\u00f0 me\u00f0tekur.<\/p>\n<p>\tOg \u00feeim engli til samkundunnar Thyatira skrifa \u00fe\u00fa: <span class=\"athugasemd\" title=\"4 \/ Engillinn \u00ed Thyatira\">[<\/span> \u00deetta segir sonur Gu\u00f0s, s\u00e1 augu hefur sem eldsloga og hans f\u00e6tur sem gl\u00f3anda l\u00e1t\u00fan: Eg veit \u00fe\u00edn verk og \u00feinn k\u00e6rleika og \u00fe\u00edna \u00fej\u00f3nustu og tr\u00fa og \u00fe\u00edna \u00feolinm\u00e6\u00f0i og \u00fea\u00f0 hin s\u00ed\u00f0ari verkin munu hinum fyrrum fleiri. En f\u00e1tt nokku\u00f0 hefi eg \u00e1 m\u00f3ti \u00fe\u00e9r \u00fea\u00f0 \u00fe\u00fa leyfir \u00feeirri kvinnu Jesabel, sem segir sig sp\u00e1konu vera, a\u00f0 l\u00e6ra og villa m\u00edna \u00fej\u00f3na h\u00f3ranir a\u00f0 dr\u00fdgja og sk\u00fargo\u00f0af\u00f3rnir a\u00f0 eta. <span class=\"athugasemd\" title=\"Jesabel \/ 4. Reg. 9\">[<\/span> Og eg hefi henni t\u00edma gefi\u00f0 \u00fea\u00f0 h\u00fan skyldi i\u00f0ran gj\u00f6ra fyrir hennar h\u00f3ranir og h\u00fan gj\u00f6rir \u00f6ngva i\u00f0ran. Sj\u00e1, eg fleygi henni \u00ed rekkju og \u00feeim hverjir me\u00f0 henni h\u00f3rd\u00f3m dr\u00fdgt hafa \u00ed hinar mestu h\u00f6rmungar nema h\u00fan gj\u00f6ri yfirb\u00f3t fyrir s\u00edn verk. Og hennar b\u00f6rn mun eg dau\u00f0a dey\u00f0a og allar samkundurnar skulu vi\u00f0urkenna \u00fea\u00f0 eg em n\u00fdrnanna og hjartanna rannsakari og eg mun gefa s\u00e9rhverjum y\u00f0ar sem einum eftir s\u00ednum verkum. <span class=\"athugasemd\" title=\"Jere. 17 \/ Psal. 7\">[<\/span><\/p>\n<p>\tEn y\u00f0ur segi eg og hinum \u00f6\u00f0rum sem eru til Thyatira, \u00feeir \u00feennan l\u00e6rd\u00f3m eigi hafa og hverjir ekki vi\u00f0urkennt hafa d\u00fdpt andskotans (sem a\u00f0 \u00feeir segja) og \u00f6ngvan annan \u00feunga man eg \u00e1 y\u00f0ur senda. \u00de\u00f3 hva\u00f0 \u00fe\u00e9r hafi\u00f0, \u00fea\u00f0 haldi\u00f0 \u00fear til a\u00f0 eg kem. Og hver yfirvinnur og var\u00f0veitir m\u00edn verk allt til enda \u00feeim mun eg vald gefa yfir hina hei\u00f0nu og han skal stj\u00f3rna \u00feeim me\u00f0ur j\u00e1rnsprota og so sem leirgj\u00f6rarans ker skal hann \u00ed sundurmola \u00fe\u00e1, l\u00edka sem eg af m\u00ednum f\u00f6\u00f0ur me\u00f0teki\u00f0 hefi. Og morgunstj\u00f6rnuna mun eg gefa honum. Hver eyru hefur s\u00e1 heyri hva\u00f0 andinn segir samkundunum.<\/p>\n","protected":false},"excerpt":{"rendered":"<p>II. Og englinum samkundunnar til Epheso skrifa \u00fe\u00fa: [ \u00deetta segir s\u00e1 sem heldur sj\u00f6 stj\u00f6rnum \u00ed sinni h\u00e6gri hendi, s\u00e1 sem gengur mitt \u00e1 milli sj\u00f6 gulllegra lj\u00f3sastikna: Eg veit \u00fe\u00edn verk og \u00feitt erfi\u00f0i og \u00fe\u00edna \u00feolinm\u00e6\u00f0i og \u00fea\u00f0 \u00fe\u00fa kannt ekki hina vondu a\u00f0 uml\u00ed\u00f0a og freista\u00f0ir \u00feeirra sem sig segja postula vera og eru \u00fe\u00f3 eigi og \u00fe\u00fa fannt \u00fe\u00e1 lj\u00fagara, og lei\u00f0st \u00fea\u00f0 og \u00feolinm\u00e6\u00f0i hefur og \u00fe\u00fa \u00feoldir fyrir m\u00edns nafns sakir og \u00fereyttist ekki. En \u00fea\u00f0 hefi eg \u00e1 m\u00f3ti \u00fe\u00e9r \u00fea\u00f0 \u00fe\u00fa hinn fyrsta k\u00e6rleik forl\u00e9st. Minnst \u00e1 hvar \u00fe\u00fa ert af <a href=\"https:\/\/biblian.is\/gudbrandsbiblia\/opinberunarbok-johannesar-2-kafli\/\"> [&#8230;]<\/a><\/p>\n","protected":false},"author":1,"featured_media":0,"parent":0,"menu_order":0,"comment_status":"open","ping_status":"open","template":"bibliukaflar.php","meta":{"footnotes":""},"class_list":["post-4020","page","type-page","status-publish","hentry"],"_links":{"self":[{"href":"https:\/\/biblian.is\/gudbrandsbiblia\/wp-json\/wp\/v2\/pages\/4020","targetHints":{"allow":["GET"]}}],"collection":[{"href":"https:\/\/biblian.is\/gudbrandsbiblia\/wp-json\/wp\/v2\/pages"}],"about":[{"href":"https:\/\/biblian.is\/gudbrandsbiblia\/wp-json\/wp\/v2\/types\/page"}],"author":[{"embeddable":true,"href":"https:\/\/biblian.is\/gudbrandsbiblia\/wp-json\/wp\/v2\/users\/1"}],"replies":[{"embeddable":true,"href":"https:\/\/biblian.is\/gudbrandsbiblia\/wp-json\/wp\/v2\/comments?post=4020"}],"version-history":[{"count":0,"href":"https:\/\/biblian.is\/gudbrandsbiblia\/wp-json\/wp\/v2\/pages\/4020\/revisions"}],"wp:attachment":[{"href":"https:\/\/biblian.is\/gudbrandsbiblia\/wp-json\/wp\/v2\/media?parent=4020"}],"curies":[{"name":"wp","href":"https:\/\/api.w.org\/{rel}","templated":true}]}}