{"id":4017,"date":"2017-12-18T18:35:22","date_gmt":"2017-12-18T18:35:22","guid":{"rendered":"http:\/\/biblian.is\/gudbrandsbiblia\/jakobsbrefid-5-kafli\/"},"modified":"2017-12-18T18:35:22","modified_gmt":"2017-12-18T18:35:22","slug":"jakobsbrefid-5-kafli","status":"publish","type":"page","link":"https:\/\/biblian.is\/gudbrandsbiblia\/jakobsbrefid-5-kafli\/","title":{"rendered":"Jakobsbr\u00e9fi\u00f0 5. kafli"},"content":{"rendered":"<p>V.<\/p>\n<p>N\u00fa vel, \u00fe\u00e9r au\u00f0igir, \u00fdli\u00f0 og \u00e6pi\u00f0 yfir y\u00f0ar ves\u00f6ldum \u00feeim yfir y\u00f0ur skulu koma. Y\u00f0var r\u00edkid\u00e6mi eru \u00falnu\u00f0 og kl\u00e6\u00f0i y\u00f0ar eru m\u00f6l\u00e9tin, gull y\u00f0art og silfur er forry\u00f0ga\u00f0 og \u00feeirra ry\u00f0 mun y\u00f0ur til vitnisbur\u00f0ar vera og mun t\u00e6ra y\u00f0ru holdi sem eldur. \u00de\u00e9r hafi\u00f0 y\u00f0ur sj\u00f3\u00f0um safna\u00f0 \u00e1 s\u00ed\u00f0ustu d\u00f6gum. Sj\u00e1i\u00f0, a\u00f0 launin verkmannanna \u00feeirra sem y\u00f0ar akurl\u00f6nd hafa upp yrkt og hva\u00f0 \u00fe\u00e9r hafi\u00f0 \u00fe\u00e1 um sviki\u00f0 \u00feau hr\u00f3pa og \u00fea\u00f0 \u00feeirra hr\u00f3p er komi\u00f0 til eyrna Drottins Seba\u00f3t. \u00de\u00e9r hafi\u00f0 kr\u00e6silega lifa\u00f0 \u00e1 j\u00f6r\u00f0u og y\u00f0ar lostasemdir dr\u00fdgt og kappali\u00f0 y\u00f0ar hj\u00f6rtu svo sem til sl\u00e1trunardags. Hinn r\u00e9ttl\u00e1ta hafi \u00fe\u00e9r ford\u00e6mt og \u00ed hel slegi\u00f0 og hann hefur eigi m\u00f3tsta\u00f0i\u00f0 y\u00f0ur.<\/p>\n<p>\tFyrir \u00fev\u00ed veri\u00f0 \u00feolinm\u00f3\u00f0ir, k\u00e6rir br\u00e6\u00f0ur, allt upp \u00e1 tilkomu Drottins. Sj\u00e1i\u00f0, \u00fea\u00f0 akurkallinn v\u00e6ntir \u00e1g\u00e6tlegs \u00e1vaxtar jar\u00f0arinnar, \u00fea\u00f0 \u00feolinm\u00f3\u00f0lega uml\u00ed\u00f0andi \u00fear til hann f\u00e6r morgunregn og kveldsk\u00fara. Veri \u00fe\u00e9r einnin \u00feolinm\u00f3\u00f0ir og styrki\u00f0 y\u00f0ar hj\u00f6rtu \u00fev\u00ed a\u00f0 tilkoma Drottins er \u00ed n\u00e1nd. M\u00f3tbl\u00e1si\u00f0 ekki hver annan, k\u00e6rir br\u00e6\u00f0ur, svo a\u00f0 \u00fe\u00e9r ford\u00e6mist eigi. Sj\u00e1i\u00f0, a\u00f0 d\u00f3marinn er fyrir dyrum. Taki\u00f0, m\u00ednir k\u00e6rir br\u00e6\u00f0ur, til eftird\u00e6mis m\u00f3tg\u00f6ngunnar og \u00feolinm\u00e6\u00f0innar sp\u00e1mennina \u00feeir til y\u00f0ar hafa tala\u00f0 \u00ed nafni Drottins. Sj\u00e1i\u00f0, v\u00e9r pr\u00edsum \u00fe\u00e1 sem li\u00f0i\u00f0 hafa. \u00deolinm\u00e6\u00f0i Jobs hafi \u00fe\u00e9r heyrt og ending Drottins hafi \u00fe\u00e9r s\u00e9\u00f0 \u00fev\u00ed a\u00f0 Drottinn er miskunnsamur og l\u00edknari. <\/p>\n<p>\tEn fram um alla hluti, br\u00e6\u00f0ur m\u00ednir, \u00fe\u00e1 sverji\u00f0 hverki vi\u00f0 himin n\u00e9 vi\u00f0 j\u00f6r\u00f0 n\u00e9 nokkurn annan ei\u00f0. <span class=\"athugasemd\" title=\"Mar. 6\">[<\/span> En y\u00f0ar or\u00f0 s\u00e9 j\u00e1 \u00fea\u00f0 j\u00e1 er og nei \u00fea\u00f0 nei er so a\u00f0 \u00fe\u00e9r falli\u00f0 ekki \u00ed hr\u00e6sni. Hryggist nokkur me\u00f0al y\u00f0ar, s\u00e1 bi\u00f0ji. En hver \u00ed g\u00f3\u00f0u ge\u00f0i er, s\u00e1 syngi s\u00e1lma. En hvert sj\u00fakur er, s\u00e1 kalli til s\u00edn \u00f6ldungana safna\u00f0arins og l\u00e1ti bi\u00f0ja yfir s\u00e9r og sig vi\u00f0smj\u00f6ri smyrja \u00ed nafni Drottins og b\u00e6nin tr\u00faarinnar mun frelsa hinn sj\u00faka og Drottinn mun vi\u00f0r\u00e9tta hann og \u00fe\u00f3 hann hafi syndir gj\u00f6rt munu \u00fe\u00e6r h\u00f6num fyrirgefast.<\/p>\n<p>\tJ\u00e1ti hver \u00f6\u00f0rum s\u00ednar syndir og bi\u00f0ji\u00f0 hver fyrir \u00f6\u00f0rum \u00fea\u00f0 \u00fe\u00e9r heilbrig\u00f0ir ver\u00f0i\u00f0. \u00dev\u00ed a\u00f0 i\u00f0ugleg r\u00e9ttfer\u00f0ugs b\u00e6n m\u00e1 miki\u00f0. El\u00edas var ma\u00f0ur l\u00edka svo sem v\u00e9r og hann ba\u00f0 b\u00e6nar a\u00f0 \u00fea\u00f0 skyldi eigi rigna og \u00fea\u00f0 rigndi ei yfir j\u00f6r\u00f0ina \u00ed \u00ferj\u00fa \u00e1r og sex m\u00e1na\u00f0i. <span class=\"athugasemd\" title=\"Luc. 4 \/ 3. Reg. 4\">[<\/span> \u00cd anna\u00f0 sinn ba\u00f0 hann aftur og himinninn gaf regn og j\u00f6r\u00f0in bar sinn \u00e1v\u00f6xt. <\/p>\n<p>\tK\u00e6rir br\u00e6\u00f0ur, ef a\u00f0 nokkur me\u00f0al y\u00f0ar villist fr\u00e1 sannleikanum og umsn\u00fdr h\u00f6num einhv\u00f6r s\u00e1 skal vita \u00fea\u00f0 a\u00f0 hver er syndaranum umsn\u00fdr \u00ed fr\u00e1 villu hans vegar hefur frelsa\u00f0 \u00f6nd fr\u00e1 dau\u00f0a og mun ni\u00f0ri byrgja fj\u00f6ldann syndanna.<\/p>\n","protected":false},"excerpt":{"rendered":"<p>V. N\u00fa vel, \u00fe\u00e9r au\u00f0igir, \u00fdli\u00f0 og \u00e6pi\u00f0 yfir y\u00f0ar ves\u00f6ldum \u00feeim yfir y\u00f0ur skulu koma. Y\u00f0var r\u00edkid\u00e6mi eru \u00falnu\u00f0 og kl\u00e6\u00f0i y\u00f0ar eru m\u00f6l\u00e9tin, gull y\u00f0art og silfur er forry\u00f0ga\u00f0 og \u00feeirra ry\u00f0 mun y\u00f0ur til vitnisbur\u00f0ar vera og mun t\u00e6ra y\u00f0ru holdi sem eldur. \u00de\u00e9r hafi\u00f0 y\u00f0ur sj\u00f3\u00f0um safna\u00f0 \u00e1 s\u00ed\u00f0ustu d\u00f6gum. Sj\u00e1i\u00f0, a\u00f0 launin verkmannanna \u00feeirra sem y\u00f0ar akurl\u00f6nd hafa upp yrkt og hva\u00f0 \u00fe\u00e9r hafi\u00f0 \u00fe\u00e1 um sviki\u00f0 \u00feau hr\u00f3pa og \u00fea\u00f0 \u00feeirra hr\u00f3p er komi\u00f0 til eyrna Drottins Seba\u00f3t. \u00de\u00e9r hafi\u00f0 kr\u00e6silega lifa\u00f0 \u00e1 j\u00f6r\u00f0u og y\u00f0ar lostasemdir dr\u00fdgt og kappali\u00f0 y\u00f0ar hj\u00f6rtu svo sem <a href=\"https:\/\/biblian.is\/gudbrandsbiblia\/jakobsbrefid-5-kafli\/\"> [&#8230;]<\/a><\/p>\n","protected":false},"author":1,"featured_media":0,"parent":0,"menu_order":0,"comment_status":"open","ping_status":"open","template":"bibliukaflar.php","meta":{"footnotes":""},"class_list":["post-4017","page","type-page","status-publish","hentry"],"_links":{"self":[{"href":"https:\/\/biblian.is\/gudbrandsbiblia\/wp-json\/wp\/v2\/pages\/4017","targetHints":{"allow":["GET"]}}],"collection":[{"href":"https:\/\/biblian.is\/gudbrandsbiblia\/wp-json\/wp\/v2\/pages"}],"about":[{"href":"https:\/\/biblian.is\/gudbrandsbiblia\/wp-json\/wp\/v2\/types\/page"}],"author":[{"embeddable":true,"href":"https:\/\/biblian.is\/gudbrandsbiblia\/wp-json\/wp\/v2\/users\/1"}],"replies":[{"embeddable":true,"href":"https:\/\/biblian.is\/gudbrandsbiblia\/wp-json\/wp\/v2\/comments?post=4017"}],"version-history":[{"count":0,"href":"https:\/\/biblian.is\/gudbrandsbiblia\/wp-json\/wp\/v2\/pages\/4017\/revisions"}],"wp:attachment":[{"href":"https:\/\/biblian.is\/gudbrandsbiblia\/wp-json\/wp\/v2\/media?parent=4017"}],"curies":[{"name":"wp","href":"https:\/\/api.w.org\/{rel}","templated":true}]}}