{"id":4,"date":"2017-12-18T15:17:00","date_gmt":"2017-12-18T15:17:00","guid":{"rendered":"http:\/\/biblian.is\/gudbrandsbiblia\/?page_id=4"},"modified":"2026-04-16T19:46:54","modified_gmt":"2026-04-16T19:46:54","slug":"gudbrandsbiblia","status":"publish","type":"page","link":"https:\/\/biblian.is\/gudbrandsbiblia\/","title":{"rendered":"Gu\u00f0brandsbibl\u00eda"},"content":{"rendered":"<div class=\"fusion-fullwidth fullwidth-box fusion-builder-row-1 nonhundred-percent-fullwidth non-hundred-percent-height-scrolling\" style=\"--awb-border-radius-top-left:0px;--awb-border-radius-top-right:0px;--awb-border-radius-bottom-right:0px;--awb-border-radius-bottom-left:0px;--awb-flex-wrap:wrap;\" ><div class=\"fusion-builder-row fusion-row\"><div class=\"fusion-layout-column fusion_builder_column fusion-builder-column-0 fusion_builder_column_1_2 1_2 fusion-one-half fusion-column-first\" style=\"--awb-bg-size:cover;width:50%;width:calc(50% - ( ( 4% ) * 0.5 ) );margin-right: 4%;\"><div class=\"fusion-column-wrapper fusion-flex-column-wrapper-legacy\"><div class=\"fusion-widget-area awb-widget-area-element fusion-widget-area-1 fusion-content-widget-area\" style=\"--awb-title-size:15px;--awb-title-color:#000000;--awb-padding:0px 0px 0px 0px;\"><div id=\"search-3\" class=\"widget widget_search\">\t\t<form role=\"search\" class=\"searchform fusion-search-form  fusion-search-form-classic\" method=\"get\" action=\"https:\/\/biblian.is\/gudbrandsbiblia\/\">\n\t\t\t<div class=\"fusion-search-form-content\">\n\n\t\t\t\t\n\t\t\t\t<div class=\"fusion-search-field search-field\">\n\t\t\t\t\t<label><span class=\"screen-reader-text\">Leita eftir:<\/span>\n\t\t\t\t\t\t\t\t\t\t\t\t\t<input type=\"search\" value=\"\" name=\"s\" class=\"s\" placeholder=\"Leit\u2026\" required aria-required=\"true\" aria-label=\"Leit\u2026\"\/>\n\t\t\t\t\t\t\t\t\t\t\t<\/label>\n\t\t\t\t<\/div>\n\t\t\t\t<div class=\"fusion-search-button search-button\">\n\t\t\t\t\t<input type=\"submit\" class=\"fusion-search-submit searchsubmit\" aria-label=\"Leit\" value=\"&#xf002;\" \/>\n\t\t\t\t\t\t\t\t\t<\/div>\n\n\t\t\t\t\n\t\t\t<\/div>\n\n\n\t\t\t\n\t\t<\/form>\n\t\t<\/div><div class=\"fusion-additional-widget-content\"><\/div><\/div><div class=\"accordian fusion-accordian\" style=\"--awb-border-size:1px;--awb-icon-size:18px;--awb-content-font-size:15px;--awb-icon-alignment:left;--awb-hover-color:#f8f8f8;--awb-border-color:#f8f8f8;--awb-background-color:#ffffff;--awb-divider-color:#e0dede;--awb-divider-hover-color:#e0dede;--awb-icon-color:#f8f8f8;--awb-title-color:#5f4b8b;--awb-content-color:#301800;--awb-icon-box-color:#301800;--awb-toggle-hover-accent-color:#301800;--awb-title-font-family:&quot;Lato&quot;;--awb-title-font-weight:900;--awb-title-font-style:normal;--awb-title-font-size:18px;--awb-content-font-family:&quot;Lato&quot;;--awb-content-font-style:normal;--awb-content-font-weight:regular;\"><div class=\"panel-group fusion-toggle-icon-boxed\" id=\"accordion-4-1\"><div class=\"fusion-panel panel-default panel-e54cb0d3c7562a511 fusion-toggle-no-divider fusion-toggle-boxed-mode\"><div class=\"panel-heading\"><h4 class=\"panel-title toggle\" id=\"toggle_e54cb0d3c7562a511\"><a aria-expanded=\"false\" aria-controls=\"e54cb0d3c7562a511\" role=\"button\" data-toggle=\"collapse\" data-parent=\"#accordion-4-1\" data-target=\"#e54cb0d3c7562a511\" href=\"#e54cb0d3c7562a511\"><span class=\"fusion-toggle-icon-wrapper\" aria-hidden=\"true\"><i class=\"fa-fusion-box active-icon awb-icon-minus\" aria-hidden=\"true\"><\/i><i class=\"fa-fusion-box inactive-icon awb-icon-plus\" aria-hidden=\"true\"><\/i><\/span><span class=\"fusion-toggle-heading\">Gamla testamenti\u00f0<\/span><\/a><\/h4><\/div><div id=\"e54cb0d3c7562a511\" class=\"panel-collapse collapse \" aria-labelledby=\"toggle_e54cb0d3c7562a511\"><div class=\"panel-body toggle-content fusion-clearfix\">\n<div class=\"dalkar_rit\">\n<p><a href=\"http:\/\/biblian.is\/gudbrandsbiblia\/fyrsta-mosebok-1-kafli\/\">Fyrsta M\u00f3seb\u00f3k<\/a><\/p>\n<p><a href=\"http:\/\/biblian.is\/gudbrandsbiblia\/onnur-mosebok-1-kafli\/\">\u00d6nnur M\u00f3seb\u00f3k<\/a><\/p>\n<p><a href=\"http:\/\/biblian.is\/gudbrandsbiblia\/thridja-mosebok-1-kafli\/\">\u00deri\u00f0ja M\u00f3seb\u00f3k<\/a><\/p>\n<p><a href=\"http:\/\/biblian.is\/gudbrandsbiblia\/fjorda-mosebok-1-kafli\/\">Fj\u00f3r\u00f0a M\u00f3seb\u00f3k<\/a><\/p>\n<p><a href=\"http:\/\/biblian.is\/gudbrandsbiblia\/fimmta-mosebok-1-kafli\/\">Fimmta M\u00f3seb\u00f3k<\/a><\/p>\n<p><a href=\"http:\/\/biblian.is\/gudbrandsbiblia\/josuabok-1-kafli\/\">J\u00f3s\u00faab\u00f3k<\/a><\/p>\n<p><a href=\"http:\/\/biblian.is\/gudbrandsbiblia\/domarabokin-1-kafli\/\">D\u00f3marab\u00f3kin<\/a><\/p>\n<p><a href=\"http:\/\/biblian.is\/gudbrandsbiblia\/rutarbok-1-kafli\/\">Rutarb\u00f3k<\/a><\/p>\n<p><a href=\"http:\/\/biblian.is\/gudbrandsbiblia\/fyrri-samuelsbok-1-kafli\/\">Fyrri Sam\u00faelsb\u00f3k<\/a><\/p>\n<p><a href=\"http:\/\/biblian.is\/gudbrandsbiblia\/sidari-samuelsbok-1-kafli\/\">S\u00ed\u00f0ari Sam\u00faelsb\u00f3k<\/a><\/p>\n<p><a href=\"http:\/\/biblian.is\/gudbrandsbiblia\/fyrri-konungabok-1-kafli\/\">Fyrri konungab\u00f3k<\/a><\/p>\n<p><a href=\"http:\/\/biblian.is\/gudbrandsbiblia\/sidari-konungabok-1-kafli\/\">S\u00ed\u00f0ari konungab\u00f3k<\/a><\/p>\n<p><a href=\"http:\/\/biblian.is\/gudbrandsbiblia\/fyrri-kronikubok-1-kafli\/\">Fyrri kron\u00edkub\u00f3k<\/a><\/p>\n<p><a href=\"http:\/\/biblian.is\/gudbrandsbiblia\/sidari-kronikubok-1-kafli\/\">S\u00ed\u00f0ari kron\u00edkub\u00f3k<\/a><\/p>\n<p><a href=\"http:\/\/biblian.is\/gudbrandsbiblia\/esrabok-1-kafli\/\">Esrab\u00f3k<\/a><\/p>\n<p><a href=\"http:\/\/biblian.is\/gudbrandsbiblia\/nehemiabok-1-kafli\/\">Nehem\u00edab\u00f3k<\/a><\/p>\n<p><a href=\"http:\/\/biblian.is\/gudbrandsbiblia\/esterarbok-1-kafli\/\">Esterarb\u00f3k<\/a><\/p>\n<p><a href=\"http:\/\/biblian.is\/gudbrandsbiblia\/jobsbok-1-kafli\/\">Jobsb\u00f3k<\/a><\/p>\n<p><a href=\"http:\/\/biblian.is\/gudbrandsbiblia\/salmarnir-1-kafli\/\">S\u00e1lmarnir<\/a><\/p>\n<p><a href=\"http:\/\/biblian.is\/gudbrandsbiblia\/ordskvidirnir-1-kafli\/\">Or\u00f0skvi\u00f0irnir<\/a><\/p>\n<p><a href=\"http:\/\/biblian.is\/gudbrandsbiblia\/predikarinn-1-kafli\/\">Pr\u00e9dikarinn<\/a><\/p>\n<p><a href=\"http:\/\/biblian.is\/gudbrandsbiblia\/ljodaljodin-1-kafli\/\">Lj\u00f3\u00f0alj\u00f3\u00f0in<\/a><\/p>\n<p><a href=\"http:\/\/biblian.is\/gudbrandsbiblia\/jesaja-1-kafli\/\">Jesaja<\/a><\/p>\n<p><a href=\"http:\/\/biblian.is\/gudbrandsbiblia\/jeremia-1-kafli\/\">Jerem\u00eda<\/a><\/p>\n<p><a href=\"http:\/\/biblian.is\/gudbrandsbiblia\/harmljodin-1-kafli\/\">Harmlj\u00f3\u00f0in<\/a><\/p>\n<p><a href=\"http:\/\/biblian.is\/gudbrandsbiblia\/esekiel-1-kafli\/\">Esek\u00edel<\/a><\/p>\n<p><a href=\"http:\/\/biblian.is\/gudbrandsbiblia\/daniel-1-kafli\/\">Dan\u00edel<\/a><\/p>\n<p><a href=\"http:\/\/biblian.is\/gudbrandsbiblia\/hosea-1-kafli\/\">H\u00f3sea<\/a><\/p>\n<p><a href=\"http:\/\/biblian.is\/gudbrandsbiblia\/joel-1-kafli\/\">J\u00f3el<\/a><\/p>\n<p><a href=\"http:\/\/biblian.is\/gudbrandsbiblia\/amos-1-kafli\/\">Amos<\/a><\/p>\n<p><a href=\"http:\/\/biblian.is\/gudbrandsbiblia\/obadia-1-kafli\/\">\u00d3bad\u00eda<\/a><\/p>\n<p><a href=\"http:\/\/biblian.is\/gudbrandsbiblia\/jonas-1-kafli\/\">J\u00f3nas<\/a><\/p>\n<p><a href=\"http:\/\/biblian.is\/gudbrandsbiblia\/mika-1-kafli\/\">M\u00edka<\/a><\/p>\n<p><a href=\"http:\/\/biblian.is\/gudbrandsbiblia\/nahum-1-kafli\/\">Nah\u00fam<\/a><\/p>\n<p><a href=\"http:\/\/biblian.is\/gudbrandsbiblia\/habakkuk-1-kafli\/\">Habakkuk<\/a><\/p>\n<p><a href=\"http:\/\/biblian.is\/gudbrandsbiblia\/sefania-1-kafli\/\">Sefan\u00eda<\/a><\/p>\n<p><a href=\"http:\/\/biblian.is\/gudbrandsbiblia\/haggai-1-kafli\/\">Hagga\u00ed<\/a><\/p>\n<p><a href=\"http:\/\/biblian.is\/gudbrandsbiblia\/sakaria-1-kafli\/\">Sakar\u00eda<\/a><\/p>\n<p><a href=\"http:\/\/biblian.is\/gudbrandsbiblia\/malaki-1-kafli\/\">Malak\u00ed<\/a><\/p>\n<\/div>\n<\/div><\/div><\/div><div class=\"fusion-panel panel-default panel-9331ca006b9271abd fusion-toggle-no-divider fusion-toggle-boxed-mode\"><div class=\"panel-heading\"><h4 class=\"panel-title toggle\" id=\"toggle_9331ca006b9271abd\"><a aria-expanded=\"false\" aria-controls=\"9331ca006b9271abd\" role=\"button\" data-toggle=\"collapse\" data-parent=\"#accordion-4-1\" data-target=\"#9331ca006b9271abd\" href=\"#9331ca006b9271abd\"><span class=\"fusion-toggle-icon-wrapper\" aria-hidden=\"true\"><i class=\"fa-fusion-box active-icon awb-icon-minus\" aria-hidden=\"true\"><\/i><i class=\"fa-fusion-box inactive-icon awb-icon-plus\" aria-hidden=\"true\"><\/i><\/span><span class=\"fusion-toggle-heading\">N\u00fdja testamenti\u00f0<\/span><\/a><\/h4><\/div><div id=\"9331ca006b9271abd\" class=\"panel-collapse collapse \" aria-labelledby=\"toggle_9331ca006b9271abd\"><div class=\"panel-body toggle-content fusion-clearfix\">\n<div class=\"dalkar_rit\">\n<p><a href=\"http:\/\/biblian.is\/gudbrandsbiblia\/matteusargudspjall-1-kafli\/\">Matteusargu\u00f0spjall<\/a><\/p>\n<p><a href=\"http:\/\/biblian.is\/gudbrandsbiblia\/markusargudspjall-1-kafli\/\">Mark\u00fasargu\u00f0spjall<\/a><\/p>\n<p><a href=\"http:\/\/biblian.is\/gudbrandsbiblia\/lukasargudspjall-1-kafli\/\">L\u00fakasargu\u00f0spjall<\/a><\/p>\n<p><a href=\"http:\/\/biblian.is\/gudbrandsbiblia\/johannesargudspjall-1-kafli\/\">J\u00f3hannesargu\u00f0spjall<\/a><\/p>\n<p><a href=\"http:\/\/biblian.is\/gudbrandsbiblia\/postulasagan-1-kafli\/\">Postulasagan<\/a><\/p>\n<p><a href=\"http:\/\/biblian.is\/gudbrandsbiblia\/romverjabrefid-1-kafli\/\">R\u00f3mverjabr\u00e9fi\u00f0<\/a><\/p>\n<p><a href=\"http:\/\/biblian.is\/gudbrandsbiblia\/fyrra-korintubref-1-kafli\/\">Fyrra Korintubr\u00e9f<\/a><\/p>\n<p><a href=\"http:\/\/biblian.is\/gudbrandsbiblia\/sidara-korintubref-1-kafli\/\">S\u00ed\u00f0ara Korintubr\u00e9f<\/a><\/p>\n<p><a href=\"http:\/\/biblian.is\/gudbrandsbiblia\/galatabrefid-1-kafli\/\">Galatabr\u00e9fi\u00f0<\/a><\/p>\n<p><a href=\"http:\/\/biblian.is\/gudbrandsbiblia\/efesusbrefid-1-kafli\/\">Efesusbr\u00e9fi\u00f0<\/a><\/p>\n<p><a href=\"http:\/\/biblian.is\/gudbrandsbiblia\/filippibrefid-1-kafli\/\">Filipp\u00edbr\u00e9fi\u00f0<\/a><\/p>\n<p><a href=\"http:\/\/biblian.is\/gudbrandsbiblia\/kolossubrefid-1-kafli\/\">K\u00f3lossubr\u00e9fi\u00f0<\/a><\/p>\n<p><a href=\"http:\/\/biblian.is\/gudbrandsbiblia\/fyrra-thessalonikubref-1-kafli\/\">Fyrra \u00deessalon\u00edkubr\u00e9f<\/a><\/p>\n<p><a href=\"http:\/\/biblian.is\/gudbrandsbiblia\/sidara-thessalonikubref-1-kafli\/\">S\u00ed\u00f0ara \u00deessalon\u00edkubr\u00e9f<\/a><\/p>\n<p><a href=\"http:\/\/biblian.is\/gudbrandsbiblia\/fyrra-timoteusarbref-1-kafli\/\">Fyrra T\u00edm\u00f3teusarbr\u00e9f<\/a><\/p>\n<p><a href=\"http:\/\/biblian.is\/gudbrandsbiblia\/sidara-timoteusarbref-1-kafli\/\">S\u00ed\u00f0ara T\u00edm\u00f3teusarbr\u00e9f<\/a><\/p>\n<p><a href=\"http:\/\/biblian.is\/gudbrandsbiblia\/titusarbrefid-1-kafli\/\">T\u00edtusarbr\u00e9fi\u00f0<\/a><\/p>\n<p><a href=\"http:\/\/biblian.is\/gudbrandsbiblia\/filemonsbrefid-1-kafli\/\">F\u00edlemonsbr\u00e9fi\u00f0<\/a><\/p>\n<p><a href=\"http:\/\/biblian.is\/gudbrandsbiblia\/hebreabrefid-1-kafli\/\">Hebreabr\u00e9fi\u00f0<\/a><\/p>\n<p><a href=\"http:\/\/biblian.is\/gudbrandsbiblia\/jakobsbrefid-1-kafli\/\">Jakobsbr\u00e9fi\u00f0<\/a><\/p>\n<p><a href=\"http:\/\/biblian.is\/gudbrandsbiblia\/fyrra-petursbref-1-kafli\/\">Fyrra P\u00e9tursbr\u00e9f<\/a><\/p>\n<p><a href=\"http:\/\/biblian.is\/gudbrandsbiblia\/sidara-petursbref-1-kafli\/\">S\u00ed\u00f0ara P\u00e9tursbr\u00e9f<\/a><\/p>\n<p><a href=\"http:\/\/biblian.is\/gudbrandsbiblia\/fyrsta-johannesarbref-1-kafli\/\">Fyrsta J\u00f3hannesarbr\u00e9f<\/a><\/p>\n<p><a href=\"http:\/\/biblian.is\/gudbrandsbiblia\/annad-johannesarbref-1-kafli\/\">Anna\u00f0 J\u00f3hannesarbr\u00e9f<\/a><\/p>\n<p><a href=\"http:\/\/biblian.is\/gudbrandsbiblia\/thridja-johannesarbref-1-kafli\/\">\u00deri\u00f0ja J\u00f3hannesarbr\u00e9f<\/a><\/p>\n<p><a href=\"http:\/\/biblian.is\/gudbrandsbiblia\/judasarbrefid-1-kafli\/\">J\u00fadasarbr\u00e9fi\u00f0<\/a><\/p>\n<p><a href=\"http:\/\/biblian.is\/gudbrandsbiblia\/opinberunarbok-johannesar-1-kafli\/\">Opinberunarb\u00f3k J\u00f3hannesar<\/a><\/p>\n<\/div>\n<\/div><\/div><\/div><div class=\"fusion-panel panel-default panel-7118210d4def45739 fusion-toggle-no-divider fusion-toggle-boxed-mode\"><div class=\"panel-heading\"><h4 class=\"panel-title toggle\" id=\"toggle_7118210d4def45739\"><a aria-expanded=\"false\" aria-controls=\"7118210d4def45739\" role=\"button\" data-toggle=\"collapse\" data-parent=\"#accordion-4-1\" data-target=\"#7118210d4def45739\" href=\"#7118210d4def45739\"><span class=\"fusion-toggle-icon-wrapper\" aria-hidden=\"true\"><i class=\"fa-fusion-box active-icon awb-icon-minus\" aria-hidden=\"true\"><\/i><i class=\"fa-fusion-box inactive-icon awb-icon-plus\" aria-hidden=\"true\"><\/i><\/span><span class=\"fusion-toggle-heading\">Ap\u00f3kr\u00fdfar<\/span><\/a><\/h4><\/div><div id=\"7118210d4def45739\" class=\"panel-collapse collapse \" aria-labelledby=\"toggle_7118210d4def45739\"><div class=\"panel-body toggle-content fusion-clearfix\">\n<div class=\"dalkar_rit\">\n<p><a href=\"http:\/\/biblian.is\/gudbrandsbiblia\/tobitsbok-1-kafli\/\">T\u00f3b\u00edtsb\u00f3k<\/a><\/p>\n<p><a href=\"http:\/\/biblian.is\/gudbrandsbiblia\/juditarbok-1-kafli\/\">J\u00fad\u00edtarb\u00f3k<\/a><\/p>\n<p><a href=\"http:\/\/biblian.is\/gudbrandsbiblia\/esterarbok-med-vidaukum-1-kafli\/\">Esterarb\u00f3k (me\u00f0 vi\u00f0aukum)<\/a><\/p>\n<p><a href=\"http:\/\/biblian.is\/gudbrandsbiblia\/speki-salomons-1-kafli\/\">Speki Sal\u00f3mons<\/a><\/p>\n<p><a href=\"http:\/\/biblian.is\/gudbrandsbiblia\/siraksbok-1-kafli\/\">S\u00edraksb\u00f3k<\/a><\/p>\n<p><a href=\"http:\/\/biblian.is\/gudbrandsbiblia\/baruksbok-1-kafli\/\">Bar\u00faksb\u00f3k<\/a><\/p>\n<p><a href=\"http:\/\/biblian.is\/gudbrandsbiblia\/bref-jeremia-1-kafli\/\">Br\u00e9f Jerem\u00eda<\/a><\/p>\n<p><a href=\"http:\/\/biblian.is\/gudbrandsbiblia\/vidaukar-vid-danielsbok-1-kafli\/\">Vi\u00f0aukar vi\u00f0 Dan\u00edelsb\u00f3k<\/a><\/p>\n<p><a href=\"http:\/\/biblian.is\/gudbrandsbiblia\/fyrsta-makkabeabok-1-kafli\/\">Fyrsta Makkabeab\u00f3k<\/a><\/p>\n<p><a href=\"http:\/\/biblian.is\/gudbrandsbiblia\/onnur-makkabeabok-1-kafli\/\">\u00d6nnur Makkabeab\u00f3k<\/a><\/p>\n<p><a href=\"http:\/\/biblian.is\/gudbrandsbiblia\/baen-manasse-1-kafli\/\">B\u00e6n Manasse<\/a><\/p>\n<\/div>\n<\/div><\/div><\/div><\/div><\/div><div class=\"fusion-clearfix\"><\/div><\/div><\/div><div class=\"fusion-layout-column fusion_builder_column fusion-builder-column-1 fusion_builder_column_1_2 1_2 fusion-one-half fusion-column-last\" style=\"--awb-bg-size:cover;width:50%;width:calc(50% - ( ( 4% ) * 0.5 ) );\"><div class=\"fusion-column-wrapper fusion-flex-column-wrapper-legacy\"><div class=\"fusion-text fusion-text-1\"><div class=\"page\" title=\"Page 9\">\n<div class=\"layoutArea\">\n<div class=\"column\">\n<h1>Gu\u00f0brandsbibl\u00eda 1584<\/h1>\n<p><em>Biblia | \u00dead Er, \u00d8ll | Heil\u1ecfg Ritning, vtl\u1ecfgd | a Norr\u00e6nu. | Med Formalum Doct. | Martini. Lutheri. | Prentad a Holum, Af | Jone Jons Syne | M D LXXXIIII.<\/em><\/p>\n<p>Prentun Gu\u00f0brandsbibl\u00edu lauk 21. apr\u00edl 1584. \u00datg\u00e1fudagur var 6. j\u00fan\u00ed 1584, en b\u00f3kin mun \u00fe\u00f3 ekki hafa fari\u00f0 a\u00f0 koma \u00far bandi fyrr en \u00e1ri\u00f0 1585. \u00de\u00fd\u00f0ingin er kennd vi\u00f0 Gu\u00f0brand \u00deorl\u00e1ksson (1541\/1542\u20131627) sem \u00fe\u00e1 var biskup \u00e1 H\u00f3lum \u00ed Hjaltadal.<\/p>\n<p>Gu\u00f0brandur nota\u00f0i, a\u00f0 svo miklu leyti sem h\u00e6gt var og til n\u00e1\u00f0ist, eldri \u00fe\u00fd\u00f0ingar \u00ed hina miklu sm\u00ed\u00f0, og jafnframt s\u00ednar eigin. N\u00fdja testamenti Odds Gottsk\u00e1lkssonar (1514\/1515\u20131556), sem \u00fat haf\u00f0i komi\u00f0 \u00e1ri\u00f0 1540, t\u00f3k hann upp eftir a\u00f0 hafa yfirfari\u00f0 \u00fea\u00f0, lei\u00f0r\u00e9tt villur o.s.frv. Sumt var \u00fea\u00f0 til b\u00f3ta en anna\u00f0 ekki. A\u00f0rir sem vita\u00f0 er um a\u00f0 \u00e1ttu hlut a\u00f0 m\u00e1li voru Gissur Einarsson (um 1512\u20131548) og e.t.v. G\u00edsli J\u00f3nsson (um 1515\u20131587) og \u00d3lafur Hjaltason (um 1491\u20131569).<\/p>\n<p>Gu\u00f0brandsbibl\u00eda er talin vera eitthvert mesta b\u00f3kmenntaafrek \u00fej\u00f3\u00f0arinnar og einhver mesti skerfur til \u00edslenskrar menningars\u00f6gu, fyrr og s\u00ed\u00f0ar.\u00a0A\u00f0 \u00fev\u00ed er sagnir herma eiga sj\u00f6 menn a\u00f0 hafa unni\u00f0 vi\u00f0 prentun hennar \u00ed eitt og h\u00e1lft e\u00f0a tv\u00f6 \u00e1r.<\/p>\n<p>H\u00fan var prentu\u00f0 \u00ed 500 eint\u00f6kum. Broti\u00f0 var st\u00f3rt, svokalla\u00f0 f\u00f3l\u00ed\u00f3, og bla\u00f0s\u00ed\u00f0ur 1.254.<\/p>\n<p>Til n\u00fdjunga heyr\u00f0i \u00ed \u00edslenskri b\u00f3kager\u00f0 a\u00f0 Bibl\u00edan var skreytt myndum, h\u00e1tt \u00ed 30 talsins.<\/p>\n<p>Hvert eintak kosta\u00f0i 8\u201312 r\u00edkisdali sem var feiknaver\u00f0 \u00e1 \u00feeim t\u00edma og svara\u00f0i til tveggja e\u00f0a \u00feriggja k\u00fdrver\u00f0a.<\/p>\n<p>Gu\u00f0brandsbibl\u00eda er ein af \u00f6rf\u00e1um fyrri alda \u00fatg\u00e1fum sem endurprenta\u00f0ar hafa veri\u00f0 \u00ed \u00f3breyttri mynd og \u00fea\u00f0 \u00ed tv\u00edgang. Fyrst var h\u00fan lj\u00f3sprentu\u00f0 og \u00fatgefin af Lithoprenti \u00e1 \u00e1runum 1956\u20131957, \u00ed 500 eint\u00f6kum, og s\u00ed\u00f0an lj\u00f3sprentu\u00f0 og gefin \u00fat \u00f6\u00f0ru sinni af b\u00f3kaforlaginu L\u00f6gbergi, \u00e1ri\u00f0 1984, \u00ed 400 eint\u00f6kum.<\/p>\n<\/div>\n<\/div>\n<\/div>\n<\/div><div class=\"fusion-text fusion-text-2\" style=\"--awb-text-transform:none;\"><hr \/>\n<p><em>Texti Gu\u00f0brandsbibl\u00edu h\u00e9r \u00e1 vefnum var unninn fyrir vefinn af\u00a0J\u00f3ni Hj\u00f6rleifi Stef\u00e1nssyni. H\u00e6gt er a\u00f0 n\u00e1lgast lj\u00f3sprent af upphaflegum texta Gu\u00f0brandsbibl\u00edu \u00e1 vefsv\u00e6\u00f0i Landsb\u00f3kasafns &#8211; H\u00e1sk\u00f3lab\u00f3kasafns, baekur.is. Sl\u00f3\u00f0in \u00e1 Gu\u00f0brandsbibl\u00edu er\u00a0<a href=\"http:\/\/baekur.is\/is\/bok\/000036975\/Biblia_thad_er_oll_heilog\">http:\/\/baekur.is\/is\/bok\/000036975\/Biblia_thad_er_oll_heilog<\/a><\/em><\/p>\n<p><em>L\u00fdsing Gu\u00f0brandsbibl\u00edu h\u00e9r a\u00f0 ofan var skrifu\u00f0 fyrir s\u00fdningarskr\u00e1 s\u00fdningarinnar \u201e\u00deann arf v\u00e9r bestan fengum\u201c sem opnu\u00f0 var \u00ed \u00dej\u00f3\u00f0arb\u00f3khl\u00f6\u00f0unni 26. september 2015.<\/em><\/p>\n<\/div><div class=\"fusion-clearfix\"><\/div><\/div><\/div><\/div><\/div>\n","protected":false},"excerpt":{"rendered":"","protected":false},"author":1,"featured_media":0,"parent":0,"menu_order":0,"comment_status":"closed","ping_status":"closed","template":"100-width.php","meta":{"footnotes":""},"class_list":["post-4","page","type-page","status-publish","hentry"],"_links":{"self":[{"href":"https:\/\/biblian.is\/gudbrandsbiblia\/wp-json\/wp\/v2\/pages\/4","targetHints":{"allow":["GET"]}}],"collection":[{"href":"https:\/\/biblian.is\/gudbrandsbiblia\/wp-json\/wp\/v2\/pages"}],"about":[{"href":"https:\/\/biblian.is\/gudbrandsbiblia\/wp-json\/wp\/v2\/types\/page"}],"author":[{"embeddable":true,"href":"https:\/\/biblian.is\/gudbrandsbiblia\/wp-json\/wp\/v2\/users\/1"}],"replies":[{"embeddable":true,"href":"https:\/\/biblian.is\/gudbrandsbiblia\/wp-json\/wp\/v2\/comments?post=4"}],"version-history":[{"count":0,"href":"https:\/\/biblian.is\/gudbrandsbiblia\/wp-json\/wp\/v2\/pages\/4\/revisions"}],"wp:attachment":[{"href":"https:\/\/biblian.is\/gudbrandsbiblia\/wp-json\/wp\/v2\/media?parent=4"}],"curies":[{"name":"wp","href":"https:\/\/api.w.org\/{rel}","templated":true}]}}