{"id":3983,"date":"2017-12-18T18:35:19","date_gmt":"2017-12-18T18:35:19","guid":{"rendered":"http:\/\/biblian.is\/gudbrandsbiblia\/titusarbref-3-kafli\/"},"modified":"2017-12-18T18:35:19","modified_gmt":"2017-12-18T18:35:19","slug":"titusarbrefid-3-kafli","status":"publish","type":"page","link":"https:\/\/biblian.is\/gudbrandsbiblia\/titusarbrefid-3-kafli\/","title":{"rendered":"T\u00edtusarbr\u00e9fi\u00f0 3. kafli"},"content":{"rendered":"<p>III.<\/p>\n<p>\u00c1minn \u00fe\u00e1 \u00fea\u00f0 \u00feeir s\u00e9 h\u00f6f\u00f0ingjunum og valdsst\u00e9ttunum undirgefnir og hl\u00fd\u00f0ugir, til allra g\u00f3\u00f0ra verka rei\u00f0ub\u00fanir, \u00f6ngvan lastandi, eigi deilugjarnir, heldur veri\u00f0 h\u00e6verskir, au\u00f0s\u00fdnandi alla h\u00f3gv\u00e6ri vi\u00f0 hvern mann. \u00dev\u00ed a\u00f0 v\u00e9r vorum for\u00f0um daga g\u00e1lausir, \u00f3hl\u00fd\u00f0ugir, \u00f3fyrirl\u00e1tsamir, \u00fej\u00f3nandi girndum og margv\u00edslegu b\u00edl\u00edfi og gengum \u00ed illsku og \u00f6fund og h\u00f6tu\u00f0um hver annan innbyr\u00f0is.<\/p>\n<p>\tEn \u00fe\u00e1 birtist g\u00f3\u00f0girnd og mannlj\u00faflegleiki Gu\u00f0s vors lausnara. Eigi fyrir r\u00e9ttl\u00e6tis verkanna sakir sem v\u00e9r h\u00f6f\u00f0um gj\u00f6rt heldur eftir sinni miskunnsemi frelsa\u00f0i hann oss fyrir \u00fe\u00e1 endurgetningarlaug og n\u00fdjung heilags anda, hverjum hann hefur yfirgn\u00e6fanlega \u00fathellt yfir oss fyrir Jes\u00fam Christum vorn lausnara, so a\u00f0 v\u00e9r r\u00e9ttl\u00e1tir fyrir sj\u00e1lfs hans n\u00e1\u00f0 v\u00e6rum erfingjar eil\u00edfs l\u00edfs eftir voninni. \u00deessi r\u00e6\u00f0a er s\u00f6nn og tr\u00faanleg.<\/p>\n<p>\t\u00deetta vil eg \u00fe\u00fa kennir sta\u00f0fastlega so a\u00f0 \u00feeir sem tr\u00faa\u00f0ir eru vor\u00f0nir kostg\u00e6fist \u00ed g\u00f3\u00f0um verkum fordildarlegir a\u00f0 vera. <span class=\"athugasemd\" title=\"1. Tim?\">[<\/span> \u00deetta er gott og m\u00f6nnum nytsamlegt. En f\u00e1v\u00edslegar spurningar og \u00e6ttar\u00feulur, \u00fer\u00e1ttanir og laganna deilur for\u00f0ast \u00fe\u00fa \u00fev\u00ed a\u00f0 \u00fe\u00e6r eru \u00f3\u00fearfar og f\u00e1fengar. Villumann eftir eina og a\u00f0ra \u00e1minning fl\u00fd \u00fe\u00fa og vit \u00fea\u00f0 s\u00e1 er umsn\u00fainn sem \u00feess konar er og synd dr\u00fdgir so sem a\u00f0 s\u00e1 sig sj\u00e1lfan ford\u00e6mir. <\/p>\n<p>\tN\u00e6r eg sendi Arteman elligar Tychicon til \u00fe\u00edn \u00fe\u00e1 skunda \u00fe\u00fa sem skj\u00f3tast a\u00f0 koma til m\u00edn til Nicapolim \u00fev\u00ed a\u00f0 \u00fear hef eg \u00e1sett \u00ed vetur a\u00f0 vera. <span class=\"athugasemd\" title=\"Artemon \/ Tychicus\">[<\/span> Zenam l\u00f6gvitring og Appollon af sta\u00f0 sent me\u00f0 athygli so a\u00f0 \u00fe\u00e1 bresti ekkert. L\u00e1t \u00fe\u00e1 einnin l\u00e6ra \u00ed g\u00f3\u00f0um verkum fordildarlegir a\u00f0 vera \u00fear \u00fe\u00f6rf gj\u00f6rist so a\u00f0 \u00feeir s\u00e9 ekki \u00e1vaxtarlausir. \u00de\u00e9r heilsa allir \u00feeir me\u00f0 m\u00e9r eru. Heilsa \u00fe\u00fa \u00f6llum \u00feeim sem oss elska \u00ed tr\u00fanni. N\u00e1\u00f0in s\u00e9 me\u00f0 y\u00f0ur \u00f6llum. Amen.<\/p>\n<p>Skrifa\u00f0ur fr\u00e1 Nicapoli \u00ed Macedonia<\/p>\n","protected":false},"excerpt":{"rendered":"<p>III. \u00c1minn \u00fe\u00e1 \u00fea\u00f0 \u00feeir s\u00e9 h\u00f6f\u00f0ingjunum og valdsst\u00e9ttunum undirgefnir og hl\u00fd\u00f0ugir, til allra g\u00f3\u00f0ra verka rei\u00f0ub\u00fanir, \u00f6ngvan lastandi, eigi deilugjarnir, heldur veri\u00f0 h\u00e6verskir, au\u00f0s\u00fdnandi alla h\u00f3gv\u00e6ri vi\u00f0 hvern mann. \u00dev\u00ed a\u00f0 v\u00e9r vorum for\u00f0um daga g\u00e1lausir, \u00f3hl\u00fd\u00f0ugir, \u00f3fyrirl\u00e1tsamir, \u00fej\u00f3nandi girndum og margv\u00edslegu b\u00edl\u00edfi og gengum \u00ed illsku og \u00f6fund og h\u00f6tu\u00f0um hver annan innbyr\u00f0is. En \u00fe\u00e1 birtist g\u00f3\u00f0girnd og mannlj\u00faflegleiki Gu\u00f0s vors lausnara. Eigi fyrir r\u00e9ttl\u00e6tis verkanna sakir sem v\u00e9r h\u00f6f\u00f0um gj\u00f6rt heldur eftir sinni miskunnsemi frelsa\u00f0i hann oss fyrir \u00fe\u00e1 endurgetningarlaug og n\u00fdjung heilags anda, hverjum hann hefur yfirgn\u00e6fanlega \u00fathellt yfir oss fyrir Jes\u00fam Christum vorn lausnara, so <a href=\"https:\/\/biblian.is\/gudbrandsbiblia\/titusarbrefid-3-kafli\/\"> [&#8230;]<\/a><\/p>\n","protected":false},"author":1,"featured_media":0,"parent":0,"menu_order":0,"comment_status":"open","ping_status":"open","template":"bibliukaflar.php","meta":{"footnotes":""},"class_list":["post-3983","page","type-page","status-publish","hentry"],"_links":{"self":[{"href":"https:\/\/biblian.is\/gudbrandsbiblia\/wp-json\/wp\/v2\/pages\/3983","targetHints":{"allow":["GET"]}}],"collection":[{"href":"https:\/\/biblian.is\/gudbrandsbiblia\/wp-json\/wp\/v2\/pages"}],"about":[{"href":"https:\/\/biblian.is\/gudbrandsbiblia\/wp-json\/wp\/v2\/types\/page"}],"author":[{"embeddable":true,"href":"https:\/\/biblian.is\/gudbrandsbiblia\/wp-json\/wp\/v2\/users\/1"}],"replies":[{"embeddable":true,"href":"https:\/\/biblian.is\/gudbrandsbiblia\/wp-json\/wp\/v2\/comments?post=3983"}],"version-history":[{"count":0,"href":"https:\/\/biblian.is\/gudbrandsbiblia\/wp-json\/wp\/v2\/pages\/3983\/revisions"}],"wp:attachment":[{"href":"https:\/\/biblian.is\/gudbrandsbiblia\/wp-json\/wp\/v2\/media?parent=3983"}],"curies":[{"name":"wp","href":"https:\/\/api.w.org\/{rel}","templated":true}]}}