{"id":3970,"date":"2017-12-18T18:35:15","date_gmt":"2017-12-18T18:35:15","guid":{"rendered":"http:\/\/biblian.is\/gudbrandsbiblia\/sidara-thessalonikubref-3-kafli\/"},"modified":"2017-12-18T18:35:15","modified_gmt":"2017-12-18T18:35:15","slug":"sidara-thessalonikubref-3-kafli","status":"publish","type":"page","link":"https:\/\/biblian.is\/gudbrandsbiblia\/sidara-thessalonikubref-3-kafli\/","title":{"rendered":"S\u00ed\u00f0ara \u00deessalon\u00edkubr\u00e9f 3. kafli"},"content":{"rendered":"<p>III.<\/p>\n<p>Framar, k\u00e6rir br\u00e6\u00f0ur, bi\u00f0ji\u00f0 fyrir oss so a\u00f0 or\u00f0 Drottins hlaupi og vegsama\u00f0 ver\u00f0i l\u00edka so sem hj\u00e1 y\u00f0ur og \u00fea\u00f0 v\u00e9r ver\u00f0um frelsa\u00f0ir \u00ed fr\u00e1 \u00f3r\u00e1\u00f0v\u00f6ndum og illgj\u00f6rnum m\u00f6nnum. <span class=\"athugasemd\" title=\"\u00c1minning\">[<\/span> \u00dev\u00ed a\u00f0 tr\u00faan er ekki hvers manns. En s\u00e1 Drottinn er tr\u00far sem y\u00f0ur mun styrkja og var\u00f0veita fr\u00e1 illu. En v\u00e9r v\u00e6ntum til y\u00f0ar \u00ed Drottni \u00fea\u00f0 \u00fe\u00e9r gj\u00f6ri\u00f0 og gj\u00f6ra muni\u00f0 hva\u00f0 v\u00e9r bj\u00f3\u00f0um y\u00f0ur. Og Drottinn grei\u00f0i y\u00f0ar hj\u00f6rtu til Gu\u00f0s k\u00e6rleika og til \u00feolinm\u00e6\u00f0i Christi.<\/p>\n<p>\tEn v\u00e9r bi\u00f0jum y\u00f0ur, k\u00e6rir br\u00e6\u00f0ur, \u00ed nafni vors Drottins Jes\u00fa Christi \u00fea\u00f0 \u00fe\u00e9r burt taki\u00f0 y\u00f0ur \u00ed fr\u00e1 s\u00e9rhverjum \u00feeim br\u00f3\u00f0ur sem \u00f3r\u00e1\u00f0vandlega gengur og eigi eftir \u00feeim setningi sem hann hefur me\u00f0teki\u00f0 af oss. <span class=\"athugasemd\" title=\"1. Tess. 3 \/ Act. 20\">[<\/span> \u00dev\u00ed a\u00f0 \u00fe\u00e9r viti\u00f0 hvernin \u00fe\u00e9r skulu\u00f0 oss eftirfylgja. \u00dev\u00ed v\u00e9r vorum ekki \u00f3t\u00e9rugir \u00e1 me\u00f0al y\u00f0ar, h\u00f6fum einnin ekki brau\u00f0i\u00f0 fyrir ekkert \u00fat af nokkru teki\u00f0 heldur me\u00f0 erfi\u00f0i dag og n\u00f3tt \u00fe\u00e1 h\u00f6fum v\u00e9r verka\u00f0 so a\u00f0 v\u00e9r veittum \u00f6ngvum y\u00f0ar nein \u00feyngsl. Eigi fyrir \u00fea\u00f0 so sem a\u00f0 v\u00e9r hef\u00f0um \u00fear \u00f6ngva magt til heldur \u00fea\u00f0 v\u00e9r gefum oss sj\u00e1lfa y\u00f0ur til fyrirmyndar oss eftir a\u00f0 fylgja. Og \u00fe\u00e1 v\u00e9r vorum hj\u00e1 y\u00f0ur bu\u00f0um v\u00e9r y\u00f0ur \u00fea\u00f0 a\u00f0 ef nokkur vill eigi erfi\u00f0a s\u00e1 skal ekki heldur eta.<\/p>\n<p>\t\u00dev\u00ed a\u00f0 v\u00e9r heyrum \u00fea\u00f0 nokkrir me\u00f0al y\u00f0ar ganga \u00f3r\u00e1\u00f0vandlega og erfi\u00f0a ekkert, dr\u00fdgjandi heldur slenskap. En sl\u00edkum bo\u00f0um v\u00e9r og \u00e1minnum \u00fe\u00e1 fyrir vorn Drottin Jes\u00fam Christum \u00fea\u00f0 \u00feeir erfi\u00f0i me\u00f0 spakl\u00e6ti og eti sitt eigi\u00f0 brau\u00f0. <span class=\"athugasemd\" title=\"Erfi\u00f0i er bo\u00f0i\u00f0\">[<\/span> En \u00fe\u00e9r, k\u00e6rir br\u00e6\u00f0ur, \u00fereytist ekki gott a\u00f0 gj\u00f6ra. En ef nokkur er ei hl\u00fd\u00f0inn voru or\u00f0i \u00feann teikni\u00f0 upp fyrir br\u00e9f og hafi\u00f0 ekkert me\u00f0 hann a\u00f0 gj\u00f6ra so a\u00f0 hann ver\u00f0i blyg\u00f0a\u00f0ur. Haldi\u00f0 hann \u00fe\u00f3 ekki sem \u00f3vin heldur \u00e1minni\u00f0 hann sem br\u00f3\u00f0ur.<\/p>\n<p>\tEn sj\u00e1lfur Drottinn fri\u00f0arins gefi y\u00f0ur \u00e6t\u00ed\u00f0 fri\u00f0 og me\u00f0 \u00f6llum h\u00e1ttum. Drottinn s\u00e9 me\u00f0 y\u00f0ur \u00f6llum. Heilsan me\u00f0 minni hendi, P\u00e1ls, hvert a\u00f0 er \u00fea\u00f0 merki \u00ed \u00f6llum br\u00e9fum sem eg skrifa. N\u00e1\u00f0 vors Drottins Jes\u00fa Christi s\u00e9 me\u00f0 y\u00f0ur \u00f6llum. A M E N.<\/p>\n<p>Skrifa\u00f0ur fr\u00e1 A\u00feenu<\/p>\n","protected":false},"excerpt":{"rendered":"<p>III. Framar, k\u00e6rir br\u00e6\u00f0ur, bi\u00f0ji\u00f0 fyrir oss so a\u00f0 or\u00f0 Drottins hlaupi og vegsama\u00f0 ver\u00f0i l\u00edka so sem hj\u00e1 y\u00f0ur og \u00fea\u00f0 v\u00e9r ver\u00f0um frelsa\u00f0ir \u00ed fr\u00e1 \u00f3r\u00e1\u00f0v\u00f6ndum og illgj\u00f6rnum m\u00f6nnum. [ \u00dev\u00ed a\u00f0 tr\u00faan er ekki hvers manns. En s\u00e1 Drottinn er tr\u00far sem y\u00f0ur mun styrkja og var\u00f0veita fr\u00e1 illu. En v\u00e9r v\u00e6ntum til y\u00f0ar \u00ed Drottni \u00fea\u00f0 \u00fe\u00e9r gj\u00f6ri\u00f0 og gj\u00f6ra muni\u00f0 hva\u00f0 v\u00e9r bj\u00f3\u00f0um y\u00f0ur. Og Drottinn grei\u00f0i y\u00f0ar hj\u00f6rtu til Gu\u00f0s k\u00e6rleika og til \u00feolinm\u00e6\u00f0i Christi. En v\u00e9r bi\u00f0jum y\u00f0ur, k\u00e6rir br\u00e6\u00f0ur, \u00ed nafni vors Drottins Jes\u00fa Christi \u00fea\u00f0 \u00fe\u00e9r burt taki\u00f0 y\u00f0ur \u00ed fr\u00e1 <a href=\"https:\/\/biblian.is\/gudbrandsbiblia\/sidara-thessalonikubref-3-kafli\/\"> [&#8230;]<\/a><\/p>\n","protected":false},"author":1,"featured_media":0,"parent":0,"menu_order":0,"comment_status":"open","ping_status":"open","template":"bibliukaflar.php","meta":{"footnotes":""},"class_list":["post-3970","page","type-page","status-publish","hentry"],"_links":{"self":[{"href":"https:\/\/biblian.is\/gudbrandsbiblia\/wp-json\/wp\/v2\/pages\/3970","targetHints":{"allow":["GET"]}}],"collection":[{"href":"https:\/\/biblian.is\/gudbrandsbiblia\/wp-json\/wp\/v2\/pages"}],"about":[{"href":"https:\/\/biblian.is\/gudbrandsbiblia\/wp-json\/wp\/v2\/types\/page"}],"author":[{"embeddable":true,"href":"https:\/\/biblian.is\/gudbrandsbiblia\/wp-json\/wp\/v2\/users\/1"}],"replies":[{"embeddable":true,"href":"https:\/\/biblian.is\/gudbrandsbiblia\/wp-json\/wp\/v2\/comments?post=3970"}],"version-history":[{"count":0,"href":"https:\/\/biblian.is\/gudbrandsbiblia\/wp-json\/wp\/v2\/pages\/3970\/revisions"}],"wp:attachment":[{"href":"https:\/\/biblian.is\/gudbrandsbiblia\/wp-json\/wp\/v2\/media?parent=3970"}],"curies":[{"name":"wp","href":"https:\/\/api.w.org\/{rel}","templated":true}]}}