{"id":3962,"date":"2017-12-18T18:35:15","date_gmt":"2017-12-18T18:35:15","guid":{"rendered":"http:\/\/biblian.is\/gudbrandsbiblia\/kolussubrefid-4-kafli\/"},"modified":"2017-12-18T18:35:15","modified_gmt":"2017-12-18T18:35:15","slug":"kolossubrefid-4-kafli","status":"publish","type":"page","link":"https:\/\/biblian.is\/gudbrandsbiblia\/kolossubrefid-4-kafli\/","title":{"rendered":"K\u00f3lossubr\u00e9fi\u00f0 4. kafli"},"content":{"rendered":"<p>IIII.<\/p>\n<p><span class=\"athugasemd\" title=\"B\u00e6n\">[<\/span> Veri\u00f0 st\u00f6\u00f0ugir \u00ed B\u00e6na \u00e1kallinu, og vaki\u00f0 \u00ed \u00fev\u00ed hinu sama me\u00f0 \u00feakkar gj\u00f6r\u00f0, Bi\u00f0ji\u00f0 og einnen fyrir oss, So a\u00f0 Gu\u00f0 uppl\u00faki oss or\u00f0sins dyr, til a\u00f0 tala leyndand\u00f3m Christi, fyrir hva\u00f0 eg em bundinn, Upp \u00e1 \u00fea\u00f0, a\u00f0 eg opinberi \u00fea\u00f0 sama, sem m\u00e9r byrjar a\u00f0 tala. Gangi\u00f0 v\u00edslega \u00ed bland \u00feeirra sem a\u00f0 eru \u00fear fyrir utan, og skikki\u00f0 y\u00f0ur \u00ed t\u00ed\u00f0ina. Y\u00f0ar r\u00e6\u00f0a s\u00e9 \u00e6t\u00ed\u00f0 lj\u00fafleg, og me\u00f0 Salti kryddu\u00f0, \u00fea\u00f0 \u00fe\u00e9r viti\u00f0 hvernen \u00fe\u00e9r skulu\u00f0 hverjum sem einum andsvara.<\/p>\n<p>\t<span class=\"athugasemd\" title=\"Tychicus\">[<\/span> Hvernen um mig er h\u00e1tta\u00f0, \u00fea\u00f0 mun y\u00f0ur allt kunngj\u00f6ra Tycichos, k\u00e6r Br\u00f3\u00f0ir og tr\u00far \u00de\u00e9nari, og me\u00f0\u00fej\u00f3nn \u00ed DROTTNI, \u00feann eg hefi \u00fear fyrir til y\u00f0ar sent, \u00fea\u00f0 eg vissa hvernen y\u00f0ur f\u00e6ri a\u00f0, og \u00fea\u00f0 hann hugsvala\u00f0i y\u00f0ar hj\u00f6rtum, samt Onesimo \u00feeim tr\u00faa og k\u00e6ra Br\u00f3\u00f0ur, <span class=\"athugasemd\" title=\"Onesimus\">[<\/span> hver \u00ed fr\u00e1 y\u00f0ur er, og allt hvernen h\u00e9r fer fram, munu \u00feeir kunngj\u00f6ra y\u00f0ur.<\/p>\n<p>\t<span class=\"athugasemd\" title=\"Aristarchus \/\/ Marcus \/\/ Jesus \/\/ Epaphras\">[<\/span> Y\u00f0ur heilsar Aristarchus minn sambandingi, og Marcus Systrungur Barnabe, af hverjum \u00fe\u00e9r hafi\u00f0 nokkra b\u00edfalning me\u00f0teki\u00f0. Ef so er \u00fea\u00f0 hann kemur til y\u00f0ar, \u00fe\u00e1 me\u00f0taki\u00f0 hann. Og Jesus s\u00e1 kallast Just, hverjir \u00fat af Umskurninni eru. \u00deessir eru alleinasta m\u00ednir hj\u00e1lpendur \u00e1 Gu\u00f0s R\u00edki, \u00feeir m\u00e9r eru huggan vor\u00f0nir. Y\u00f0ur heilsar Epaphras, hver \u00ed fr\u00e1 y\u00f0ur er, einn \u00fej\u00f3nn Christi, og jafnan fyrir y\u00f0ur \u00e1hyggju berandi \u00ed B\u00e6num, Upp \u00e1 \u00fea\u00f0 \u00fe\u00e9r standi\u00f0 fullkomnir, og uppfylltir \u00ed \u00f6llum Gu\u00f0s vilja. Eg ber honum \u00fea\u00f0 vitni, a\u00f0 hann hefur st\u00f3ra \u00e1stun\u00f0an til y\u00f0ar, og til \u00feeirra \u00ed Laodicea og Hierapoli.<\/p>\n<p>\t<span class=\"athugasemd\" title=\"Lucas \/\/ Demas\">[<\/span> Y\u00f0ur heilsar Lucas L\u00e6knir, elskulegur, og Demas, Heilsi\u00f0 Br\u00e6\u00f0runum til Laodicea, og Nimphan, og S\u00f6fnu\u00f0inum sem a\u00f0 er \u00ed hans h\u00fasi. Og n\u00e6r Pistillinn er lesinn hj\u00e1 y\u00f0ur, \u00fe\u00e1 sj\u00e1i\u00f0 til a\u00f0 hann ver\u00f0i einnen og lesinn \u00ed Samkundunni til Laodicea. Og \u00fea\u00f0 \u00fe\u00e9r lesi\u00f0 \u00feann sem til Laodicea <span class=\"athugasemd\" title=\"Archippus\">[<\/span> er rita\u00f0ur. Og segi\u00f0 Archippo \u00fea\u00f0, Sj\u00e1 upp \u00e1 Emb\u00e6tti\u00f0 \u00fea\u00f0 \u00fe\u00fa me\u00f0teki\u00f0 hefur \u00ed DROTTNI a\u00f0 \u00fe\u00fa fullkomnir \u00fea\u00f0. Heilsan af minni hendi P\u00e1ls. Veri\u00f0 minnugir minna Fj\u00f6tra. N\u00e1\u00f0in s\u00e9 me\u00f0 y\u00f0ur, A M E N.<\/p>\n<p>Skrifa\u00f0ur af R\u00f3m, me\u00f0ur<\/p>\n<p>Tycicho og Onesimo<\/p>\n","protected":false},"excerpt":{"rendered":"<p>IIII. [ Veri\u00f0 st\u00f6\u00f0ugir \u00ed B\u00e6na \u00e1kallinu, og vaki\u00f0 \u00ed \u00fev\u00ed hinu sama me\u00f0 \u00feakkar gj\u00f6r\u00f0, Bi\u00f0ji\u00f0 og einnen fyrir oss, So a\u00f0 Gu\u00f0 uppl\u00faki oss or\u00f0sins dyr, til a\u00f0 tala leyndand\u00f3m Christi, fyrir hva\u00f0 eg em bundinn, Upp \u00e1 \u00fea\u00f0, a\u00f0 eg opinberi \u00fea\u00f0 sama, sem m\u00e9r byrjar a\u00f0 tala. Gangi\u00f0 v\u00edslega \u00ed bland \u00feeirra sem a\u00f0 eru \u00fear fyrir utan, og skikki\u00f0 y\u00f0ur \u00ed t\u00ed\u00f0ina. Y\u00f0ar r\u00e6\u00f0a s\u00e9 \u00e6t\u00ed\u00f0 lj\u00fafleg, og me\u00f0 Salti kryddu\u00f0, \u00fea\u00f0 \u00fe\u00e9r viti\u00f0 hvernen \u00fe\u00e9r skulu\u00f0 hverjum sem einum andsvara. [ Hvernen um mig er h\u00e1tta\u00f0, \u00fea\u00f0 mun y\u00f0ur allt kunngj\u00f6ra Tycichos, k\u00e6r Br\u00f3\u00f0ir <a href=\"https:\/\/biblian.is\/gudbrandsbiblia\/kolossubrefid-4-kafli\/\"> [&#8230;]<\/a><\/p>\n","protected":false},"author":1,"featured_media":0,"parent":0,"menu_order":0,"comment_status":"open","ping_status":"open","template":"bibliukaflar.php","meta":{"footnotes":""},"class_list":["post-3962","page","type-page","status-publish","hentry"],"_links":{"self":[{"href":"https:\/\/biblian.is\/gudbrandsbiblia\/wp-json\/wp\/v2\/pages\/3962","targetHints":{"allow":["GET"]}}],"collection":[{"href":"https:\/\/biblian.is\/gudbrandsbiblia\/wp-json\/wp\/v2\/pages"}],"about":[{"href":"https:\/\/biblian.is\/gudbrandsbiblia\/wp-json\/wp\/v2\/types\/page"}],"author":[{"embeddable":true,"href":"https:\/\/biblian.is\/gudbrandsbiblia\/wp-json\/wp\/v2\/users\/1"}],"replies":[{"embeddable":true,"href":"https:\/\/biblian.is\/gudbrandsbiblia\/wp-json\/wp\/v2\/comments?post=3962"}],"version-history":[{"count":0,"href":"https:\/\/biblian.is\/gudbrandsbiblia\/wp-json\/wp\/v2\/pages\/3962\/revisions"}],"wp:attachment":[{"href":"https:\/\/biblian.is\/gudbrandsbiblia\/wp-json\/wp\/v2\/media?parent=3962"}],"curies":[{"name":"wp","href":"https:\/\/api.w.org\/{rel}","templated":true}]}}