{"id":3956,"date":"2017-12-18T18:35:11","date_gmt":"2017-12-18T18:35:11","guid":{"rendered":"http:\/\/biblian.is\/gudbrandsbiblia\/filippibrefid-2-kafli\/"},"modified":"2017-12-18T18:35:11","modified_gmt":"2017-12-18T18:35:11","slug":"filippibrefid-2-kafli","status":"publish","type":"page","link":"https:\/\/biblian.is\/gudbrandsbiblia\/filippibrefid-2-kafli\/","title":{"rendered":"Filipp\u00edbr\u00e9fi\u00f0 2. kafli"},"content":{"rendered":"<p>II.<\/p>\n<p>\u00dev\u00ed fyrst hj\u00e1 y\u00f0ur er n\u00fa hugsvalan \u00ed Christo, fyrst \u00fear er huggun k\u00e6rleiksins, fyrst \u00fear er sameign andans, fyrst \u00fear er hjartgr\u00f3in \u00e1stsemi og miskunnsemi, so uppfylli\u00f0 minn f\u00f6gnu\u00f0 \u00fea\u00f0 \u00fe\u00e9r s\u00e9u\u00f0 einnrar lundar, hafandi hinn sama k\u00e6rleika, verandi samhuga\u00f0ir og eins sinna\u00f0ir, ekkert gj\u00f6randi fyrir \u00f6fund e\u00f0ur h\u00e9g\u00f3mad\u00fdr\u00f0 heldur fyrir l\u00edtill\u00e6ti haldi\u00f0 hver sem einn annan \u00e6\u00f0ra en sig sj\u00e1lfan. <span class=\"athugasemd\" title=\"\u00c1minning til k\u00e6rleika og sam\u00feykkis\">[<\/span> Og hver einn l\u00edti eigi upp \u00e1 \u00fea\u00f0 sem hans er heldur upp \u00e1 \u00fea\u00f0 hva\u00f0 annars er.<\/p>\n<p>\tHver einn s\u00e9 so sinna\u00f0ur sem Jes\u00fas Christus var, hver \u00fe\u00f3 e\u00f0 hann v\u00e6ri \u00ed Gu\u00f0s \u00edmynd h\u00e9lt hann \u00fea\u00f0 \u00fe\u00f3 ekki fyrir neitt r\u00e1n Gu\u00f0i l\u00edkur a\u00f0 vera heldur minnka\u00f0i hann sig sj\u00e1lfan og t\u00f3k \u00e1 sig mynd eins \u00fej\u00f3ns, var\u00f0 l\u00edkur \u00f6\u00f0rum m\u00f6nnum og a\u00f0 heg\u00f0an fundinn sem ma\u00f0ur, l\u00edtill\u00e6tti sig sj\u00e1lfan og var\u00f0 hl\u00fd\u00f0ugur allt til dau\u00f0a, j\u00e1 allt til krossins dau\u00f0a. Fyrir \u00fev\u00ed hefur Gu\u00f0 upphafi\u00f0 hann og gaf honum nafn \u00fea\u00f0 yfir \u00f6llum n\u00f6fnum er so a\u00f0 \u00ed nafni Jes\u00fa skulu sig beygja \u00f6ll kn\u00e9 \u00feeirra sem \u00e1 himnum og \u00e1 j\u00f6r\u00f0u og undir j\u00f6r\u00f0unni er og allar tungur skulu vi\u00f0urkenna \u00fea\u00f0 Jes\u00fas Christus s\u00e9 Drottinn til d\u00fdr\u00f0ar Gu\u00f0s f\u00f6\u00f0urs.<\/p>\n<p>\tL\u00edka so, m\u00ednir k\u00e6rustu, sem \u00fe\u00e9r hafi\u00f0 alla t\u00edma hl\u00fd\u00f0ugir veri\u00f0, eigi alleinasta \u00ed minni n\u00e1veru heldur og n\u00fa miklu meir \u00ed minni fr\u00e1veru, verki\u00f0 sj\u00e1lfir y\u00f0ar s\u00e1luhj\u00e1lp me\u00f0 ugg og \u00f3tta \u00fev\u00ed Gu\u00f0 er hann sem \u00ed y\u00f0ur verkar b\u00e6\u00f0i viljann og gj\u00f6rninginn eftir sinni \u00fe\u00f3knan.<\/p>\n<p>\tGj\u00f6ri\u00f0 alla hluti \u00e1n m\u00f6glunar, og \u00e1n \u00f6rv\u00e6ntingar, upp \u00e1 \u00fea\u00f0 \u00fe\u00e9r s\u00e9u\u00f0 \u00f3flekka\u00f0ir, og sk\u00edrir, og \u00f3straffanleg Gu\u00f0s B\u00f6rn, mitt \u00ed milli \u00feeirrar vondrar og umsn\u00fainnar Kynsl\u00f3\u00f0ar, Me\u00f0al hverra \u00fe\u00e9r sk\u00edni\u00f0 so sem Lj\u00f3s \u00ed Heiminum, \u00fear me\u00f0, a\u00f0 \u00fe\u00e9r bl\u00edfi\u00f0 vi\u00f0 Lj\u00f3ssins or\u00f0, m\u00e9r til hr\u00f3sunar \u00e1 degi Christi, so a\u00f0 eg hafi ekki til \u00f3n\u00fdts hlaupi\u00f0, n\u00e9 forgefins erfi\u00f0a\u00f0. Og ef so er, \u00fea\u00f0 eg ver\u00f0 f\u00f3rnf\u00e6r\u00f0ur, so sem Offur og hl\u00fd\u00f0ni y\u00f0ar Tr\u00faar, \u00fe\u00e1 gle\u00f0 eg mig me\u00f0 y\u00f0ur \u00f6llum. \u00deess skulu \u00fe\u00e9r einnen gle\u00f0ja y\u00f0ur, og skulu\u00f0 gle\u00f0ja y\u00f0ur me\u00f0ur m\u00e9r.<\/p>\n<p>\t<span class=\"athugasemd\" title=\"Timotheus\">[<\/span> En eg vona \u00ed DROTTNI Jes\u00fa, \u00fea\u00f0 eg muni innan skamms senda Timotheum til y\u00f0ar, svo a\u00f0 eg gle\u00f0jist \u00ed huga, \u00fe\u00e1 eg fengi a\u00f0 vita hvernen y\u00f0ur fer a\u00f0. \u00dev\u00ed a\u00f0 eg hefi \u00f6ngvan sem so algj\u00f6rlega s\u00e9 m\u00edns sinnis, er so af hjarta fyrir y\u00f0ur syrgir. \u00dev\u00ed hinir allir leita \u00feess hva\u00f0 \u00feeirra er, en ei hva\u00f0 Jes\u00fa Christi er. En \u00fe\u00e9r viti\u00f0, \u00fea\u00f0 hann er vel fallinn, \u00fev\u00ed a\u00f0 l\u00edka so sem Barni\u00f0 F\u00f6\u00f0urnum, svo hefur hann me\u00f0ur m\u00e9r \u00fej\u00f3na\u00f0 \u00ed Evangelio. \u00deann sama vona eg, \u00fea\u00f0 eg muni skj\u00f3tlega \u00feanga\u00f0 senda, \u00fe\u00e1 a\u00f0 eg s\u00e9 hva\u00f0 m\u00e9r l\u00ed\u00f0ur. En eg treystunst \u00ed DROTTNI, \u00fea\u00f0 eg muni einnen sj\u00e1lfur innan skamms t\u00edma koma til y\u00f0ar.<\/p>\n<p>\t<span class=\"athugasemd\" title=\"Epafroditus minn\">[<\/span> M\u00e9r leist nau\u00f0synlegt \u00fea\u00f0 eg senda til y\u00f0ar \u00feann Br\u00f3\u00f0ur Epaphrodithon, s\u00e1 minn hj\u00e1lpari og me\u00f0str\u00ed\u00f0ari og y\u00f0ar Apostuli, og nau\u00f0\u00feurftar \u00fe\u00e9nari er. Af \u00fev\u00ed, a\u00f0 \u00fe\u00e9r h\u00f6f\u00f0u\u00f0 heyrt \u00fea\u00f0 hann hef\u00f0i Sj\u00fakur veri\u00f0, og hann var a\u00f0 s\u00f6nnu Dau\u00f0sj\u00fakur. En Gu\u00f0 veitti honum Miskunn, Eigi einasta honum, heldur jafnvel m\u00e9r, so a\u00f0 eg hef\u00f0a eigi Sorg \u00e1 sorg ofan.<\/p>\n<p>\tEn eg hefi sent hann \u00feess skj\u00f3tara, so a\u00f0 \u00fe\u00e9r s\u00e6ju\u00f0 hann, og yr\u00f0i\u00f0 gla\u00f0ir aftur, og \u00fea\u00f0 eg hef\u00f0a \u00feess minni Sorg. So me\u00f0taki\u00f0 hann n\u00fa \u00ed DROTTNI, af allri gle\u00f0i. Og hafi\u00f0 \u00feess konar menn \u00ed Hei\u00f0ri, \u00fev\u00ed a\u00f0 fyrir sakir verks Christi er hann Dau\u00f0anum so n\u00e6r kominn, \u00fea\u00f0 hann sitt l\u00edf \u00feeygi akta\u00f0i, upp \u00e1 \u00fea\u00f0 hann \u00fej\u00f3na\u00f0i m\u00e9r \u00ed y\u00f0varn sta\u00f0.<\/p>\n","protected":false},"excerpt":{"rendered":"<p>II. \u00dev\u00ed fyrst hj\u00e1 y\u00f0ur er n\u00fa hugsvalan \u00ed Christo, fyrst \u00fear er huggun k\u00e6rleiksins, fyrst \u00fear er sameign andans, fyrst \u00fear er hjartgr\u00f3in \u00e1stsemi og miskunnsemi, so uppfylli\u00f0 minn f\u00f6gnu\u00f0 \u00fea\u00f0 \u00fe\u00e9r s\u00e9u\u00f0 einnrar lundar, hafandi hinn sama k\u00e6rleika, verandi samhuga\u00f0ir og eins sinna\u00f0ir, ekkert gj\u00f6randi fyrir \u00f6fund e\u00f0ur h\u00e9g\u00f3mad\u00fdr\u00f0 heldur fyrir l\u00edtill\u00e6ti haldi\u00f0 hver sem einn annan \u00e6\u00f0ra en sig sj\u00e1lfan. [ Og hver einn l\u00edti eigi upp \u00e1 \u00fea\u00f0 sem hans er heldur upp \u00e1 \u00fea\u00f0 hva\u00f0 annars er. Hver einn s\u00e9 so sinna\u00f0ur sem Jes\u00fas Christus var, hver \u00fe\u00f3 e\u00f0 hann v\u00e6ri \u00ed Gu\u00f0s \u00edmynd h\u00e9lt <a href=\"https:\/\/biblian.is\/gudbrandsbiblia\/filippibrefid-2-kafli\/\"> [&#8230;]<\/a><\/p>\n","protected":false},"author":1,"featured_media":0,"parent":0,"menu_order":0,"comment_status":"open","ping_status":"open","template":"bibliukaflar.php","meta":{"footnotes":""},"class_list":["post-3956","page","type-page","status-publish","hentry"],"_links":{"self":[{"href":"https:\/\/biblian.is\/gudbrandsbiblia\/wp-json\/wp\/v2\/pages\/3956","targetHints":{"allow":["GET"]}}],"collection":[{"href":"https:\/\/biblian.is\/gudbrandsbiblia\/wp-json\/wp\/v2\/pages"}],"about":[{"href":"https:\/\/biblian.is\/gudbrandsbiblia\/wp-json\/wp\/v2\/types\/page"}],"author":[{"embeddable":true,"href":"https:\/\/biblian.is\/gudbrandsbiblia\/wp-json\/wp\/v2\/users\/1"}],"replies":[{"embeddable":true,"href":"https:\/\/biblian.is\/gudbrandsbiblia\/wp-json\/wp\/v2\/comments?post=3956"}],"version-history":[{"count":0,"href":"https:\/\/biblian.is\/gudbrandsbiblia\/wp-json\/wp\/v2\/pages\/3956\/revisions"}],"wp:attachment":[{"href":"https:\/\/biblian.is\/gudbrandsbiblia\/wp-json\/wp\/v2\/media?parent=3956"}],"curies":[{"name":"wp","href":"https:\/\/api.w.org\/{rel}","templated":true}]}}

Filippíbréfið 2. kafli

<p>II.</p>
<p>Því fyrst hjá yður er nú hugsvalan í Christo, fyrst þar er huggun kærleiksins, fyrst þar er sameign andans, fyrst þar er hjartgróin ástsemi og miskunnsemi, so uppfyllið minn fögnuð það þér séuð einnrar lundar, hafandi hinn sama kærleika, verandi samhugaðir og eins sinnaðir, ekkert gjörandi fyrir öfund eður hégómadýrð heldur fyrir lítillæti haldið hver sem einn annan æðra en sig sjálfan. <span class="athugasemd" title="Áminning til kærleika og samþykkis">[</span> Og hver einn líti eigi upp á það sem hans er heldur upp á það hvað annars er.</p>
<p>	Hver einn sé so sinnaður sem Jesús Christus var, hver þó eð hann væri í Guðs ímynd hélt hann það þó ekki fyrir neitt rán Guði líkur að vera heldur minnkaði hann sig sjálfan og tók á sig mynd eins þjóns, varð líkur öðrum mönnum og að hegðan fundinn sem maður, lítillætti sig sjálfan og varð hlýðugur allt til dauða, já allt til krossins dauða. Fyrir því hefur Guð upphafið hann og gaf honum nafn það yfir öllum nöfnum er so að í nafni Jesú skulu sig beygja öll kné þeirra sem á himnum og á jörðu og undir jörðunni er og allar tungur skulu viðurkenna það Jesús Christus sé Drottinn til dýrðar Guðs föðurs.</p>
<p>	Líka so, mínir kærustu, sem þér hafið alla tíma hlýðugir verið, eigi alleinasta í minni náveru heldur og nú miklu meir í minni fráveru, verkið sjálfir yðar sáluhjálp með ugg og ótta því Guð er hann sem í yður verkar bæði viljann og gjörninginn eftir sinni þóknan.</p>
<p>	Gjörið alla hluti án möglunar, og án örvæntingar, upp á það þér séuð óflekkaðir, og skírir, og óstraffanleg Guðs Börn, mitt í milli þeirrar vondrar og umsnúinnar Kynslóðar, Meðal hverra þér skínið so sem Ljós í Heiminum, þar með, að þér blífið við Ljóssins orð, mér til hrósunar á degi Christi, so að eg hafi ekki til ónýts hlaupið, né forgefins erfiðað. Og ef so er, það eg verð fórnfærður, so sem Offur og hlýðni yðar Trúar, þá gleð eg mig með yður öllum. Þess skulu þér einnen gleðja yður, og skuluð gleðja yður meður mér.</p>
<p>	<span class="athugasemd" title="Timotheus">[</span> En eg vona í DROTTNI Jesú, það eg muni innan skamms senda Timotheum til yðar, svo að eg gleðjist í huga, þá eg fengi að vita hvernen yður fer að. Því að eg hefi öngvan sem so algjörlega sé míns sinnis, er so af hjarta fyrir yður syrgir. Því hinir allir leita þess hvað þeirra er, en ei hvað Jesú Christi er. En þér vitið, það hann er vel fallinn, því að líka so sem Barnið Föðurnum, svo hefur hann meður mér þjónað í Evangelio. Þann sama vona eg, það eg muni skjótlega þangað senda, þá að eg sé hvað mér líður. En eg treystunst í DROTTNI, það eg muni einnen sjálfur innan skamms tíma koma til yðar.</p>
<p>	<span class="athugasemd" title="Epafroditus minn">[</span> Mér leist nauðsynlegt það eg senda til yðar þann Bróður Epaphrodithon, sá minn hjálpari og meðstríðari og yðar Apostuli, og nauðþurftar þénari er. Af því, að þér höfðuð heyrt það hann hefði Sjúkur verið, og hann var að sönnu Dauðsjúkur. En Guð veitti honum Miskunn, Eigi einasta honum, heldur jafnvel mér, so að eg hefða eigi Sorg á sorg ofan.</p>
<p>	En eg hefi sent hann þess skjótara, so að þér sæjuð hann, og yrðið glaðir aftur, og það eg hefða þess minni Sorg. So meðtakið hann nú í DROTTNI, af allri gleði. Og hafið þess konar menn í Heiðri, því að fyrir sakir verks Christi er hann Dauðanum so nær kominn, það hann sitt líf þeygi aktaði, upp á það hann þjónaði mér í yðvarn stað.</p>

<p>II. Því fyrst hjá yður er nú hugsvalan í Christo, fyrst þar er huggun kærleiksins, fyrst þar er sameign andans, fyrst þar er hjartgróin ástsemi og miskunnsemi, so uppfyllið minn fögnuð það þér séuð einnrar lundar, hafandi hinn sama kærleika, verandi samhugaðir og eins sinnaðir, ekkert gjörandi fyrir öfund eður hégómadýrð heldur fyrir lítillæti haldið hver sem einn annan æðra en sig sjálfan. [ Og hver einn líti eigi upp á það sem hans er heldur upp á það hvað annars er. Hver einn sé so sinnaður sem Jesús Christus var, hver þó eð hann væri í Guðs ímynd hélt <a href="https://biblian.is/gudbrandsbiblia/filippibrefid-2-kafli/"> [&#8230;]</a></p>
