{"id":3951,"date":"2017-12-18T18:35:11","date_gmt":"2017-12-18T18:35:11","guid":{"rendered":"http:\/\/biblian.is\/gudbrandsbiblia\/efesusbrefid-3-kafli\/"},"modified":"2017-12-18T18:35:11","modified_gmt":"2017-12-18T18:35:11","slug":"efesusbrefid-3-kafli","status":"publish","type":"page","link":"https:\/\/biblian.is\/gudbrandsbiblia\/efesusbrefid-3-kafli\/","title":{"rendered":"Efesusbr\u00e9fi\u00f0 3. kafli"},"content":{"rendered":"<p>III.<\/p>\n<p>Hvar fyrir eg, P\u00e1ll, bandingi Christi Jes\u00fa, fyrir y\u00f0ur hei\u00f0ingja, af \u00fev\u00ed \u00fe\u00e9r hafi\u00f0 heyrt \u00fat af emb\u00e6tti Gu\u00f0s n\u00e1\u00f0ar \u00feeirri m\u00e9r er til y\u00f0ar gefin, \u00fea\u00f0 m\u00e9r er kunnur or\u00f0inn \u00feessi leyndur d\u00f3mur fyrir opinberan (eftir \u00fev\u00ed eg hefi \u00e1\u00f0ur hi\u00f0 allra fyrsta skrifa\u00f0) \u00fea\u00f0 \u00fe\u00e9r, ef \u00fe\u00e9r l\u00e6su\u00f0 \u00fea\u00f0 kunni\u00f0 a\u00f0 merkja minn skilning \u00ed leyndum d\u00f3mi Christi, hver ekki er for\u00f0um mannanna sonum kunnur gj\u00f6r\u00f0ur so sem n\u00fa er hann opinbera\u00f0ur hans heil\u00f6gum postulum og sp\u00e1m\u00f6nnum fyrir andann: \u00dea\u00f0 a\u00f0 hinir hei\u00f0nu eru samarfar og me\u00f0 innl\u00edfa\u00f0ir og hluttakendur hans fyrirheita \u00ed Christo fyrir evangelium, hvers \u00fe\u00e9nari eg em vor\u00f0inn eftir g\u00e1fu Gu\u00f0s n\u00e1\u00f0ar sem m\u00e9r er gefin eftir hans volduga krafti.<\/p>\n<p>\tM\u00e9r, hinum s\u00ed\u00f0asta me\u00f0al allra heilagra, er gefin \u00feessi n\u00e1\u00f0 \u00fea\u00f0 eg kunngj\u00f6r\u00f0a me\u00f0al hei\u00f0inna \u00fej\u00f3\u00f0a \u00feann \u00f3rannsakanlegan r\u00edkd\u00f3m Christi og upp a\u00f0 birta hverjum manni hver \u00fear s\u00e9 sameign leyndard\u00f3msins sem af veraldar upphafi hefur \u00ed Gu\u00f0i hulinn veri\u00f0, s\u00e1 alla hluti hefur skapa\u00f0 fyrir Jes\u00fam Christum, upp \u00e1 \u00fea\u00f0 a\u00f0 kunnug yr\u00f0i n\u00fa h\u00f6f\u00f0ingjum og herrad\u00f3mum \u00e1 himnum fyrir s\u00f6fnu\u00f0inn s\u00fa margf\u00f6ld speki Gu\u00f0s eftir fyrirhyggjunni fr\u00e1 veraldarupphafi sem hann hefur au\u00f0s\u00fdnt \u00ed Christo Jes\u00fa vorum Drottni, fyrir hvern v\u00e9r h\u00f6fum dj\u00f6rfung og a\u00f0gang \u00ed \u00f6llu trausti fyrir tr\u00fana \u00e1 hann. Fyrir \u00fev\u00ed bi\u00f0 eg \u00fea\u00f0 \u00fe\u00e9r tregist ekki vegna minnar h\u00f6rmungar sem eg \u00feoli fyrir y\u00f0ur, hver y\u00f0ar d\u00fdr\u00f0 er. Hvar fyrir eg beygi m\u00edn kn\u00e9 fyrir f\u00f6\u00f0ur vors Drottins Jes\u00fa Christi, s\u00e1 sem r\u00e9ttur fa\u00f0ir er yfir allt hva\u00f0 b\u00f6rn kallast \u00e1 himnum og \u00e1 j\u00f6r\u00f0u, a\u00f0 hann gefi y\u00f0ur kraft eftir r\u00edkd\u00f3mi sinnar d\u00fdr\u00f0ar a\u00f0 styrkjast fyrir hans anda \u00ed hinum innra manni og l\u00e1ta Christum fyrir tr\u00fana byggja \u00ed y\u00f0rum hj\u00f6rtum og fyrir k\u00e6rleikann innr\u00e6tast og grundvallast svo a\u00f0 \u00fe\u00e9r m\u00e6ttu\u00f0 h\u00f6ndla me\u00f0 \u00f6llum helgum hver \u00fear s\u00e9 v\u00eddd og lengd, d\u00fdpt og h\u00e6\u00f0 og a\u00f0 vita \u00fea\u00f0 a\u00f0 elska Christum \u00fea\u00f0 er betra en allt a\u00f0 vita so a\u00f0 \u00fe\u00e9r uppfylldust me\u00f0 allsh\u00e1tta\u00f0ri Gu\u00f0s n\u00e6g\u00f0. <span class=\"athugasemd\" title=\"Christum a\u00f0 elska\">[<\/span><\/p>\n<p>\tEn honum sem m\u00e1ttugur er alla hluti yfirgn\u00e6fanlegar a\u00f0 gj\u00f6ra heldur en v\u00e9r bi\u00f0jum e\u00f0ur skiljum, eftir \u00feeim krafti sem \u00ed oss verkar, \u00feeim sama s\u00e9 d\u00fdr\u00f0 \u00ed safna\u00f0inum, s\u00e1 \u00ed Christo Jes\u00fa er, um allar aldir alda a\u00f0 eil\u00edfu. Amen.<\/p>\n","protected":false},"excerpt":{"rendered":"<p>III. Hvar fyrir eg, P\u00e1ll, bandingi Christi Jes\u00fa, fyrir y\u00f0ur hei\u00f0ingja, af \u00fev\u00ed \u00fe\u00e9r hafi\u00f0 heyrt \u00fat af emb\u00e6tti Gu\u00f0s n\u00e1\u00f0ar \u00feeirri m\u00e9r er til y\u00f0ar gefin, \u00fea\u00f0 m\u00e9r er kunnur or\u00f0inn \u00feessi leyndur d\u00f3mur fyrir opinberan (eftir \u00fev\u00ed eg hefi \u00e1\u00f0ur hi\u00f0 allra fyrsta skrifa\u00f0) \u00fea\u00f0 \u00fe\u00e9r, ef \u00fe\u00e9r l\u00e6su\u00f0 \u00fea\u00f0 kunni\u00f0 a\u00f0 merkja minn skilning \u00ed leyndum d\u00f3mi Christi, hver ekki er for\u00f0um mannanna sonum kunnur gj\u00f6r\u00f0ur so sem n\u00fa er hann opinbera\u00f0ur hans heil\u00f6gum postulum og sp\u00e1m\u00f6nnum fyrir andann: \u00dea\u00f0 a\u00f0 hinir hei\u00f0nu eru samarfar og me\u00f0 innl\u00edfa\u00f0ir og hluttakendur hans fyrirheita \u00ed Christo fyrir evangelium, hvers <a href=\"https:\/\/biblian.is\/gudbrandsbiblia\/efesusbrefid-3-kafli\/\"> [&#8230;]<\/a><\/p>\n","protected":false},"author":1,"featured_media":0,"parent":0,"menu_order":0,"comment_status":"open","ping_status":"open","template":"bibliukaflar.php","meta":{"footnotes":""},"class_list":["post-3951","page","type-page","status-publish","hentry"],"_links":{"self":[{"href":"https:\/\/biblian.is\/gudbrandsbiblia\/wp-json\/wp\/v2\/pages\/3951","targetHints":{"allow":["GET"]}}],"collection":[{"href":"https:\/\/biblian.is\/gudbrandsbiblia\/wp-json\/wp\/v2\/pages"}],"about":[{"href":"https:\/\/biblian.is\/gudbrandsbiblia\/wp-json\/wp\/v2\/types\/page"}],"author":[{"embeddable":true,"href":"https:\/\/biblian.is\/gudbrandsbiblia\/wp-json\/wp\/v2\/users\/1"}],"replies":[{"embeddable":true,"href":"https:\/\/biblian.is\/gudbrandsbiblia\/wp-json\/wp\/v2\/comments?post=3951"}],"version-history":[{"count":0,"href":"https:\/\/biblian.is\/gudbrandsbiblia\/wp-json\/wp\/v2\/pages\/3951\/revisions"}],"wp:attachment":[{"href":"https:\/\/biblian.is\/gudbrandsbiblia\/wp-json\/wp\/v2\/media?parent=3951"}],"curies":[{"name":"wp","href":"https:\/\/api.w.org\/{rel}","templated":true}]}}