{"id":3923,"date":"2017-12-18T18:35:08","date_gmt":"2017-12-18T18:35:08","guid":{"rendered":"http:\/\/biblian.is\/gudbrandsbiblia\/fyrra-kortintubref-10-kafli\/"},"modified":"2018-01-13T23:35:31","modified_gmt":"2018-01-13T23:35:31","slug":"fyrra-korintubref-10-kafli","status":"publish","type":"page","link":"https:\/\/biblian.is\/gudbrandsbiblia\/fyrra-korintubref-10-kafli\/","title":{"rendered":"Fyrra Korintubr\u00e9f 10. kafli"},"content":{"rendered":"<p>X.<\/p>\n<p>G\u00f3\u00f0ir br\u00e6\u00f0ur, en eg vil ei dylja fyrir y\u00f0ur \u00fea\u00f0 vorir fe\u00f0ur voru allir undir sk\u00fdinu og allir gengu \u00feeir yfir hafi\u00f0, allir eru \u00feeir og sk\u00edr\u00f0ir af Moysen \u00ed sk\u00fdinu og \u00ed sj\u00e1num og allir hafa \u00feeir neytt hinnar s\u00f6mu andlegrar f\u00e6\u00f0slu og allir hafa \u00feeir hinn sama andlega drykk drukki\u00f0. <span class=\"athugasemd\" title=\"Exo. 14\">[<\/span> En \u00feeir drukku af \u00feeirri andlegri hellu sem \u00feeim me\u00f0 fylgdi, hver hella e\u00f0 var Kristur. <span class=\"athugasemd\" title=\"Christus s\u00e1 hellusteinn\">[<\/span> En \u00e1 \u00feeim velflestum haf\u00f0i Gu\u00f0 \u00f6ngva \u00fe\u00f3knan. \u00dev\u00ed eru \u00feeir ni\u00f0urslegnir \u00e1 ey\u00f0im\u00f6rku.<\/p>\n<p>\tEn \u00feetta er ske\u00f0 oss til fyrirmyndar svo a\u00f0 v\u00e9r skulum eigi girnast hva\u00f0 illt er, svo sem a\u00f0 \u00feeir girntust. Gj\u00f6rist og eigi bl\u00f3tmenn sk\u00fargo\u00f0a l\u00edka so sem nokkrir af \u00feeim ur\u00f0u eftir \u00fev\u00ed sem skrifa\u00f0 er: &#8222;F\u00f3lki\u00f0 settist ni\u00f0ur a\u00f0 eta og drekka og st\u00f3\u00f0 upp a\u00f0 dansa.&#8220; Dr\u00fdgjum eigi h\u00f3ranir so sem nokkrir \u00fat af \u00feeim dr\u00fdg\u00f0u h\u00f3ranir og f\u00e9llu \u00e1 einum degi \u00ferj\u00e1r \u00fe\u00fasundir og tuttugu. Freistum og eigi Krists so sem nokkrir \u00fat af \u00feeim freistu\u00f0u hans og fyrirf\u00f3rust af h\u00f6ggormum. M\u00f6gli\u00f0 og ekki l\u00edka so sem nokkrir \u00fat af \u00feeim m\u00f6glu\u00f0u og fyrirf\u00f3rust af fordjarfaranum. <span class=\"athugasemd\" title=\"Num. 14\">[<\/span> <\/p>\n<p>\t\u00deetta allt ske\u00f0i \u00fe\u00e1 til fyrirmyndar en \u00fea\u00f0 er skrifa\u00f0 oss til vi\u00f0v\u00f6runar, yfir hverja a\u00f0 \u00feessa heims endi er kominn. Fyrir \u00fev\u00ed hver hann l\u00e6tur s\u00e9r \u00feykja \u00fea\u00f0 hann standi gefi s\u00e1 gaum a\u00f0 a\u00f0 hann falli eigi. <span class=\"athugasemd\" title=\"\u00dear fyrir forsm\u00e1i enginn annan hversu styrkur e\u00f0ur veikur hver er. Hver veit hversu lengi hinn sami stendur?\">[<\/span> Y\u00f0ur hefur ekki h\u00f6ndla\u00f0 utan alleinasta mannleg freistni. En Gu\u00f0 er tr\u00far s\u00e1 eigi uml\u00ed\u00f0ur \u00fea\u00f0 y\u00f0ar s\u00e9 freista\u00f0 framar en \u00fe\u00e9r formegi\u00f0 heldur gj\u00f6rir hann \u00fea\u00f0 a\u00f0 freistnin f\u00e1i \u00feann einn enda a\u00f0 \u00fe\u00e9r geti\u00f0 vel sta\u00f0i\u00f0. \u00dear fyrir, m\u00ednir k\u00e6rustu, fl\u00fdi\u00f0 fr\u00e1 sk\u00fargo\u00f0ad\u00fdrkan.<\/p>\n<p>\tSo sem vi\u00f0 vitringa tala eg, d\u00e6mi \u00fe\u00e9r hva\u00f0 eg segi. S\u00e1 blessanarkaleikur hvern v\u00e9r blessum er hann ekki samnautn Krists bl\u00f3\u00f0s? Og brau\u00f0i\u00f0 hvert v\u00e9r brj\u00f3tum er \u00fea\u00f0 eigi samneyti Krists l\u00edkama? \u00dev\u00ed a\u00f0 \u00fea\u00f0 er eitt brau\u00f0 og v\u00e9r margir erum einn l\u00edkami me\u00f0 \u00fev\u00ed a\u00f0 v\u00e9r ver\u00f0um allir eins brau\u00f0s hluttakarar. Hyggi\u00f0 a\u00f0 \u00feeim sem \u00ed \u00cdsrael eftir holdinu \u00fea\u00f0 \u00feeir sem f\u00f3rnirnar eta, eru \u00feeir ekki altarisins hluttakarar? <\/p>\n<p>\tHva\u00f0 skal eg n\u00fa \u00fe\u00e1 segja? E\u00f0a skal eg segja \u00fea\u00f0 sk\u00fargo\u00f0i\u00f0 s\u00e9 nokku\u00f0 e\u00f0a \u00fea\u00f0 sk\u00fargo\u00f0af\u00f3rnir s\u00e9 nokku\u00f0? En eg segi a\u00f0 \u00fea\u00f0 hva\u00f0 hinir hei\u00f0nu offra \u00fea\u00f0 offra \u00feeir dj\u00f6flinum og eigi Gu\u00f0i. N\u00fa vil eg eigi a\u00f0 \u00fe\u00e9r ver\u00f0i\u00f0 samlagsmenn dj\u00f6flanna. Eigi f\u00e1i \u00fe\u00e9r \u00ed senn drukki\u00f0 kaleik Drottins og dj\u00f6fulsins. \u00de\u00e9r geti\u00f0 og ekki \u00ed senn hluttakar or\u00f0i\u00f0 matbor\u00f0s Drottins og dj\u00f6fulsins. E\u00f0a viljum v\u00e9r reita Drottin? Hvort erum v\u00e9r honum sterkari? <\/p>\n<p>\tM\u00e9r leyfast sennilega allir hlutir en \u00feeir bata eigi allir. M\u00e9r leyfist allt en \u00fea\u00f0 er eigi allt til betrunar. Enginn leyti \u00feess hva\u00f0 hans er heldur a\u00f0 \u00fev\u00ed hva\u00f0 annars er.<\/p>\n<p>\tAllt hva\u00f0 \u00ed kj\u00f6tmangarah\u00fasinu er til s\u00f6lu \u00fea\u00f0 eti\u00f0, eftirspyrjandi a\u00f0 \u00f6ngu upp \u00e1 \u00fea\u00f0 \u00fe\u00e9r v\u00e6gi\u00f0 samviskunni. \u00dev\u00ed a\u00f0 j\u00f6r\u00f0in er Drottins og allt \u00fea\u00f0 sem \u00fear er inni. <span class=\"athugasemd\" title=\"Psal. 24\">[<\/span> En ef einhver af vantr\u00fau\u00f0um b\u00fd\u00f0ur \u00fe\u00e9r til sn\u00e6\u00f0ings og \u00fe\u00e9r vilji\u00f0 \u00feanga\u00f0 ganga \u00fe\u00e1 eti\u00f0 \u00fea\u00f0 allt hva\u00f0 fyrir y\u00f0ur ver\u00f0ur sett og spyrji\u00f0 einskis upp \u00e1 \u00fea\u00f0 \u00fe\u00e9r v\u00e6gi\u00f0 samviskunni. En ef nokkur segir til y\u00f0ar: &#8222;\u00deetta er sk\u00fargo\u00f0aoffur&#8220; \u00fe\u00e1 eti\u00f0 ekki fyrir sakir \u00feess sem \u00fea\u00f0 segir y\u00f0ur upp \u00e1 \u00fea\u00f0 \u00fe\u00e9r v\u00e6gi\u00f0 samviskunni (\u00fev\u00ed a\u00f0 j\u00f6r\u00f0in er a\u00f0 s\u00f6nnu Drottins og hva\u00f0 \u00fear er einni) en eg segi af samviskunni, eigi af \u00feinni sj\u00e1lfs heldur hins annars. \u00dev\u00ed a\u00f0 hvar fyrir skylda eg mitt frelsi d\u00e6mast l\u00e1ta af annarlegri samvisku? \u00dev\u00ed ef eg neyti \u00feess me\u00f0 \u00feakkl\u00e6ti hvar fyrir skal eg \u00fe\u00e1 lasta\u00f0ur ver\u00f0a um \u00fea\u00f0 sem eg gj\u00f6ri \u00feakkir fyrir? <\/p>\n<p>\tHvort \u00fe\u00e9r n\u00fa eti\u00f0 e\u00f0ur drekki\u00f0 e\u00f0a hva\u00f0 \u00fe\u00e9r gj\u00f6ri\u00f0 \u00fe\u00e1 gj\u00f6ri\u00f0 \u00fea\u00f0 allt til Gu\u00f0s d\u00fdr\u00f0ar. Veri\u00f0 utan hindran b\u00e6\u00f0i Gy\u00f0ingum og Grikkjum og Gu\u00f0s safna\u00f0i. L\u00edka svo sem eg gj\u00f6r\u00f0i mig hverjum manni ge\u00f0felldan \u00ed \u00f6llu, eigi a\u00f0leitandi hva\u00f0 m\u00e9r heldur hva\u00f0 m\u00f6rgum er gagnlegt so a\u00f0 \u00feeir hj\u00e1lplegir yr\u00f0i. Veri\u00f0 \u00fev\u00ed m\u00ednir eftirfylgjarar so sem eg em Krists. <span class=\"athugasemd\" title=\"Ephe. 5 \/ Philip. 3\">[<\/span><\/p>\n","protected":false},"excerpt":{"rendered":"<p>X. G\u00f3\u00f0ir br\u00e6\u00f0ur, en eg vil ei dylja fyrir y\u00f0ur \u00fea\u00f0 vorir fe\u00f0ur voru allir undir sk\u00fdinu og allir gengu \u00feeir yfir hafi\u00f0, allir eru \u00feeir og sk\u00edr\u00f0ir af Moysen \u00ed sk\u00fdinu og \u00ed sj\u00e1num og allir hafa \u00feeir neytt hinnar s\u00f6mu andlegrar f\u00e6\u00f0slu og allir hafa \u00feeir hinn sama andlega drykk drukki\u00f0. [ En \u00feeir drukku af \u00feeirri andlegri hellu sem \u00feeim me\u00f0 fylgdi, hver hella e\u00f0 var Kristur. [ En \u00e1 \u00feeim velflestum haf\u00f0i Gu\u00f0 \u00f6ngva \u00fe\u00f3knan. \u00dev\u00ed eru \u00feeir ni\u00f0urslegnir \u00e1 ey\u00f0im\u00f6rku. En \u00feetta er ske\u00f0 oss til fyrirmyndar svo a\u00f0 v\u00e9r skulum eigi girnast hva\u00f0 illt <a href=\"https:\/\/biblian.is\/gudbrandsbiblia\/fyrra-korintubref-10-kafli\/\"> [&#8230;]<\/a><\/p>\n","protected":false},"author":1,"featured_media":0,"parent":0,"menu_order":0,"comment_status":"open","ping_status":"closed","template":"bibliukaflar.php","meta":{"footnotes":""},"class_list":["post-3923","page","type-page","status-publish","hentry"],"_links":{"self":[{"href":"https:\/\/biblian.is\/gudbrandsbiblia\/wp-json\/wp\/v2\/pages\/3923","targetHints":{"allow":["GET"]}}],"collection":[{"href":"https:\/\/biblian.is\/gudbrandsbiblia\/wp-json\/wp\/v2\/pages"}],"about":[{"href":"https:\/\/biblian.is\/gudbrandsbiblia\/wp-json\/wp\/v2\/types\/page"}],"author":[{"embeddable":true,"href":"https:\/\/biblian.is\/gudbrandsbiblia\/wp-json\/wp\/v2\/users\/1"}],"replies":[{"embeddable":true,"href":"https:\/\/biblian.is\/gudbrandsbiblia\/wp-json\/wp\/v2\/comments?post=3923"}],"version-history":[{"count":0,"href":"https:\/\/biblian.is\/gudbrandsbiblia\/wp-json\/wp\/v2\/pages\/3923\/revisions"}],"wp:attachment":[{"href":"https:\/\/biblian.is\/gudbrandsbiblia\/wp-json\/wp\/v2\/media?parent=3923"}],"curies":[{"name":"wp","href":"https:\/\/api.w.org\/{rel}","templated":true}]}}