{"id":3912,"date":"2017-12-18T18:35:04","date_gmt":"2017-12-18T18:35:04","guid":{"rendered":"http:\/\/biblian.is\/gudbrandsbiblia\/romverjabrefid-16-kafli\/"},"modified":"2017-12-18T18:35:04","modified_gmt":"2017-12-18T18:35:04","slug":"romverjabrefid-16-kafli","status":"publish","type":"page","link":"https:\/\/biblian.is\/gudbrandsbiblia\/romverjabrefid-16-kafli\/","title":{"rendered":"R\u00f3mverjabr\u00e9fi\u00f0 16. kafli"},"content":{"rendered":"<p>XVI.<\/p>\n<p>Vora systur Pheben fel eg y\u00f0ur \u00e1 hendi, hver a\u00f0 er \u00fej\u00f3nustukvinna safna\u00f0arins til Cencrea, \u00fea\u00f0 \u00fe\u00e9r me\u00f0taki\u00f0 hana \u00ed Drottni so sem heil\u00f6gum h\u00e6fir og gj\u00f6ri\u00f0 henni hj\u00e1sto\u00f0 \u00ed hverri nau\u00f0\u00feurft sem h\u00fan kann y\u00f0ar vi\u00f0 a\u00f0 \u00feurfa \u00fev\u00ed a\u00f0 h\u00fan hefur m\u00f6rgum hj\u00e1sto\u00f0 veitt og m\u00e9r sj\u00e1lfum. <span class=\"athugasemd\" title=\"Kve\u00f0ja og \u00e1minning um mannal\u00e6rd\u00f3m\">[<\/span> <\/p>\n<p>\tHeilsi\u00f0 Priscam og Aquilam, m\u00ednum hj\u00e1lparm\u00f6nnum \u00ed Christo Jes\u00fa, \u00feeir e\u00f0 s\u00edna h\u00e1lsa hafa \u00fatsett fyrir mitt l\u00edf, hverjum ekki alleinasta eg gj\u00f6ri \u00feakkir heldur allir s\u00f6fnu\u00f0ir hei\u00f0innar \u00fej\u00f3\u00f0ar. Og heilsi\u00f0 \u00feeim safna\u00f0i sem \u00ed \u00feeirra h\u00fasi er. Heilsi\u00f0 Epenetum, m\u00ednum elskanlegum s\u00e1 sem a\u00f0 fyrstur er \u00feeirra \u00far Achaia \u00ed Christo. Heilsi\u00f0 Mariam hver miki\u00f0 erfi\u00f0i hefur haft me\u00f0 oss. Heilsi\u00f0 Andronico og Junion, m\u00ednum n\u00e1fr\u00e6ndum og sambandingjum, hverjir a\u00f0 fr\u00e6gir eru \u00e1 me\u00f0al postulanna og fyrir m\u00e9r voru \u00ed Christo Jes\u00fa. Heilsi\u00f0 Amplian m\u00ednum elskulegasta \u00ed Drottni. Heilsi\u00f0 Urbano vorum hj\u00e1lparmanni \u00ed Christo Jes\u00fa og Stachyn m\u00ednum elskanlegum. Heilsi\u00f0 hinum m\u00e6ta Apellen \u00ed Christo. Heilsi\u00f0 \u00feeim sem eru af heimkynnum Aristoboli. Heilsi\u00f0 og m\u00ednum fr\u00e6nda Herodionem. Heilsi\u00f0 og \u00feeim sem eru af heimkynni Narcissi \u00ed Drottni. Heilsi\u00f0 Triphena og hinum Triphesa, hverjir miki\u00f0 hafa li\u00f0i\u00f0 \u00ed Drottni. Heilsi\u00f0 Persida minni elskulegri, hver a\u00f0 miki\u00f0 hefur li\u00f0i\u00f0 \u00ed Drottni. Heilsi\u00f0 Rufo hinum \u00fatvalda \u00ed Drottni og hans m\u00f3\u00f0ur og minni. Heilsi\u00f0 Asyncriton og Phlegontem, Herman, Patroban, Hermen og \u00feeim br\u00e6\u00f0rum sem hj\u00e1 \u00feeim eru. Heilsi\u00f0 Philologum og Julian, Nereum og systur hans og Olimpan og \u00f6llum heil\u00f6gum sem hj\u00e1 \u00feeim eru. Heilsi\u00f0 hver \u00f6\u00f0rum y\u00f0ar \u00e1 milli me\u00f0 heil\u00f6gum kossi. Y\u00f0ur heilsa allir Krists s\u00f6fnu\u00f0ir.<\/p>\n<p>\tEn eg minni y\u00f0ur \u00e1, g\u00f3\u00f0ir br\u00e6\u00f0ur, a\u00f0 \u00fe\u00e9r hafi\u00f0 g\u00e1t \u00e1 \u00feeim sem rugl og hindranir uppbyrja \u00ed gegn \u00feeim l\u00e6rd\u00f3mi sem \u00fe\u00e9r hafi\u00f0 l\u00e6rt og sn\u00fai\u00f0 fr\u00e1 \u00feeim s\u00f6mum. <span class=\"athugasemd\" title=\"\u00deetta er tala\u00f0 um allan mannlegan l\u00e6rd\u00f3m\">[<\/span> \u00dev\u00ed a\u00f0 \u00feess h\u00e1ttar menn \u00fej\u00f3na eigi Drottni Jes\u00fa Christo heldur s\u00ednum kvi\u00f0i og fyrir s\u00e6tleg or\u00f0 og fagurlegt m\u00e1lt\u00e6ki t\u00e6la \u00feeir hj\u00f6rtu meinlausra. \u00dev\u00ed a\u00f0 y\u00f0ar hl\u00fd\u00f0ni er \u00ed bland allra \u00fatkomin. Fyrir \u00fea\u00f0 fagna eg yfir y\u00f0ur. En eg vil a\u00f0 \u00fe\u00e9r s\u00e9u\u00f0 vitrir upp \u00e1 hi\u00f0 g\u00f3\u00f0a og einfaldir upp \u00e1 hi\u00f0 vonda. En Gu\u00f0 fri\u00f0arins mun innan skamms sundurmerja \u00feann andskota undir y\u00f0ra f\u00e6tur. N\u00e1\u00f0 Drottins vors Jes\u00fa Christi s\u00e9 me\u00f0 y\u00f0ur.<\/p>\n<p>\tY\u00f0ur heilsar T\u00edm\u00f3teus minn hj\u00e1lparmann og Lucius og Jason og S\u00f3s\u00edpater, m\u00ednir n\u00e1fr\u00e6ndur og Tert\u00edus sem \u00feetta br\u00e9f skrifa\u00f0i heilsar y\u00f0ur \u00ed Drottni. Y\u00f0ur heilsar Gajus minn og alls safna\u00f0arins h\u00fasb\u00f3ndi. Y\u00f0ur heilsar Erastus, borgarinnar fj\u00e1rrentuv\u00f6r\u00f0ur og Quartus br\u00f3\u00f0ir. N\u00e1\u00f0 Drottins vors Jes\u00fa Christi s\u00e9 me\u00f0 y\u00f0ur \u00f6llum. Amen.<\/p>\n<p>\tEn honum sem m\u00e1ttugur er y\u00f0ur a\u00f0 styrkja eftir m\u00ednu evangelio og pr\u00e9dikan \u00fat af Jes\u00fa Christo fyrir hverja leyndur d\u00f3murinn er uppbirtur sem \u00ed fr\u00e1 veraldar upphafi hefur yfir veri\u00f0 \u00feaga\u00f0 en n\u00fa opinbera\u00f0ur og augl\u00fdstur fyrir Ritningar sp\u00e1mannanna eftir bo\u00f0i eil\u00edflegs Gu\u00f0s, tr\u00faarinnar hl\u00fd\u00f0ni til uppreisingar me\u00f0al allra hei\u00f0inna \u00fej\u00f3\u00f0a, \u00feeim einusaman Gu\u00f0i sem alleina er vitur s\u00e9 d\u00fdr\u00f0 fyrir Jes\u00fa Krist a\u00f0 eil\u00edfu. Amen.<\/p>\n<p>Til R\u00f3mverja <\/p>\n<p>sendur af Corintio fyrir Pheben sem \u00fej\u00f3nustukvinna var safna\u00f0arins til Cencrea<\/p>\n","protected":false},"excerpt":{"rendered":"<p>XVI. Vora systur Pheben fel eg y\u00f0ur \u00e1 hendi, hver a\u00f0 er \u00fej\u00f3nustukvinna safna\u00f0arins til Cencrea, \u00fea\u00f0 \u00fe\u00e9r me\u00f0taki\u00f0 hana \u00ed Drottni so sem heil\u00f6gum h\u00e6fir og gj\u00f6ri\u00f0 henni hj\u00e1sto\u00f0 \u00ed hverri nau\u00f0\u00feurft sem h\u00fan kann y\u00f0ar vi\u00f0 a\u00f0 \u00feurfa \u00fev\u00ed a\u00f0 h\u00fan hefur m\u00f6rgum hj\u00e1sto\u00f0 veitt og m\u00e9r sj\u00e1lfum. [ Heilsi\u00f0 Priscam og Aquilam, m\u00ednum hj\u00e1lparm\u00f6nnum \u00ed Christo Jes\u00fa, \u00feeir e\u00f0 s\u00edna h\u00e1lsa hafa \u00fatsett fyrir mitt l\u00edf, hverjum ekki alleinasta eg gj\u00f6ri \u00feakkir heldur allir s\u00f6fnu\u00f0ir hei\u00f0innar \u00fej\u00f3\u00f0ar. Og heilsi\u00f0 \u00feeim safna\u00f0i sem \u00ed \u00feeirra h\u00fasi er. Heilsi\u00f0 Epenetum, m\u00ednum elskanlegum s\u00e1 sem a\u00f0 fyrstur er \u00feeirra \u00far <a href=\"https:\/\/biblian.is\/gudbrandsbiblia\/romverjabrefid-16-kafli\/\"> [&#8230;]<\/a><\/p>\n","protected":false},"author":1,"featured_media":0,"parent":0,"menu_order":0,"comment_status":"open","ping_status":"open","template":"bibliukaflar.php","meta":{"footnotes":""},"class_list":["post-3912","page","type-page","status-publish","hentry"],"_links":{"self":[{"href":"https:\/\/biblian.is\/gudbrandsbiblia\/wp-json\/wp\/v2\/pages\/3912","targetHints":{"allow":["GET"]}}],"collection":[{"href":"https:\/\/biblian.is\/gudbrandsbiblia\/wp-json\/wp\/v2\/pages"}],"about":[{"href":"https:\/\/biblian.is\/gudbrandsbiblia\/wp-json\/wp\/v2\/types\/page"}],"author":[{"embeddable":true,"href":"https:\/\/biblian.is\/gudbrandsbiblia\/wp-json\/wp\/v2\/users\/1"}],"replies":[{"embeddable":true,"href":"https:\/\/biblian.is\/gudbrandsbiblia\/wp-json\/wp\/v2\/comments?post=3912"}],"version-history":[{"count":0,"href":"https:\/\/biblian.is\/gudbrandsbiblia\/wp-json\/wp\/v2\/pages\/3912\/revisions"}],"wp:attachment":[{"href":"https:\/\/biblian.is\/gudbrandsbiblia\/wp-json\/wp\/v2\/media?parent=3912"}],"curies":[{"name":"wp","href":"https:\/\/api.w.org\/{rel}","templated":true}]}}