{"id":3911,"date":"2017-12-18T18:35:04","date_gmt":"2017-12-18T18:35:04","guid":{"rendered":"http:\/\/biblian.is\/gudbrandsbiblia\/romverjabrefid-15-kafli\/"},"modified":"2017-12-18T18:35:04","modified_gmt":"2017-12-18T18:35:04","slug":"romverjabrefid-15-kafli","status":"publish","type":"page","link":"https:\/\/biblian.is\/gudbrandsbiblia\/romverjabrefid-15-kafli\/","title":{"rendered":"R\u00f3mverjabr\u00e9fi\u00f0 15. kafli"},"content":{"rendered":"<p>XV.<\/p>\n<p>En v\u00e9r sem styrkvir erum skulum uml\u00ed\u00f0a vanm\u00e1tt \u00feeirra sem <span class=\"athugasemd\" title=\"a \/ (Breysklegir) \/ \u00deessi kap. talar um veikleika holdsins, sem eru \u00feeir a\u00f0 falla \u00ed opinberar syndir e\u00f0ur hafa brest, a\u00f0 menn skuli l\u00ed\u00f0a og umbera \u00fe\u00e1 \u00fear til \u00feeir styrkna, so sem hann \u00ed fyrirfarandi kap. kenndi a\u00f0 breyta vi\u00f0 veikar samviskur\">[<\/span> breysklegir eru og hafa eigi ge\u00f0\u00feekkni \u00e1 sj\u00e1lfum oss. Og hver sem einn vorra heg\u00f0i s\u00e9r so \u00fea\u00f0 hann \u00fe\u00f3knist s\u00ednum n\u00e1unga \u00ed g\u00f3\u00f0u til betrunar. \u00dev\u00ed a\u00f0 Kristur haf\u00f0i ekki ge\u00f0\u00feekkni \u00e1 sj\u00e1lfum s\u00e9r heldur eftir \u00fev\u00ed sem skrifa\u00f0 er: &#8222;\u00deeirra sm\u00e1nir sem \u00feig l\u00fdttu f\u00e9llu yfir mig.&#8220;<\/p>\n<p>\tEn hva\u00f0 sem skrifa\u00f0 er \u00fe\u00e1 er \u00fea\u00f0 skrifa\u00f0 oss til l\u00e6rd\u00f3ms so a\u00f0 v\u00e9r fyrir \u00feolinm\u00e6\u00f0i og huggun Ritninganna hef\u00f0um vonina. En Gu\u00f0 \u00feolinm\u00e6\u00f0innar og hugganarainnar gefi y\u00f0ur \u00fea\u00f0 a\u00f0 \u00fe\u00e9r s\u00e9u\u00f0 samlyndir y\u00f0ar \u00e1 milli eftir Jes\u00fa Christo svo a\u00f0 \u00fe\u00e9r m\u00e6ttu\u00f0 me\u00f0 einu samheldi og einum munni d\u00fdrka Gu\u00f0 og f\u00f6\u00f0ur vors Drottins Jes\u00fa Christi. \u00dear fyrir annist hver annan innbyr\u00f0is l\u00edka sem Kristur anna\u00f0ist y\u00f0ur Gu\u00f0i til hei\u00f0urs.<\/p>\n<p>\tEn eg segi Christum veri\u00f0 hafa \u00fej\u00f3nustumann umskurnarinnar fyrir Gu\u00f0s sannleika sakir til sta\u00f0festu fyrirheitanna sem til fe\u00f0ranna eru ske\u00f0. <span class=\"athugasemd\" title=\"Summa summarum \u00feessa pistils: Gu\u00f0 vill a\u00f0 allir, b\u00e6\u00f0i Gy\u00f0ingar og hei\u00f0ingjar, ver\u00f0i s\u00e1luh\u00f3lpnir\">[<\/span> En \u00fea\u00f0 a\u00f0 hei\u00f0inn l\u00fd\u00f0ur hei\u00f0rar Gu\u00f0 er fyrir miskunnsemdina or\u00f0i\u00f0 eftir \u00fev\u00ed sem skrifa\u00f0 er: <span class=\"athugasemd\" title=\"Psal. 18\">[<\/span> &#8222;Fyrir \u00fea\u00f0 vil eg, Drottinn, vegsama \u00feig me\u00f0al hei\u00f0inna \u00fej\u00f3\u00f0a og \u00fe\u00ednu nafni syngja lof.&#8220; Og \u00ed anna\u00f0 sinn segir hann: <span class=\"athugasemd\" title=\"Deut. 31\">[<\/span> &#8222;Fagni \u00fe\u00e9r hei\u00f0ingjar me\u00f0ur hans f\u00f3lki.&#8220; Og enn aftur: <span class=\"athugasemd\" title=\"Psal. 117\">[<\/span> &#8222;Lofi \u00fe\u00e9r Drottin, allar \u00fej\u00f3\u00f0ir, og mikli hann allur l\u00fd\u00f0ur.&#8220; Og enn aftur segir Esaias: <span class=\"athugasemd\" title=\"Esa. 11\">[<\/span> &#8222;\u00dea\u00f0 mun ske a\u00f0 r\u00f3t Jesse og hann sem upp r\u00eds til a\u00f0 stj\u00f3rna hei\u00f0num \u00fej\u00f3\u00f0um \u00fea\u00f0 \u00e1 hann munu hei\u00f0nir menn vona.&#8220; En Gu\u00f0 vonarinnar fylli y\u00f0ur me\u00f0 \u00f6llum fagna\u00f0i og fri\u00f0i \u00ed tr\u00fanni so a\u00f0 \u00fe\u00e9r hafi\u00f0 gn\u00e6g\u00f0 \u00ed voninni fyrir kraft heilags anda.<\/p>\n<p>\tEn eg em fullv\u00eds \u00ed \u00fev\u00ed, br\u00e6\u00f0ur m\u00ednir, \u00fea\u00f0 \u00fe\u00e9r sj\u00e1lfir eru\u00f0 fullir g\u00f3\u00f0girni, uppfylldir allrar visku so a\u00f0 \u00fe\u00e9r geti\u00f0 lei\u00f0r\u00e9tt hver fyrir \u00f6\u00f0rum. Og fyrir \u00fe\u00e1 s\u00f6k skrifa\u00f0i eg, br\u00e6\u00f0ur m\u00ednir, \u00feess djarlegar til y\u00f0ar so sem y\u00f0ur \u00e1minnandi af \u00e1lfu \u00feeirrar n\u00e1\u00f0ar sem m\u00e9r er af Gu\u00f0i gefin \u00fea\u00f0 eg skuli vera Krists \u00fe\u00e9nari me\u00f0al hei\u00f0inna \u00fej\u00f3\u00f0a f\u00f3rnf\u00e6randi Gu\u00f0s evangelium so a\u00f0 hei\u00f0inn l\u00fd\u00f0ur yr\u00f0i Gu\u00f0i \u00fe\u00e6gilegt offur helga\u00f0 fyrir hans heilagan anda.<\/p>\n<p>\t\u00dea\u00f0an hefi eg \u00fea\u00f0 hvar af eg m\u00e1 hr\u00f3sa m\u00e9r \u00ed Christo Jes\u00fa a\u00f0 eg er Gu\u00f0s \u00fe\u00e9nari. \u00dev\u00ed a\u00f0 eg dirf\u00f0ist eigi nokku\u00f0 a\u00f0 tala af \u00feessu ef Kristur efldi ekki \u00fea\u00f0 sama fyrir mig a\u00f0 koma hei\u00f0inni \u00fej\u00f3\u00f0 til hl\u00fd\u00f0ninnar fyrir or\u00f0 og gj\u00f6r\u00f0ir, fyrir kraft t\u00e1knanna og st\u00f3rmerkjanna og fyrir m\u00e1tt Gu\u00f0s anda, so a\u00f0 eg hefi \u00ed fr\u00e1 Jer\u00fasalem og \u00fear um kring liggjandi l\u00f6nd allt til Illiricum uppfyllt me\u00f0 Krists gu\u00f0sspjalli og s\u00e9rdeilis lagt kapp \u00e1 a\u00f0 pr\u00e9dika Gu\u00f0s evangelium \u00fear hvar nafn Krists var eigi kunnigt, so a\u00f0 eg bygg\u00f0i eigi upp \u00e1 annarlegan grundv\u00f6ll, heldur eftir \u00fev\u00ed sem skrifa\u00f0 er: <span class=\"athugasemd\" title=\"Esa. 52\">[<\/span> &#8222;\u00deeim sem ekkert var af honum bo\u00f0a\u00f0 \u00feeir skulu \u00fea\u00f0 sj\u00e1 og hinir er \u00fea\u00f0 hafa ekki heyrt \u00feeir skulu \u00fea\u00f0 skilja.&#8220;<\/p>\n<p>\t\u00dear er tilefni\u00f0 hvert m\u00e9r hefur oftsinnis talsm\u00e1t til y\u00f0ar a\u00f0 koma. Og fyrst eg hefi n\u00fa eigi r\u00fam meir \u00ed \u00feessum l\u00f6ndum en eg hefi \u00fe\u00f3 haft lysting \u00e1 um m\u00f6rg \u00e1r a\u00f0 koma til y\u00f0ar en \u00fe\u00e1 eg reisi \u00ed Spaniam mun eg koma til y\u00f0ar. \u00dev\u00ed a\u00f0 eg v\u00e6nti a\u00f0 eg muni \u00fear hj\u00e1 y\u00f0ur um fara og sj\u00e1 y\u00f0ur og af y\u00f0ur \u00fat \u00fea\u00f0an \u00e1 veg leiddur ver\u00f0a \u00fe\u00f3 so a\u00f0 eg taki \u00e1\u00f0ur hv\u00edld hj\u00e1 y\u00f0ur um stundarsakir. <\/p>\n<p>\tEn n\u00fa reisi eg til Jer\u00fasalem \u00feeim heil\u00f6gu til \u00fej\u00f3nustu er \u00fear eru. \u00dev\u00ed \u00feeir af Macedonia og Achaia hafa viljanlega samanlagt nokkurn almennilegan peningastyrk \u00feeim volu\u00f0um heil\u00f6gum til bjargar sem eru \u00ed Jer\u00fasalem. \u00dea\u00f0 hafa \u00feeir viljanlega gj\u00f6rt. \u00deeir eru og \u00feeirra skuldamenn. \u00dev\u00ed fyrst hinir hei\u00f0nu eru hluttakarar vornir \u00feeirra andlegra au\u00f0\u00e6fa \u00fe\u00e1 er skaffilegt a\u00f0 \u00feeir s\u00fdndi \u00feeim bj\u00f6rg \u00ed l\u00edkamlegum au\u00f0\u00e6fum. En n\u00e6r eg hefi \u00feetta fullkomna\u00f0 og innsigla\u00f0 \u00feeim \u00feann \u00e1v\u00f6xt mun eg fer\u00f0ast fyrir y\u00f0ur \u00ed Spaniam. En eg veit n\u00e6r eg kem til y\u00f0ar \u00fea\u00f0 eg mun koma me\u00f0 fullri blessan Krists evangelii.<\/p>\n<p>\tEn eg bei\u00f0i y\u00f0ur, br\u00e6\u00f0ur m\u00ednir, fyrir vorn Drottin Jes\u00fam Krist og fyrir andarins k\u00e6rleika a\u00f0 \u00fe\u00e9r hj\u00e1lpi\u00f0 til \u00ed y\u00f0rum b\u00e6num fyrir m\u00e9r til Gu\u00f0s svo a\u00f0 eg frelsist fr\u00e1 \u00feeim vantr\u00fau\u00f0um sem \u00e1 Gy\u00f0ingalandi eru og \u00fea\u00f0 m\u00edn \u00fej\u00f3nusta sem eg gj\u00f6ri til Jer\u00fasalem ver\u00f0i \u00feeim heil\u00f6gum \u00feakkn\u00e6m svo a\u00f0 eg m\u00e6tti fyrir Gu\u00f0s vilja til y\u00f0ar koma \u00ed fagna\u00f0i a\u00f0 eg endurn\u00e6r\u00f0a mig me\u00f0 y\u00f0ur. En Gu\u00f0 fri\u00f0arins s\u00e9 me\u00f0 \u00f6llum y\u00f0ur. Amen.<\/p>\n","protected":false},"excerpt":{"rendered":"<p>XV. En v\u00e9r sem styrkvir erum skulum uml\u00ed\u00f0a vanm\u00e1tt \u00feeirra sem [ breysklegir eru og hafa eigi ge\u00f0\u00feekkni \u00e1 sj\u00e1lfum oss. Og hver sem einn vorra heg\u00f0i s\u00e9r so \u00fea\u00f0 hann \u00fe\u00f3knist s\u00ednum n\u00e1unga \u00ed g\u00f3\u00f0u til betrunar. \u00dev\u00ed a\u00f0 Kristur haf\u00f0i ekki ge\u00f0\u00feekkni \u00e1 sj\u00e1lfum s\u00e9r heldur eftir \u00fev\u00ed sem skrifa\u00f0 er: &#8222;\u00deeirra sm\u00e1nir sem \u00feig l\u00fdttu f\u00e9llu yfir mig.&#8220; En hva\u00f0 sem skrifa\u00f0 er \u00fe\u00e1 er \u00fea\u00f0 skrifa\u00f0 oss til l\u00e6rd\u00f3ms so a\u00f0 v\u00e9r fyrir \u00feolinm\u00e6\u00f0i og huggun Ritninganna hef\u00f0um vonina. En Gu\u00f0 \u00feolinm\u00e6\u00f0innar og hugganarainnar gefi y\u00f0ur \u00fea\u00f0 a\u00f0 \u00fe\u00e9r s\u00e9u\u00f0 samlyndir y\u00f0ar \u00e1 milli eftir Jes\u00fa <a href=\"https:\/\/biblian.is\/gudbrandsbiblia\/romverjabrefid-15-kafli\/\"> [&#8230;]<\/a><\/p>\n","protected":false},"author":1,"featured_media":0,"parent":0,"menu_order":0,"comment_status":"open","ping_status":"open","template":"bibliukaflar.php","meta":{"footnotes":""},"class_list":["post-3911","page","type-page","status-publish","hentry"],"_links":{"self":[{"href":"https:\/\/biblian.is\/gudbrandsbiblia\/wp-json\/wp\/v2\/pages\/3911","targetHints":{"allow":["GET"]}}],"collection":[{"href":"https:\/\/biblian.is\/gudbrandsbiblia\/wp-json\/wp\/v2\/pages"}],"about":[{"href":"https:\/\/biblian.is\/gudbrandsbiblia\/wp-json\/wp\/v2\/types\/page"}],"author":[{"embeddable":true,"href":"https:\/\/biblian.is\/gudbrandsbiblia\/wp-json\/wp\/v2\/users\/1"}],"replies":[{"embeddable":true,"href":"https:\/\/biblian.is\/gudbrandsbiblia\/wp-json\/wp\/v2\/comments?post=3911"}],"version-history":[{"count":0,"href":"https:\/\/biblian.is\/gudbrandsbiblia\/wp-json\/wp\/v2\/pages\/3911\/revisions"}],"wp:attachment":[{"href":"https:\/\/biblian.is\/gudbrandsbiblia\/wp-json\/wp\/v2\/media?parent=3911"}],"curies":[{"name":"wp","href":"https:\/\/api.w.org\/{rel}","templated":true}]}}