{"id":3897,"date":"2017-12-18T18:35:00","date_gmt":"2017-12-18T18:35:00","guid":{"rendered":"http:\/\/biblian.is\/gudbrandsbiblia\/romverjabrefid-1-kafli\/"},"modified":"2017-12-18T18:35:00","modified_gmt":"2017-12-18T18:35:00","slug":"romverjabrefid-1-kafli","status":"publish","type":"page","link":"https:\/\/biblian.is\/gudbrandsbiblia\/romverjabrefid-1-kafli\/","title":{"rendered":"R\u00f3mverjabr\u00e9fi\u00f0 1. kafli"},"content":{"rendered":"<p>S. P\u00e1ls pistill til R\u00f3mverja <\/p>\n<p>I. <\/p>\n<p>P\u00e1ll, \u00fej\u00f3n Jes\u00fa Christi, kalla\u00f0ur til a\u00f0 pr\u00e9dika Gu\u00f0s evangelion, hverju hann haf\u00f0i \u00e1\u00f0ur fyrirheiti\u00f0 fyrir s\u00edna sp\u00e1menn \u00ed Heilagri ritningu af s\u00ednum syni hver a\u00f0 f\u00e6ddur er af dav\u00ed\u00f0s s\u00e6\u00f0i eftir holdguninni en volduglega augl\u00fdstur sonur Gu\u00f0s eftir andanum, s\u00e1 er helgar fyrir upprisuna dau\u00f0ra, sem er Jes\u00fas Christus vor Drottinn, fyrir hvern v\u00e9r h\u00f6fum me\u00f0teki\u00f0 n\u00e1\u00f0 og postullegt emb\u00e6tti \u00e1 me\u00f0al allra hei\u00f0inna \u00fej\u00f3\u00f0a tr\u00faarinnar hl\u00fd\u00f0ni upp a\u00f0 r\u00e9tta undir hans nafni af hverra t\u00f6lu \u00fe\u00e9r eru\u00f0 sem kalla\u00f0ir eru\u00f0 \u00ed Christi Jes\u00fa. <span class=\"athugasemd\" title=\"Undirskrift \/ Christus, Gu\u00f0s og Dav\u00ed\u00f0s son\">[<\/span>  <\/p>\n<p>\t\u00d6llum \u00feeim Gu\u00f0s elskulegum og k\u00f6llu\u00f0um heil\u00f6gum sem eru \u00ed R\u00f3m: <span class=\"athugasemd\" title=\"Yfirskrift\">[<\/span> <\/p>\n<p>\tN\u00e1\u00f0 og fri\u00f0ur af Gu\u00f0i vorum f\u00f6\u00f0ur og Drottni Jes\u00fa Christo \u00fe\u00e1 s\u00e9 me\u00f0 y\u00f0ur. <span class=\"athugasemd\" title=\"Heilsan\">[<\/span> <\/p>\n<p>\tFyrst gj\u00f6ri eg a\u00f0 s\u00f6nnu \u00feakkir m\u00ednum Gu\u00f0i fyrir Jes\u00fam Christum allra y\u00f0ar vegna um \u00fea\u00f0 a\u00f0 y\u00f0ar tr\u00fa berst \u00fat um allan heim. <span class=\"athugasemd\" title=\"\u00deakkargj\u00f6r\u00f0\">[<\/span> \u00dev\u00ed a\u00f0 Gu\u00f0 er minn vottur (hverjum eg \u00fej\u00f3na \u00ed m\u00ednum anda \u00fat \u00ed gu\u00f0sspj\u00f6llum hans sonar) \u00fea\u00f0 \u00ed s\u00edfelli minnunst eg y\u00f0ar og jafnan \u00ed m\u00ednum b\u00e6num bi\u00f0 eg \u00feess \u00fea\u00f0 eg m\u00e6tta einhvernt\u00edma, a\u00f0 Gu\u00f0s vilja, hafa \u00fea\u00f0 lukkusprang a\u00f0 koma til y\u00f0ar. \u00dev\u00ed a\u00f0 mig langar a\u00f0 sj\u00e1 y\u00f0ur so a\u00f0 eg b\u00fdtta y\u00f0ur nokkri andlegri gj\u00f6f y\u00f0ur til styrktar (\u00fea\u00f0 er) a\u00f0 eg m\u00e6tta taka l\u00edka huggan y\u00f0ra \u00e1 milli fyrir y\u00f0ra tr\u00fa og m\u00edna sem v\u00e9r h\u00f6fum vor \u00e1 millum.<\/p>\n<p>\tEn eg vil eigi dylja fyrir y\u00f0ur, br\u00e6\u00f0ur, \u00fea\u00f0 eg einsetta m\u00e9r oft a\u00f0 koma til y\u00f0ar (\u00fe\u00f3 m\u00e9r hafi b\u00e6gt veri\u00f0 til \u00feessa) so a\u00f0 eg hef\u00f0a f\u00e6ra nokkurn \u00e1v\u00f6xt y\u00f0ar \u00e1 milli l\u00edka sem \u00e1 me\u00f0al annarra \u00fej\u00f3\u00f0a. \u00dev\u00ed eg em skuldunautur b\u00e6\u00f0i g\u00edrskra og \u00f3g\u00edrskra, spakra og \u00f3spakra, af \u00fev\u00ed so miki\u00f0 sem eg fornam em eg rei\u00f0ub\u00fainn til y\u00f0ur sem eru\u00f0 \u00ed R\u00f3m a\u00f0 pr\u00e9dika evangelium.<\/p>\n<p>\t\u00dev\u00ed a\u00f0 eg skammast m\u00edn eigi Krists evangelii \u00fev\u00ed \u00fea\u00f0 er kraftur Gu\u00f0s sem hj\u00e1lplega gj\u00f6rir alla \u00fe\u00e1 sem \u00fear \u00e1 tr\u00faa, fyrst Gy\u00f0inga og Grikki. Af \u00fev\u00ed a\u00f0 \u00fear opinberast inni \u00fea\u00f0 r\u00e9ttl\u00e6ti sem fyrir Gu\u00f0i dugir, hvert a\u00f0 kemur \u00fat af tr\u00fanni \u00ed tr\u00fana, so sem skrifa\u00f0 er: S\u00e1 r\u00e9ttl\u00e1ti mun af sinni tr\u00fa lifa.<\/p>\n<p>\t\u00dev\u00ed a\u00f0 Gu\u00f0s rei\u00f0i af himnum opinberast yfir allt rangl\u00e6ti og \u00f3r\u00e9ttv\u00edsi manna \u00feeir e\u00f0 sannleikann afr\u00e6kja \u00ed rangl\u00e6tinu fyrir \u00fev\u00ed \u00fea\u00f0 menn vita a\u00f0 Gu\u00f0 er, \u00fea\u00f0 er \u00feeim opinbert \u00fev\u00ed a\u00f0 Gu\u00f0 hefur \u00feeim opinbera\u00f0 me\u00f0 \u00fev\u00ed a\u00f0 Gu\u00f0s \u00f3s\u00fdnilegir hlutir sj\u00e1st, \u00fea\u00f0 er hans eil\u00edft alm\u00e6tti og gu\u00f0d\u00f3mur, \u00fev\u00ed \u00fea\u00f0 m\u00e1 merkjast af \u00feeim verkum sem hann gj\u00f6rir \u00e1 heiminum hvern hann hefur skapa\u00f0, so a\u00f0 \u00feeir hafa \u00f6ngva afsakan. <span class=\"athugasemd\" title=\"I\u00f0ranarpr\u00e9dikan \/ Opinberan Gu\u00f0s\">[<\/span> Me\u00f0 \u00fev\u00ed \u00feeir vissu \u00fea\u00f0 a\u00f0 Gu\u00f0 er og hafa hann \u00fe\u00f3 ei d\u00fdrka\u00f0 so sem Gu\u00f0 n\u00e9 honum \u00feakkir gj\u00f6rt heldur eru \u00feeir \u00ed s\u00ednum hugrenningum a\u00f0 h\u00e9g\u00f3ma vornir og \u00feeirra f\u00e1v\u00edst hjarta er formyrkva\u00f0. \u00dev\u00ed \u00fe\u00e1 \u00feeir h\u00e9ldu sig v\u00edsa vera eru \u00feeir a\u00f0 \u00feussum vor\u00f0nir og hafa umsn\u00fai\u00f0 d\u00fdr\u00f0 \u00f3forgengilegs Gu\u00f0s \u00ed l\u00edkneskjur forgengilegra manna, fugla og ferf\u00e6ttra d\u00fdra og skri\u00f0kvikinda.<\/p>\n<p>\tAf \u00fev\u00ed hefur Gu\u00f0 yfirgefi\u00f0 \u00fe\u00e1 \u00ed \u00feeirra hjartans girndum og \u00f3hreinmennsku a\u00f0 \u00feeir sk\u00f6mmu\u00f0u so s\u00edna l\u00edkami \u00e1 sj\u00e1lfum s\u00e9r, hverjir Gu\u00f0s sannleika hafa umsn\u00fai\u00f0 \u00ed lygar og hafa meir d\u00fdrka\u00f0 og \u00fej\u00f3na\u00f0 skepnunni en skaparanum, hver lofa\u00f0ur s\u00e9 um allar aldir. <span class=\"athugasemd\" title=\"Hei\u00f0ingjar\">[<\/span> Amen. Fyrir hva\u00f0 er Gu\u00f0 yfirgaf \u00fe\u00e1 \u00ed skammsamlegum girndum. \u00dev\u00ed a\u00f0 konur \u00feeirra hafa sn\u00fai\u00f0 n\u00e1tt\u00farlegri a\u00f0fer\u00f0 \u00ed \u00f3n\u00e1tt\u00farlega. Sl\u00edkt hi\u00f0 sama hafa mennirnir yfirgefi\u00f0 e\u00f0lilega a\u00f0fer\u00f0 til konunnar og logu\u00f0u \u00ed s\u00ednum girndum hver til annars og hefur so ma\u00f0ur me\u00f0 manni sk\u00f6mm frami\u00f0 og me\u00f0teki\u00f0 so ver\u00f0kaup s\u00edns villud\u00f3ms (eftir \u00fev\u00ed sem ver\u00f0ugt er) \u00e1 sj\u00e1lfum s\u00e9r.<\/p>\n<p>\tOg l\u00edka sem \u00feeir hafa \u00feess ei g\u00e6tt \u00fea\u00f0 \u00feeir skyldu af Gu\u00f0 kynning hafa so hefur Gu\u00f0 yfirgefi\u00f0 \u00fe\u00e1 \u00ed fr\u00e1leitt sinni a\u00f0 gj\u00f6ra \u00fea\u00f0 hva\u00f0 eigi var h\u00e6gilegt, fullir upp alls rangl\u00e6tis, frillulifna\u00f0ar, fl\u00e1tskapar, \u00e1girndar, fjandskapar, fullir haturs, manndr\u00e1pa, \u00fer\u00e6tu, svika, \u00f3heilinda, kvissamir, bakm\u00e1lgir, Gu\u00f0s forsm\u00e1narar, h\u00e1\u00f0gjarnir, drambsamir, sj\u00e1lfh\u00e6lnir, prettv\u00edsir, foreldrum \u00f3hl\u00fd\u00f0ugir, skilningslausir, \u00f3haldinor\u00f0ir, \u00e1stlausir, har\u00f0sv\u00edra\u00f0ir, \u00f3miskunnsamir, hverjir Gu\u00f0s r\u00e9ttl\u00e6ti \u00fea vita (a\u00f0 \u00feeir s\u00e9u dau\u00f0a ver\u00f0ugir sem \u00fev\u00edl\u00edkt gj\u00f6ra) n\u00fa gj\u00f6ra \u00feeir \u00fea\u00f0 ei a\u00f0eins heldur eru \u00feeir einning \u00feeim samsinnandi sem \u00fea\u00f0 gj\u00f6ra.<\/p>\n","protected":false},"excerpt":{"rendered":"<p>S. P\u00e1ls pistill til R\u00f3mverja I. P\u00e1ll, \u00fej\u00f3n Jes\u00fa Christi, kalla\u00f0ur til a\u00f0 pr\u00e9dika Gu\u00f0s evangelion, hverju hann haf\u00f0i \u00e1\u00f0ur fyrirheiti\u00f0 fyrir s\u00edna sp\u00e1menn \u00ed Heilagri ritningu af s\u00ednum syni hver a\u00f0 f\u00e6ddur er af dav\u00ed\u00f0s s\u00e6\u00f0i eftir holdguninni en volduglega augl\u00fdstur sonur Gu\u00f0s eftir andanum, s\u00e1 er helgar fyrir upprisuna dau\u00f0ra, sem er Jes\u00fas Christus vor Drottinn, fyrir hvern v\u00e9r h\u00f6fum me\u00f0teki\u00f0 n\u00e1\u00f0 og postullegt emb\u00e6tti \u00e1 me\u00f0al allra hei\u00f0inna \u00fej\u00f3\u00f0a tr\u00faarinnar hl\u00fd\u00f0ni upp a\u00f0 r\u00e9tta undir hans nafni af hverra t\u00f6lu \u00fe\u00e9r eru\u00f0 sem kalla\u00f0ir eru\u00f0 \u00ed Christi Jes\u00fa. [ \u00d6llum \u00feeim Gu\u00f0s elskulegum og k\u00f6llu\u00f0um heil\u00f6gum sem <a href=\"https:\/\/biblian.is\/gudbrandsbiblia\/romverjabrefid-1-kafli\/\"> [&#8230;]<\/a><\/p>\n","protected":false},"author":1,"featured_media":0,"parent":0,"menu_order":0,"comment_status":"open","ping_status":"open","template":"bibliukaflar.php","meta":{"footnotes":""},"class_list":["post-3897","page","type-page","status-publish","hentry"],"_links":{"self":[{"href":"https:\/\/biblian.is\/gudbrandsbiblia\/wp-json\/wp\/v2\/pages\/3897","targetHints":{"allow":["GET"]}}],"collection":[{"href":"https:\/\/biblian.is\/gudbrandsbiblia\/wp-json\/wp\/v2\/pages"}],"about":[{"href":"https:\/\/biblian.is\/gudbrandsbiblia\/wp-json\/wp\/v2\/types\/page"}],"author":[{"embeddable":true,"href":"https:\/\/biblian.is\/gudbrandsbiblia\/wp-json\/wp\/v2\/users\/1"}],"replies":[{"embeddable":true,"href":"https:\/\/biblian.is\/gudbrandsbiblia\/wp-json\/wp\/v2\/comments?post=3897"}],"version-history":[{"count":0,"href":"https:\/\/biblian.is\/gudbrandsbiblia\/wp-json\/wp\/v2\/pages\/3897\/revisions"}],"wp:attachment":[{"href":"https:\/\/biblian.is\/gudbrandsbiblia\/wp-json\/wp\/v2\/media?parent=3897"}],"curies":[{"name":"wp","href":"https:\/\/api.w.org\/{rel}","templated":true}]}}