{"id":3871,"date":"2017-12-18T18:34:57","date_gmt":"2017-12-18T18:34:57","guid":{"rendered":"http:\/\/biblian.is\/gudbrandsbiblia\/postulasagan-3-kafli\/"},"modified":"2017-12-18T18:34:57","modified_gmt":"2017-12-18T18:34:57","slug":"postulasagan-3-kafli","status":"publish","type":"page","link":"https:\/\/biblian.is\/gudbrandsbiblia\/postulasagan-3-kafli\/","title":{"rendered":"Postulasagan 3. kafli"},"content":{"rendered":"<p>III.<\/p>\n<p>En \u00feeir P\u00e9tur og J\u00f3hannes gengu til samans upp til musterisins um n\u00edundu stund sem vanalegt var a\u00f0 bi\u00f0jast fyrir. <span class=\"athugasemd\" title=\"1 \/ Postulanna l\u00e6rd\u00f3mur sta\u00f0festur fyrir jar\u00f0teiknir og d\u00e1semdarverk: Einn ma\u00f0ur haltur fr\u00e1 m\u00f3\u00f0url\u00edfi ver\u00f0ur heill.\">[<\/span> Og \u00fear var \u00feess konar ma\u00f0ur sem haltur haf\u00f0i veri\u00f0 fr\u00e1 sinnar m\u00f3\u00f0ur kvi\u00f0i. S\u00e1 l\u00e9t bera sig og \u00feeir settu hann daglega fyrir musterisins dyr, \u00fe\u00e6r e\u00f0 k\u00f6llu\u00f0ust Inar f\u00f6gru, so a\u00f0 hann b\u00e6\u00f0i \u00f6lmusu af \u00feeim er inn \u00ed musteri\u00f0 gengu. \u00de\u00e1 hann s\u00e1 \u00fea\u00f0 P\u00e9tur og J\u00f3hannes vildu inn ganga \u00ed musteri\u00f0 ba\u00f0 hann a\u00f0 honum g\u00e6fist \u00f6lmusa. En P\u00e9tur horf\u00f0i \u00e1 hann me\u00f0 Johanne og sag\u00f0i: &#8222;Horf \u00fe\u00fa \u00e1 okkur.&#8220; En hann horf\u00f0i \u00e1 \u00fe\u00e1, vonandi a\u00f0 hann mundi f\u00e1 nokku\u00f0 af \u00feeim. En P\u00e9tur sag\u00f0i: &#8222;Silfur og gull hefi eg eigi en \u00fea\u00f0 eg hefi \u00fea\u00f0 gef eg \u00fe\u00e9r: \u00cd nafni Jes\u00fa Christi af Na\u00f0saret statt upp og gakk!&#8220; og t\u00f3k \u00ed hans h\u00e6gri h\u00f6nd og reisti hann upp. Og jafnsnart styrktust hans leggir og iljar, spratt upp, gat gengi\u00f0 og sta\u00f0i\u00f0 og gekk inn me\u00f0 \u00feeim \u00ed musteri\u00f0, st\u00f6kk upp og gekk, lofandi Gu\u00f0.<\/p>\n<p>\tOg allt f\u00f3lk s\u00e1 hann ganga og lofa Gu\u00f0. \u00deeir \u00feekktu hann og \u00fea\u00f0 hann v\u00e6ri s\u00e1 sem fyrir \u00f6lmusu haf\u00f0i seti\u00f0 fyrir F\u00f6grudyrum musterisins. Og \u00feeir fylltust af undran og hr\u00e6\u00f0slu yfir \u00fev\u00ed er honum haf\u00f0i gj\u00f6rst. En sem \u00feessi hinn halti heilbrig\u00f0ur var or\u00f0inn h\u00e9lt sig a\u00f0 P\u00e9tri og Johanne hlj\u00f3p allt f\u00f3lki\u00f0 til \u00feeirra \u00ed \u00fea\u00f0 forbyrgi sem heitir Salomonis, undrandi \u00feetta.<\/p>\n<p>\tEn er P\u00e9tur s\u00e1 \u00fea\u00f0 andsvara\u00f0i hann f\u00f3lkinu: &#8222;\u00de\u00e9r \u00cdsraelsmenn, hva\u00f0 undrar y\u00f0ur \u00feetta e\u00f0a hvar fyrir sproksetji \u00fe\u00e9r okkur so sem hef\u00f0u vi\u00f0 gj\u00f6rt \u00feennan ganganda fyrir vorn eigin kraft og ver\u00f0skuldan? Gu\u00f0 Abrahams, Gu\u00f0 \u00cdsaaks, Gu\u00f0 Jakobs, Gu\u00f0 fe\u00f0ra vorra hefur vegsama\u00f0 sinn son Jes\u00fam hvern \u00fe\u00e9r a\u00f0 s\u00f6nnu ofurseldu\u00f0 og neitu\u00f0u\u00f0 fyrir augliti Pilati \u00fe\u00e1 hann d\u00e6mdi \u00fe\u00f3 a\u00f0 hann skyldi laus l\u00e1tast en \u00fe\u00e9r afneitu\u00f0u\u00f0 Hinum heilaga og r\u00e9ttl\u00e1ta og beiddust a\u00f0 s\u00e1 manndr\u00e1pama\u00f0ur skyldi y\u00f0ur gefast. A\u00f0 v\u00edsu l\u00edfsins gjafara afl\u00edfu\u00f0u \u00fe\u00e9r hverfn e\u00f0 Gu\u00f0 uppvakti af dau\u00f0a hvers vottar a\u00f0 v\u00e9r erum. Og fyrir \u00fe\u00e1 tr\u00fa sem \u00e1 hans nafn er hefur hann \u00feennan sem \u00fe\u00e9r sj\u00e1i\u00f0 og \u00feekki\u00f0 styrkt \u00ed s\u00ednu nafni og s\u00fa tr\u00faa sem er fyrir hann hefur \u00feessum gefi\u00f0 heilbrig\u00f0i \u00ed allra y\u00f0ar augs\u00fdn.<\/p>\n<p>\tN\u00fa veit eg, g\u00f3\u00f0ir br\u00e6\u00f0ur, a\u00f0 \u00fe\u00e9r hafi\u00f0 gj\u00f6rt \u00fea\u00f0 af \u00f3visku so sem a\u00f0 y\u00f0rir h\u00f6f\u00f0ingjar. <span class=\"athugasemd\" title=\"2 \/ \u00c1minning til i\u00f0ranar\">[<\/span> En s\u00e1 Gu\u00f0 sem fyrir munn allra sinna sp\u00e1manna hefur \u00e1\u00f0ur kunngj\u00f6ra l\u00e1ti\u00f0 hvernin Kristur \u00e1tti a\u00f0 l\u00ed\u00f0a, hann fullkomna\u00f0i \u00fea\u00f0 so. Fyrir \u00fev\u00ed gj\u00f6ri\u00f0 yfirb\u00f3t og sn\u00faist so a\u00f0 afm\u00e1ist syndir y\u00f0rar so an endurl\u00edfgunart\u00edmi komi af herrans augs\u00fdn n\u00e6r hann sendir \u00feann sem y\u00f0ur ver\u00f0ur n\u00fa fyrirfram bo\u00f0a\u00f0ur, Jes\u00fam Christum, hverjum a\u00f0 s\u00f6nnu byrjar himinninn til s\u00edn a\u00f0 taka allt til \u00feeirra stunda \u00fe\u00e1 allir hlutir skulu endurskikka\u00f0ir ver\u00f0a, hverja hluti Gu\u00f0 hefur \u00e1\u00f0ur tala\u00f0 fyrir munn sinna heilagra sp\u00e1manna \u00ed fr\u00e1 veraldar upphafi.<\/p>\n<p>\t\u00dev\u00ed a\u00f0 Moyses hefir sagt til fe\u00f0ranna: Sp\u00e1mann mun Gu\u00f0 Drottinn y\u00f0ar uppvekja y\u00f0ur \u00fat af br\u00e6\u00f0rum y\u00f0ar m\u00e9r l\u00edkan. <span class=\"athugasemd\" title=\"Deut. 17 \/ 3 \/ \u00c1minning a\u00f0 l\u00e1ta Mosen fara en heyra Christo\">[<\/span> Hann skulu \u00fe\u00e9r heyra og \u00f6llu \u00fev\u00ed er hann mun segja til y\u00f0ar. Og \u00fea\u00f0 mun ske a\u00f0 hver s\u00fa \u00f6nd sem eigi heyrir \u00feeim sama sp\u00e1manni skal \u00fatsk\u00fafu\u00f0 ver\u00f0a fr\u00e1 f\u00f3lkinu. Og allir sp\u00e1menn \u00ed fr\u00e1 Sam\u00fael og \u00fear eftir sem tala\u00f0 hafa \u00feeir hafa af \u00feessum d\u00f6gum kunngj\u00f6rt.<\/p>\n<p>\t\u00de\u00e9r eru\u00f0 sp\u00e1mannanna og s\u00e1ttm\u00e1lans b\u00f6rn hvern e\u00f0 Gu\u00f0 gj\u00f6r\u00f0i vi\u00f0 fe\u00f0ur y\u00f0ra \u00fe\u00e1 er hann sag\u00f0i so til Abrahams: <span class=\"athugasemd\" title=\"Gene. 12. 22\">[<\/span> \u00cd \u00fe\u00ednu s\u00e6\u00f0i skulu blessast allar \u00fej\u00f3\u00f0ir jar\u00f0ar. Y\u00f0ur \u00fe\u00e1 hefur Gu\u00f0 uppvaktan sinn son Jes\u00fam og hefir hann til y\u00f0ar sent y\u00f0ur a\u00f0 blessa svo a\u00f0 hver y\u00f0ar einn snerist \u00ed fr\u00e1 sinni illsku.&#8220;<\/p>\n","protected":false},"excerpt":{"rendered":"<p>III. En \u00feeir P\u00e9tur og J\u00f3hannes gengu til samans upp til musterisins um n\u00edundu stund sem vanalegt var a\u00f0 bi\u00f0jast fyrir. [ Og \u00fear var \u00feess konar ma\u00f0ur sem haltur haf\u00f0i veri\u00f0 fr\u00e1 sinnar m\u00f3\u00f0ur kvi\u00f0i. S\u00e1 l\u00e9t bera sig og \u00feeir settu hann daglega fyrir musterisins dyr, \u00fe\u00e6r e\u00f0 k\u00f6llu\u00f0ust Inar f\u00f6gru, so a\u00f0 hann b\u00e6\u00f0i \u00f6lmusu af \u00feeim er inn \u00ed musteri\u00f0 gengu. \u00de\u00e1 hann s\u00e1 \u00fea\u00f0 P\u00e9tur og J\u00f3hannes vildu inn ganga \u00ed musteri\u00f0 ba\u00f0 hann a\u00f0 honum g\u00e6fist \u00f6lmusa. En P\u00e9tur horf\u00f0i \u00e1 hann me\u00f0 Johanne og sag\u00f0i: &#8222;Horf \u00fe\u00fa \u00e1 okkur.&#8220; En hann horf\u00f0i \u00e1 <a href=\"https:\/\/biblian.is\/gudbrandsbiblia\/postulasagan-3-kafli\/\"> [&#8230;]<\/a><\/p>\n","protected":false},"author":1,"featured_media":0,"parent":0,"menu_order":0,"comment_status":"open","ping_status":"open","template":"bibliukaflar.php","meta":{"footnotes":""},"class_list":["post-3871","page","type-page","status-publish","hentry"],"_links":{"self":[{"href":"https:\/\/biblian.is\/gudbrandsbiblia\/wp-json\/wp\/v2\/pages\/3871","targetHints":{"allow":["GET"]}}],"collection":[{"href":"https:\/\/biblian.is\/gudbrandsbiblia\/wp-json\/wp\/v2\/pages"}],"about":[{"href":"https:\/\/biblian.is\/gudbrandsbiblia\/wp-json\/wp\/v2\/types\/page"}],"author":[{"embeddable":true,"href":"https:\/\/biblian.is\/gudbrandsbiblia\/wp-json\/wp\/v2\/users\/1"}],"replies":[{"embeddable":true,"href":"https:\/\/biblian.is\/gudbrandsbiblia\/wp-json\/wp\/v2\/comments?post=3871"}],"version-history":[{"count":0,"href":"https:\/\/biblian.is\/gudbrandsbiblia\/wp-json\/wp\/v2\/pages\/3871\/revisions"}],"wp:attachment":[{"href":"https:\/\/biblian.is\/gudbrandsbiblia\/wp-json\/wp\/v2\/media?parent=3871"}],"curies":[{"name":"wp","href":"https:\/\/api.w.org\/{rel}","templated":true}]}}