{"id":3864,"date":"2017-12-18T18:34:57","date_gmt":"2017-12-18T18:34:57","guid":{"rendered":"http:\/\/biblian.is\/gudbrandsbiblia\/johannesargudspjall-17-kafli\/"},"modified":"2017-12-18T18:34:57","modified_gmt":"2017-12-18T18:34:57","slug":"johannesargudspjall-17-kafli","status":"publish","type":"page","link":"https:\/\/biblian.is\/gudbrandsbiblia\/johannesargudspjall-17-kafli\/","title":{"rendered":"J\u00f3hannesargu\u00f0spjall 17. kafli"},"content":{"rendered":"<p>XVII.<\/p>\n<p>En \u00feetta tala\u00f0i Jes\u00fas og h\u00f3f upp s\u00edn augu til himins og sag\u00f0i: <span class=\"athugasemd\" title=\"1 \/ B\u00e6n Christi fyrir s\u00e9r og \u00f6llum s\u00f6fnu\u00f0inum\">[<\/span> &#8222;Fa\u00f0ir, stundin er komin a\u00f0 \u00fe\u00fa augl\u00fdsir son \u00feinn so a\u00f0 \u00feinn sonur augl\u00fdsi og \u00feig. So sem \u00fe\u00fa gafst honum yfirvald alls holds a\u00f0 hann gefi \u00feeim \u00f6llum er \u00fe\u00fa gafst honum eil\u00edft l\u00edf. En \u00fea\u00f0 er eil\u00edft l\u00edf a\u00f0 \u00feeir j\u00e1ti \u00feig einan og sannan Gu\u00f0 vera og \u00feann \u00fe\u00fa \u00fatsendir, Jes\u00fam Krist. <span class=\"athugasemd\" title=\"2 \/ Hva\u00f0 eil\u00edft l\u00edf er\">[<\/span> Eg augl\u00fdsti \u00feig \u00e1 j\u00f6r\u00f0u og fullkomna\u00f0i \u00fea\u00f0 verk er \u00fe\u00fa f\u00e9kkt m\u00e9r a\u00f0 gj\u00f6ra. Og n\u00fa augl\u00fds mig, fa\u00f0ir, hj\u00e1 sj\u00e1lfum \u00fe\u00e9r me\u00f0ur \u00feeirri d\u00fdr\u00f0 er eg haf\u00f0a hj\u00e1 \u00fe\u00e9r \u00e1\u00f0ur en heimurinn var. <span class=\"athugasemd\" title=\"3 \/ Vitnisbur\u00f0ur um gu\u00f0d\u00f3minn Christi\">[<\/span> Eg hefi opinbera\u00f0 nafn \u00feitt hj\u00e1 m\u00f6nnum \u00feeim er \u00fe\u00fa gafst m\u00e9r af heiminum. \u00deeir voru \u00fe\u00ednir og \u00fe\u00fa gafst m\u00e9r \u00fe\u00e1 og \u00feeir geymdu \u00fe\u00edn or\u00f0. N\u00fa vita \u00feeir a\u00f0 allt hva\u00f0 \u00fe\u00fa gafst m\u00e9r s\u00e9 af \u00fe\u00e9r \u00fev\u00ed \u00feau or\u00f0 er \u00fe\u00fa gafst m\u00e9r \u00fe\u00e1 gaf eg \u00feeim og \u00feeir hafa \u00feau me\u00f0teki\u00f0 og sannlega vi\u00f0urkennt \u00fea\u00f0 eg em af \u00fe\u00e9r \u00fatgenginn og tr\u00faa \u00fev\u00ed a\u00f0 \u00fe\u00fa sendir mig.<\/p>\n<p>\tEg bi\u00f0 fyrir \u00feeim. Eigi bi\u00f0 eg fyrir heiminum heldur fyrir \u00feeim hverja \u00fe\u00fa gafst m\u00e9r \u00fev\u00ed \u00feeir eru \u00fe\u00ednir. Allt hva\u00f0 mitt er \u00fea\u00f0 er \u00feitt og hva\u00f0 \u00feitt er \u00fea\u00f0 er mitt. Og \u00ed \u00feeim er eg augl\u00fdstur. Og eigi egm eg n\u00fa meir \u00ed heiminum en \u00feeir eru \u00ed heiminum og eg kem til \u00fe\u00edn. Heilagur fa\u00f0ir, geym \u00fe\u00e1 \u00ed \u00fe\u00ednu nafni hverja \u00fe\u00fa gafst m\u00e9r a\u00f0 \u00feeir s\u00e9 eitt so sem vi\u00f0. \u00c1 me\u00f0an eg var hj\u00e1 \u00feeim \u00ed heiminum \u00fe\u00e1 geymdi eg \u00fe\u00e1 \u00ed \u00fe\u00ednu nafni og hverja \u00fe\u00fa gafst m\u00e9r \u00fe\u00e1 var\u00f0veitti eg og enginn af \u00feeim er glata\u00f0ur nema s\u00e1 einn glatanarson svo a\u00f0 Ritningin uppfylldist.<\/p>\n<p>\tEn eg kem n\u00fa til \u00fe\u00edn. Og \u00feetta tala eg \u00ed heiminum so a\u00f0 \u00feeir hafi minn fullan f\u00f6gnu\u00f0 me\u00f0 sj\u00e1lfum s\u00e9r. Eg gaf \u00feeim \u00fe\u00edn or\u00f0 og heimurinn hatar \u00fe\u00e1 \u00fev\u00ed a\u00f0 \u00feeir eru eigi af heiminum, l\u00edka sem \u00fea\u00f0 a\u00f0 eg er ei af heiminum. Eg bi\u00f0 eigi a\u00f0 \u00fe\u00fa takir \u00fe\u00e1 af heiminum heldur a\u00f0 \u00fe\u00fa geymir \u00fe\u00e1 fr\u00e1 illu. \u00deeir eru eigi af heiminum so sem a\u00f0 eg er ei af heiminum. Helga \u00fe\u00fa \u00fe\u00e1 \u00ed \u00fe\u00ednum sannleik. \u00de\u00edn or\u00f0 eru sannleikur. L\u00edka sem \u00fe\u00fa sendir mig \u00ed heiminnn svo sendi eg \u00fe\u00e1 \u00ed heiminn. Fyrir \u00fe\u00e1 helga eg sj\u00e1lfan mig svo a\u00f0 \u00feeir s\u00e9u og helga\u00f0ir \u00ed sannleikanum.<\/p>\n<p>\tEg bi\u00f0 eigi einasta fyrir \u00feeim heldur og jafnvel fyrir \u00feeim sem tr\u00faa munu \u00e1 mig fyrir \u00feeirra or\u00f0 so a\u00f0 \u00feeir s\u00e9 allir eitt so sem \u00fe\u00fa, fa\u00f0ir, ert me\u00f0 m\u00e9r og eg me\u00f0ur \u00fe\u00e9r, a\u00f0 \u00feeir s\u00e9u og eitt me\u00f0 okkur so a\u00f0 heimurinn tr\u00fai \u00fea\u00f0 \u00fe\u00fa sendir mig. Og \u00fe\u00e1 d\u00fdr\u00f0 sem \u00fe\u00fa gafst m\u00e9r \u00fe\u00e1 gef eg \u00feeim a\u00f0 \u00feeir s\u00e9 og eitt so sem a\u00f0 v\u00e9r erum eitt, eg me\u00f0 \u00feeim og \u00fe\u00fa me\u00f0 m\u00e9r, so a\u00f0 \u00feeir s\u00e9u fullkomnir \u00ed eitt og \u00fea\u00f0 a\u00f0 heimurinn kenni a\u00f0 \u00fe\u00fa sendir mig og \u00fea\u00f0 \u00fe\u00fa elska\u00f0ir \u00fe\u00e1 svo sem \u00fe\u00fa elska\u00f0ir mig.<\/p>\n<p>\tFa\u00f0ir, hverja er \u00fe\u00fa gafst m\u00e9r vil eg a\u00f0 hvar sem eg er \u00fe\u00e1 s\u00e9 \u00feeir me\u00f0ur m\u00e9r so \u00feeir sj\u00e1i m\u00edna d\u00fdr\u00f0 \u00fe\u00e1 \u00fe\u00fa gafst m\u00e9r. \u00dev\u00ed a\u00f0 \u00fe\u00fa elska\u00f0ir mig fyrr en heimurinn var skapa\u00f0ur. R\u00e9ttv\u00edsi fa\u00f0ir, heimurinn kennir \u00feig eigi en eg kenni \u00feig og \u00feessir kenna \u00fea\u00f0 \u00fe\u00fa sendir mig og \u00feitt nafn gj\u00f6r\u00f0a eg \u00feeim kunnigt og eg vil gj\u00f6ra \u00feeim \u00fea\u00f0 kunnigt so a\u00f0 s\u00fa \u00e1stsemd me\u00f0 hverri \u00fe\u00fa elska\u00f0ir mig s\u00e9 \u00ed \u00feeim og eg me\u00f0ur \u00feeim.&#8220;<\/p>\n","protected":false},"excerpt":{"rendered":"<p>XVII. En \u00feetta tala\u00f0i Jes\u00fas og h\u00f3f upp s\u00edn augu til himins og sag\u00f0i: [ &#8222;Fa\u00f0ir, stundin er komin a\u00f0 \u00fe\u00fa augl\u00fdsir son \u00feinn so a\u00f0 \u00feinn sonur augl\u00fdsi og \u00feig. So sem \u00fe\u00fa gafst honum yfirvald alls holds a\u00f0 hann gefi \u00feeim \u00f6llum er \u00fe\u00fa gafst honum eil\u00edft l\u00edf. En \u00fea\u00f0 er eil\u00edft l\u00edf a\u00f0 \u00feeir j\u00e1ti \u00feig einan og sannan Gu\u00f0 vera og \u00feann \u00fe\u00fa \u00fatsendir, Jes\u00fam Krist. [ Eg augl\u00fdsti \u00feig \u00e1 j\u00f6r\u00f0u og fullkomna\u00f0i \u00fea\u00f0 verk er \u00fe\u00fa f\u00e9kkt m\u00e9r a\u00f0 gj\u00f6ra. Og n\u00fa augl\u00fds mig, fa\u00f0ir, hj\u00e1 sj\u00e1lfum \u00fe\u00e9r me\u00f0ur \u00feeirri d\u00fdr\u00f0 er eg haf\u00f0a <a href=\"https:\/\/biblian.is\/gudbrandsbiblia\/johannesargudspjall-17-kafli\/\"> [&#8230;]<\/a><\/p>\n","protected":false},"author":1,"featured_media":0,"parent":0,"menu_order":0,"comment_status":"open","ping_status":"open","template":"bibliukaflar.php","meta":{"footnotes":""},"class_list":["post-3864","page","type-page","status-publish","hentry"],"_links":{"self":[{"href":"https:\/\/biblian.is\/gudbrandsbiblia\/wp-json\/wp\/v2\/pages\/3864","targetHints":{"allow":["GET"]}}],"collection":[{"href":"https:\/\/biblian.is\/gudbrandsbiblia\/wp-json\/wp\/v2\/pages"}],"about":[{"href":"https:\/\/biblian.is\/gudbrandsbiblia\/wp-json\/wp\/v2\/types\/page"}],"author":[{"embeddable":true,"href":"https:\/\/biblian.is\/gudbrandsbiblia\/wp-json\/wp\/v2\/users\/1"}],"replies":[{"embeddable":true,"href":"https:\/\/biblian.is\/gudbrandsbiblia\/wp-json\/wp\/v2\/comments?post=3864"}],"version-history":[{"count":0,"href":"https:\/\/biblian.is\/gudbrandsbiblia\/wp-json\/wp\/v2\/pages\/3864\/revisions"}],"wp:attachment":[{"href":"https:\/\/biblian.is\/gudbrandsbiblia\/wp-json\/wp\/v2\/media?parent=3864"}],"curies":[{"name":"wp","href":"https:\/\/api.w.org\/{rel}","templated":true}]}}