{"id":3844,"date":"2017-12-18T18:34:53","date_gmt":"2017-12-18T18:34:53","guid":{"rendered":"http:\/\/biblian.is\/gudbrandsbiblia\/lukasargudspjall-21-kafli\/"},"modified":"2017-12-18T18:34:53","modified_gmt":"2017-12-18T18:34:53","slug":"lukasargudspjall-21-kafli","status":"publish","type":"page","link":"https:\/\/biblian.is\/gudbrandsbiblia\/lukasargudspjall-21-kafli\/","title":{"rendered":"L\u00fakasargu\u00f0spjall 21. kafli"},"content":{"rendered":"<p>XXI.<\/p>\n<p>En hann leit upp og s\u00e1 \u00fe\u00e1 hinu r\u00edku hvernin \u00feeir l\u00e9tu sitt offur \u00ed \u00f6lmusustokkinn. <span class=\"athugasemd\" title=\"1 \/ Um sanna Gu\u00f0s d\u00fdrkan\">[<\/span> \u00de\u00e1 s\u00e1 hann og nokkra ekkju f\u00e1t\u00e6ka sem l\u00e9t \u00fear inn tvo h\u00e1lfpeninga. Og hann sag\u00f0i: &#8222;Sannlega segi eg y\u00f0ur \u00fea\u00f0 \u00feessi f\u00e1t\u00e6ka ekkja hefur meira lagt \u00fear inn en hinir allir. \u00dev\u00ed \u00feeir hafa allir af sinni yfirverandi eign innlagt til Gu\u00f0s offurs en \u00feessi hefur af sinni f\u00e1t\u00e6kt alla s\u00edna n\u00e6ring \u00fear innlagt.&#8220;<\/p>\n<p>\tOg er nokkrir g\u00e1tu af musterinu a\u00f0 \u00fea\u00f0 v\u00e6ri f\u00e1ga\u00f0 me\u00f0 g\u00f3\u00f0a steina og h\u00e1fur sag\u00f0i hann: &#8222;S\u00e1 t\u00edmi mun koma \u00e1 hverjum a\u00f0 allt \u00feetta hva\u00f0 \u00fe\u00e9r sj\u00e1i\u00f0 mun enginn steinn yfir \u00f6\u00f0rum l\u00e1tinn a\u00f0 eigi s\u00e9 ni\u00f0urbrotinn.&#8220; En \u00feeir spur\u00f0u hann a\u00f0 og s\u00f6g\u00f0u: &#8222;Meistari, n\u00e6r skal \u00feetta ver\u00f0a og hva\u00f0 er merki til \u00fe\u00e1 \u00feetta mun tiltaka a\u00f0 ske?&#8220;<\/p>\n<p>\tEn hann sag\u00f0i: <span class=\"athugasemd\" title=\"3 \/ Teikn fyrir forey\u00f0slu Jer\u00fasalem og enda veraldar\">[<\/span> &#8222;Sj\u00e1i\u00f0 til a\u00f0 \u00fe\u00e9r ver\u00f0i\u00f0 ei villtir. \u00dev\u00ed a\u00f0 margir munu koma \u00ed m\u00ednu nafni og segja a\u00f0 eg s\u00e9 \u00fea\u00f0 og s\u00e1 t\u00edmi tekur a\u00f0 n\u00e1lgast. Fylgi\u00f0 \u00feeim eigi eftir. En n\u00e6r \u00fe\u00e9r heyri\u00f0 af bard\u00f6gum og miss\u00e1ttum \u00fe\u00e1 hryggvist eigi \u00fev\u00ed a\u00f0 \u00feessu byrjar \u00e1\u00f0ur a\u00f0 ske en endinn er \u00fe\u00f3 eigi \u00fe\u00e1 strax.&#8220; \u00de\u00e1 sag\u00f0i hann til \u00feeirra: &#8222;Ein \u00fej\u00f3\u00f0 mun hefjast upp \u00ed m\u00f3ti annarri og eitt r\u00edki \u00ed gegn \u00f6\u00f0ru og miklir jar\u00f0skj\u00e1lftar munu \u00fear ver\u00f0a \u00ed \u00fdmsum st\u00f6\u00f0um, hungur og dreps\u00f3tt og \u00f3gnanir og st\u00f3rar undranir munu \u00fear ske af himni.<\/p>\n<p>\tEn fyrir allt \u00feetta munu \u00feeir hendur \u00e1 y\u00f0ur leggja og ofs\u00f3kn veita og y\u00f0ur framselja \u00ed s\u00edn \u00feingh\u00fas og myrkvastofur, dragandi y\u00f0ur fyrir konunga og landsh\u00f6f\u00f0ingja fyrir m\u00edns nafns sakir. <span class=\"athugasemd\" title=\"Mat. 10 \/ Marc. 13\">[<\/span> En \u00feetta hendir y\u00f0ur til vitnisbur\u00f0ar. \u00dev\u00ed setji\u00f0 y\u00f0ur \u00ed hj\u00f6rtu \u00fea\u00f0 \u00fe\u00e9r hugsi\u00f0 ei fyrir hvernin \u00fe\u00e9r skulu\u00f0 forsvara y\u00f0ur. \u00dev\u00ed a\u00f0 eg mun gefa y\u00f0ur munn og visku hverjum a\u00f0 eigi skulu geta \u00ed gegn sta\u00f0i\u00f0 n\u00e9 m\u00f3tm\u00e6lt allir y\u00f0rir m\u00f3tst\u00f6\u00f0umenn. <span class=\"athugasemd\" title=\"4 \/ Huggun \u00ed ofs\u00f3knum\">[<\/span> En \u00fe\u00e9r munu\u00f0 og framseldir ver\u00f0a af foreldrum og br\u00e6\u00f0rum, fr\u00e6ndum og vinum og nokkra af y\u00f0ur munu \u00feeir l\u00edfi svipta. Og \u00fe\u00e9r ver\u00f0i\u00f0 hvers manns hatur fyrir m\u00edns nafns sakir. Og ekkert h\u00e1r af y\u00f0ru h\u00f6f\u00f0i skal \u00fe\u00f3 farast. Eignist me\u00f0 y\u00f0vari \u00feolinm\u00e6\u00f0i s\u00e1lir y\u00f0rar.<\/p>\n<p>\tEn n\u00e6r \u00fe\u00e9r sj\u00e1i\u00f0 Jer\u00fasalem umkringda af herflokkum \u00fe\u00e1 skulu \u00fe\u00e9r vita a\u00f0 n\u00e1lgast tekur hennar aley\u00f0ing. So a\u00f0 hverjir \u00fe\u00e1 eru \u00ed Judealandi fl\u00fdi \u00feeir til fjalla og \u00feeir \u00fear eru \u00fe\u00e1 mitt inni fari hann \u00fat \u00fea\u00f0an og hverjir \u00e1 landsbygg\u00f0um eru \u00feeir komi eigi \u00fear inn. <span class=\"athugasemd\" title=\"Mat. 24 \/ Marc. 3\">[<\/span> \u00dev\u00ed a\u00f0 \u00fea\u00f0 eru hefndardagar svo a\u00f0 uppfyllt ver\u00f0i hva\u00f0 skrifa\u00f0 er. En ve \u00f3l\u00e9ttum og brj\u00f3stmylkingum \u00e1 \u00feeim d\u00f6gum \u00fev\u00ed a\u00f0 mikil harmkv\u00e6li munu ver\u00f0a \u00e1 j\u00f6r\u00f0u og rei\u00f0i yfir \u00feetta f\u00f3lk og fyrir sver\u00f0seggjum munu \u00feeir falla og herleiddir ver\u00f0a bland allar \u00fej\u00f3\u00f0ir og Jer\u00fasalem mun undirtro\u00f0ast af hei\u00f0ingjum \u00fear til a\u00f0 uppfyllast t\u00edmar hei\u00f0inna \u00fej\u00f3\u00f0a.<\/p>\n<p>\tOg \u00fear munu ske teikn \u00e1 s\u00f3lu og tungli og stj\u00f6rnum og \u00e1 j\u00f6r\u00f0u kvalning \u00fej\u00f3\u00f0a og \u00f6rvilnan, sj\u00e1r og bylgjur munu hlj\u00f3\u00f0a og menn munu fyrir hr\u00e6\u00f0slu upp\u00feorna og af eftirb\u00ed\u00f0ingu \u00feeirra hluta hverjir e\u00f0 koma skulu yfir allan heiminn. <span class=\"athugasemd\" title=\"5 \/ Teikn fyrir hinn s\u00ed\u00f0asta dag\">[<\/span> \u00dev\u00ed a\u00f0 kraftar himins munu hr\u00e6arast og \u00fe\u00e1 munu \u00feeir sj\u00e1 Mannsins son komanda \u00ed sk\u00fdinu me\u00f0ur tign og miklu veldi. En n\u00e6r \u00feetta tekur a\u00f0 ske \u00fe\u00e1 l\u00edti\u00f0 upp og upphefi\u00f0 y\u00f0ar h\u00f6fu\u00f0 af \u00fev\u00ed a\u00f0 y\u00f0ar endurlausn tekur a\u00f0 n\u00e1lgast.&#8220;<\/p>\n<p>\tOg hann sag\u00f0i \u00feeim \u00feessa eftirl\u00edking: <span class=\"athugasemd\" title=\"6 \/ Huggun og \u00e1minning, hvernin menn skulu v\u00e6nta s\u00ed\u00f0asta dags\">[<\/span> &#8222;Sko\u00f0i\u00f0 f\u00edkjutr\u00e9\u00f0 og \u00f6ll \u00f6nnur tr\u00e9. N\u00e6r \u00feeirra aldin tekur \u00fat a\u00f0 springa \u00fe\u00e1 merki \u00fe\u00e9r \u00e1 \u00feeim \u00fea\u00f0 sumari\u00f0 er \u00ed n\u00e1nd. So og l\u00edka n\u00e6r \u00fe\u00e9r sj\u00e1i\u00f0 \u00feetta ske \u00fe\u00e1 viti\u00f0 \u00fea\u00f0 a\u00f0 Gu\u00f0s r\u00edki er n\u00e1l\u00e6gt. Sannlega segi eg y\u00f0ur \u00fea\u00f0 \u00feessi kynsl\u00f3\u00f0 mun eigi fyrirfarast \u00fear til allt \u00feetta sker. Himinn og j\u00f6r\u00f0 forganga en m\u00edn or\u00f0 forganga eigi. En vari\u00f0 y\u00f0ur a\u00f0 y\u00f0ar hj\u00f6rtu \u00feyngist eigi af of\u00e1ti og ofdrykkju og me\u00f0 sorgum \u00feessarar n\u00e6ringar a\u00f0 eigi komi \u00feessi dagur hastarlega yfir y\u00f0ur. \u00dev\u00ed a\u00f0 l\u00edka sem t\u00e1lsnara mun hann koma yfir alla \u00fe\u00e1 sem \u00e1 j\u00f6r\u00f0u byggja. Kosti\u00f0 \u00fev\u00ed vakandi a\u00f0 vera alla t\u00edma og bi\u00f0ji\u00f0 so a\u00f0 \u00fe\u00e9r m\u00e6ttu\u00f0 ver\u00f0ugir vera a\u00f0 umfl\u00fdja allt \u00feetta hva\u00f0 eftirkomandi er og a\u00f0 standa svo frammi fyrir Mannsins syni.&#8220;<\/p>\n<p>\tOg um daga kenndi hann \u00ed musterinu en um n\u00e6tur gekk hann \u00fat og davldist \u00ed fjallinu Oliveti. Og allt f\u00f3lk t\u00f3k sig snemma upp til hans \u00ed musterinu honum a\u00f0 heyra.<\/p>\n","protected":false},"excerpt":{"rendered":"<p>XXI. En hann leit upp og s\u00e1 \u00fe\u00e1 hinu r\u00edku hvernin \u00feeir l\u00e9tu sitt offur \u00ed \u00f6lmusustokkinn. [ \u00de\u00e1 s\u00e1 hann og nokkra ekkju f\u00e1t\u00e6ka sem l\u00e9t \u00fear inn tvo h\u00e1lfpeninga. Og hann sag\u00f0i: &#8222;Sannlega segi eg y\u00f0ur \u00fea\u00f0 \u00feessi f\u00e1t\u00e6ka ekkja hefur meira lagt \u00fear inn en hinir allir. \u00dev\u00ed \u00feeir hafa allir af sinni yfirverandi eign innlagt til Gu\u00f0s offurs en \u00feessi hefur af sinni f\u00e1t\u00e6kt alla s\u00edna n\u00e6ring \u00fear innlagt.&#8220; Og er nokkrir g\u00e1tu af musterinu a\u00f0 \u00fea\u00f0 v\u00e6ri f\u00e1ga\u00f0 me\u00f0 g\u00f3\u00f0a steina og h\u00e1fur sag\u00f0i hann: &#8222;S\u00e1 t\u00edmi mun koma \u00e1 hverjum a\u00f0 allt \u00feetta hva\u00f0 <a href=\"https:\/\/biblian.is\/gudbrandsbiblia\/lukasargudspjall-21-kafli\/\"> [&#8230;]<\/a><\/p>\n","protected":false},"author":1,"featured_media":0,"parent":0,"menu_order":0,"comment_status":"open","ping_status":"open","template":"bibliukaflar.php","meta":{"footnotes":""},"class_list":["post-3844","page","type-page","status-publish","hentry"],"_links":{"self":[{"href":"https:\/\/biblian.is\/gudbrandsbiblia\/wp-json\/wp\/v2\/pages\/3844","targetHints":{"allow":["GET"]}}],"collection":[{"href":"https:\/\/biblian.is\/gudbrandsbiblia\/wp-json\/wp\/v2\/pages"}],"about":[{"href":"https:\/\/biblian.is\/gudbrandsbiblia\/wp-json\/wp\/v2\/types\/page"}],"author":[{"embeddable":true,"href":"https:\/\/biblian.is\/gudbrandsbiblia\/wp-json\/wp\/v2\/users\/1"}],"replies":[{"embeddable":true,"href":"https:\/\/biblian.is\/gudbrandsbiblia\/wp-json\/wp\/v2\/comments?post=3844"}],"version-history":[{"count":0,"href":"https:\/\/biblian.is\/gudbrandsbiblia\/wp-json\/wp\/v2\/pages\/3844\/revisions"}],"wp:attachment":[{"href":"https:\/\/biblian.is\/gudbrandsbiblia\/wp-json\/wp\/v2\/media?parent=3844"}],"curies":[{"name":"wp","href":"https:\/\/api.w.org\/{rel}","templated":true}]}}