{"id":3793,"date":"2017-12-18T18:34:42","date_gmt":"2017-12-18T18:34:42","guid":{"rendered":"http:\/\/biblian.is\/gudbrandsbiblia\/matteusargudspjall-15-kafli\/"},"modified":"2017-12-18T18:34:42","modified_gmt":"2017-12-18T18:34:42","slug":"matteusargudspjall-15-kafli","status":"publish","type":"page","link":"https:\/\/biblian.is\/gudbrandsbiblia\/matteusargudspjall-15-kafli\/","title":{"rendered":"Matteusargu\u00f0spjall 15. kafli"},"content":{"rendered":"<p>XV.<\/p>\n<p>\u00de\u00e1 gengu til hans skriftl\u00e6r\u00f0ir og Pharisei af Jer\u00fasalem og s\u00f6g\u00f0u: <span class=\"athugasemd\" title=\"I \/ Pr\u00e9dikan \u00ed gegn mannasetningum sem metnir eru fram yfir Gu\u00f0s bo\u00f0or\u00f0\">[<\/span> &#8222;Fyrir \u00fev\u00ed ofurtro\u00f0a \u00fe\u00ednir l\u00e6risveinar \u00f6ldunganna uppsetninga me\u00f0 \u00fev\u00ed \u00feeir \u00fevo eigi s\u00ednar hendur er \u00feeir brau\u00f0 eta?&#8220; Hann svara\u00f0i og sag\u00f0i til \u00feeirra: &#8222;Fyrir \u00fev\u00ed ofurtro\u00f0i \u00fe\u00e9r Gu\u00f0s bo\u00f0or\u00f0 fyrir y\u00f0varn uppsetning? \u00dev\u00ed Gu\u00f0 sag\u00f0i: Hei\u00f0ra skaltu f\u00f6\u00f0ur \u00feinn og m\u00f3\u00f0ur og hver hann b\u00f6lvar f\u00f6\u00f0ur e\u00f0ur m\u00f3\u00f0ur s\u00e1 skal dau\u00f0a deyja. En \u00fe\u00e9r segi\u00f0: Hver hann segir til f\u00f6\u00f0ur e\u00f0ur til m\u00f3\u00f0ur: <span class=\"athugasemd\" title=\"a \/ (Vel s\u00e9) \/ Ef eg offra \u00fear af hefur \u00fe\u00fa meira gagn\">[<\/span> \u00dea\u00f0 er Gu\u00f0i helga\u00f0 hvar me\u00f0 eg skylda \u00fe\u00e9r hj\u00e1lpa, hann gj\u00f6rir r\u00e9tt. Af \u00fev\u00ed sker \u00fea\u00f0 a\u00f0 n\u00e6r enginn hei\u00f0rar meir f\u00f6\u00f0ur sinn n\u00e9 m\u00f3\u00f0ur og hafi\u00f0 so \u00f3n\u00fdtt gj\u00f6rt Gu\u00f0s bo\u00f0or\u00f0 fyrir y\u00f0ar uppsetnings sakir. \u00de\u00e9r hr\u00e6snarar, vel hefir Esaias sp\u00e1\u00f0 af y\u00f0ur er hann segir: \u00deessi l\u00fd\u00f0ur n\u00e1l\u00e6gist mig me\u00f0 s\u00ednum munni og hei\u00f0rar mig me\u00f0 v\u00f6rum s\u00ednum en \u00feeirra hj\u00f6rtu eru langt fr\u00e1 m\u00e9r. A\u00f0 \u00f3n\u00fdtu d\u00fdrka \u00feeir mig \u00e1 me\u00f0an \u00feeir kenna \u00fe\u00e6r kenningar sem ekki eru anna\u00f0 en bo\u00f0or\u00f0 manna.&#8220;<\/p>\n<p>\tOg hann kalla\u00f0i f\u00f3lki\u00f0 til s\u00edn og sag\u00f0i til \u00feeirra: <span class=\"athugasemd\" title=\"2 \/ Hann \u00fatleggur sag\u00f0a pr\u00e9dikun me\u00f0 eftirl\u00edkingum \u00fea\u00f0 ei saurgast hj\u00f6rtun af yfirtro\u00f0slu mannlegra bo\u00f0or\u00f0a heldur Gu\u00f0s bo\u00f0or\u00f0a\">[<\/span> &#8222;Heyri\u00f0 \u00fe\u00e9r og undirstandi\u00f0 \u00fea\u00f0. Hva\u00f0 er inngengur \u00ed munninn \u00fea\u00f0 saurgar eigi manninn heldur hva\u00f0 er fram af munninum gengur \u00fea\u00f0 saurgar manninn.&#8220;<\/p>\n<p>\t\u00de\u00e1 gengu hans l\u00e6risveinar a\u00f0 honum og s\u00f6g\u00f0u: &#8222;Veistu a\u00f0 \u00fe\u00e1 e\u00f0 \u00feeir Pharisei heyr\u00f0u \u00fea\u00f0 or\u00f0 skammfylldust \u00feeir?&#8220; En hann svara\u00f0i og sag\u00f0i: &#8222;\u00d6ll plantan hverja minn himneskur fa\u00f0ir plantar eigi mun uppr\u00e6tast. L\u00e1ti\u00f0 \u00fe\u00e1 fara, \u00feeir eru blindir og blindra lei\u00f0togarar. Ef blindur lei\u00f0ir blindan \u00fe\u00e1 falla \u00feeir b\u00e1\u00f0ir \u00ed gr\u00f6fina.&#8220;<\/p>\n<p>\t\u00de\u00e1 svara\u00f0i P\u00e9tur og sag\u00f0i til hans: &#8222;\u00de\u00fd\u00f0 oss \u00feessa eftirl\u00edking.&#8220; Jes\u00fas sag\u00f0i til \u00feeirra: &#8222;Eru \u00fe\u00e9r enn so skilningslausir? Skynji\u00f0 \u00fe\u00e9r eigi a\u00f0 allt hva\u00f0 \u00ed munninn inngengur \u00fea\u00f0 hverfur \u00ed magann og ver\u00f0ur fyrir e\u00f0lilega r\u00e1s \u00fatsk\u00fafa\u00f0 en hva\u00f0 af munninum framgengur \u00fea\u00f0 kemur \u00fat af hjartanu og \u00fea\u00f0 saurgar manninn. <span class=\"athugasemd\" title=\"3 \/ \u00datleggning eftirl\u00edkingarinnar\">[<\/span> \u00dev\u00ed a\u00f0 \u00fat af hjartanu koma vondar hugsanir, manndr\u00e1p, h\u00f3rd\u00f3mur, frillul\u00edfi, \u00fej\u00f3fna\u00f0ur, lj\u00fagvitnan, lastanir. \u00deetta er \u00fea\u00f0 hva\u00f0 manninn saurgar en me\u00f0 \u00f3\u00fevegnum h\u00f6ndum a\u00f0 eta saurgar ekki manninn.&#8220;<\/p>\n<p>\tJes\u00fas gekk \u00ed burt \u00fea\u00f0an og f\u00f3r \u00ed lands\u00e1lfur Tyri og Sidonis. <span class=\"athugasemd\" title=\"4 \/ Um \u00fe\u00e1 kanversku konuna \/ Mar. 7\">[<\/span> Og sj\u00e1, a\u00f0 kanversk kona gekk \u00fat af \u00feeim s\u00f6mum takm\u00f6rkum, kalla\u00f0i og sag\u00f0i: &#8222;\u00d3 herra, sonur Dav\u00ed\u00f0s, miskunna \u00fe\u00fa m\u00e9r! M\u00edn d\u00f3ttir kvelst illa af dj\u00f6flinum.&#8220; Og hann svara\u00f0i henni eigi or\u00f0i. Hans l\u00e6risveinar gengu til hans, b\u00e1\u00f0u hann og s\u00f6g\u00f0u: &#8222;L\u00e1t hana fara af \u00fev\u00ed h\u00fan kallar eftir oss.&#8220; En hann svara\u00f0i og sag\u00f0i: &#8222;Eg em eigi sendur nema til fortapa\u00f0ra sau\u00f0a af h\u00fasi \u00cdsraels.&#8220; En h\u00fan kom og f\u00e9ll ni\u00f0ur fyri honum og sag\u00f0i: &#8222;Hj\u00e1lpa \u00fe\u00fa m\u00e9r, herra!&#8220; En hann svara\u00f0 henni og sag\u00f0i: &#8222;\u00dea\u00f0 er eigi t\u00e9rlegt a\u00f0 taka brau\u00f0i\u00f0 \u00fea\u00f0 barnanna er og kasta \u00fev\u00ed fyrir hundana.&#8220; En h\u00fan sag\u00f0i: &#8222;Satt er \u00fea\u00f0, herra, en \u00fe\u00f3 eta hundar af molum \u00feeim sem detta af bor\u00f0um drottna \u00feeirra.&#8220; \u00de\u00e1 svara\u00f0i Jes\u00fas og sag\u00f0i til hennar: &#8222;\u00de\u00fa kona, mikil er \u00fe\u00edn tr\u00faa. Ver\u00f0i \u00fe\u00e9r so sem \u00fe\u00fa vilt.&#8220; Og \u00e1 \u00feeirri s\u00f6mu stundu var\u00f0 hennar d\u00f3ttir heilbrig\u00f0.<\/p>\n<p>\tOg er Jes\u00fas gekk \u00fea\u00f0an kom hann a\u00f0 sj\u00f3num \u00ed Galilea, gekk upp \u00e1 fjalli\u00f0 og setti sig \u00fear. <span class=\"athugasemd\" title=\"5 \/ Fj\u00f6ldi sj\u00fakra f\u00e6r heilsub\u00f3t\">[<\/span> Og margt f\u00f3lk dreif til hans, hafandi me\u00f0 s\u00e9r halta, blinda, m\u00e1llausa, vana\u00f0a og marga a\u00f0ra og sn\u00f6ru\u00f0u \u00feeim fram fyrir f\u00e6tur Jes\u00fa. Og hann l\u00e6kna\u00f0i \u00fe\u00e1 so a\u00f0 f\u00f3lki\u00f0 undra\u00f0ist er \u00fea\u00f0 s\u00e1 m\u00e1llausa m\u00e6la og vana\u00f0a heila, halta ganga, blinda sj\u00e1andi og vegs\u00f6mu\u00f0u Gu\u00f0 \u00cdsraels.<\/p>\n<p>\tOg Jes\u00fas kalla\u00f0i s\u00edna l\u00e6risveina til s\u00edn og sag\u00f0i: <span class=\"athugasemd\" title=\"Marc. 8 \/ 6 \/ Fj\u00f6gur \u00fe\u00fasund manna s\u00f6dd me\u00f0 sj\u00f6 brau\u00f0um og f\u00e1m fiskum\">[<\/span> &#8222;Mig aumkar yfir f\u00f3lki\u00f0 \u00fev\u00ed a\u00f0 \u00feeir hafa \u00ferj\u00e1 daga hj\u00e1 m\u00e9r veri\u00f0 og hafa ekki til matar og fastandi vil eg \u00fe\u00e1 ekki fr\u00e1 m\u00e9r fara l\u00e1ta so a\u00f0 eigi ver\u00f0i \u00feeir hungurmor\u00f0a \u00e1 veginum.&#8220; Og l\u00e6risveinarnir s\u00f6g\u00f0u til hans: &#8222;Hva\u00f0an t\u00f6ku v\u00e6r so m\u00f6rg brau\u00f0 h\u00e9r \u00e1 ey\u00f0im\u00f6rku a\u00f0 v\u00e9r se\u00f0jum me\u00f0 jafnmargt f\u00f3lk?&#8220; Jes\u00fas sag\u00f0i til \u00feeirra: &#8222;Hversu m\u00f6rg brau\u00f0 hafi \u00fe\u00e9r?&#8220; \u00deeir s\u00f6g\u00f0u: &#8222;Sj\u00f6 og f\u00e1 fiskakorn.&#8220; Og hann bau\u00f0 f\u00f3lkinu a\u00f0 \u00fea\u00f0 settist ni\u00f0ur \u00e1 j\u00f6r\u00f0ina og t\u00f3k \u00feau sj\u00f6 brau\u00f0in og fiskana. Og er hann haf\u00f0i \u00feakkir gj\u00f6rt braut hann \u00feau og gaf l\u00e6risveinunum og hans l\u00e6risveinar g\u00e1fu \u00feau f\u00f3lkinu. Og \u00feeir \u00e1tu allir og ur\u00f0u saddir og t\u00f3ku upp \u00fea\u00f0 sem yfir var molanna, sj\u00f6 karfir fullar. En \u00feeir sem eti\u00f0 h\u00f6f\u00f0u voru fj\u00f3rar \u00fe\u00fasundir manna, fyrir utan konur og b\u00f6rn. Og er hann haf\u00f0i f\u00f3lki\u00f0 fr\u00e1 s\u00e9r l\u00e1ti\u00f0 st\u00e9 hann \u00e1 skip og kom \u00ed endimerkur Magdalalands.<\/p>\n","protected":false},"excerpt":{"rendered":"<p>XV. \u00de\u00e1 gengu til hans skriftl\u00e6r\u00f0ir og Pharisei af Jer\u00fasalem og s\u00f6g\u00f0u: [ &#8222;Fyrir \u00fev\u00ed ofurtro\u00f0a \u00fe\u00ednir l\u00e6risveinar \u00f6ldunganna uppsetninga me\u00f0 \u00fev\u00ed \u00feeir \u00fevo eigi s\u00ednar hendur er \u00feeir brau\u00f0 eta?&#8220; Hann svara\u00f0i og sag\u00f0i til \u00feeirra: &#8222;Fyrir \u00fev\u00ed ofurtro\u00f0i \u00fe\u00e9r Gu\u00f0s bo\u00f0or\u00f0 fyrir y\u00f0varn uppsetning? \u00dev\u00ed Gu\u00f0 sag\u00f0i: Hei\u00f0ra skaltu f\u00f6\u00f0ur \u00feinn og m\u00f3\u00f0ur og hver hann b\u00f6lvar f\u00f6\u00f0ur e\u00f0ur m\u00f3\u00f0ur s\u00e1 skal dau\u00f0a deyja. En \u00fe\u00e9r segi\u00f0: Hver hann segir til f\u00f6\u00f0ur e\u00f0ur til m\u00f3\u00f0ur: [ \u00dea\u00f0 er Gu\u00f0i helga\u00f0 hvar me\u00f0 eg skylda \u00fe\u00e9r hj\u00e1lpa, hann gj\u00f6rir r\u00e9tt. Af \u00fev\u00ed sker \u00fea\u00f0 a\u00f0 n\u00e6r enginn hei\u00f0rar meir <a href=\"https:\/\/biblian.is\/gudbrandsbiblia\/matteusargudspjall-15-kafli\/\"> [&#8230;]<\/a><\/p>\n","protected":false},"author":1,"featured_media":0,"parent":0,"menu_order":0,"comment_status":"open","ping_status":"open","template":"bibliukaflar.php","meta":{"footnotes":""},"class_list":["post-3793","page","type-page","status-publish","hentry"],"_links":{"self":[{"href":"https:\/\/biblian.is\/gudbrandsbiblia\/wp-json\/wp\/v2\/pages\/3793","targetHints":{"allow":["GET"]}}],"collection":[{"href":"https:\/\/biblian.is\/gudbrandsbiblia\/wp-json\/wp\/v2\/pages"}],"about":[{"href":"https:\/\/biblian.is\/gudbrandsbiblia\/wp-json\/wp\/v2\/types\/page"}],"author":[{"embeddable":true,"href":"https:\/\/biblian.is\/gudbrandsbiblia\/wp-json\/wp\/v2\/users\/1"}],"replies":[{"embeddable":true,"href":"https:\/\/biblian.is\/gudbrandsbiblia\/wp-json\/wp\/v2\/comments?post=3793"}],"version-history":[{"count":0,"href":"https:\/\/biblian.is\/gudbrandsbiblia\/wp-json\/wp\/v2\/pages\/3793\/revisions"}],"wp:attachment":[{"href":"https:\/\/biblian.is\/gudbrandsbiblia\/wp-json\/wp\/v2\/media?parent=3793"}],"curies":[{"name":"wp","href":"https:\/\/api.w.org\/{rel}","templated":true}]}}