{"id":3788,"date":"2017-12-18T18:34:42","date_gmt":"2017-12-18T18:34:42","guid":{"rendered":"http:\/\/biblian.is\/gudbrandsbiblia\/matteusargudspjall-10-kafli\/"},"modified":"2017-12-18T18:34:42","modified_gmt":"2017-12-18T18:34:42","slug":"matteusargudspjall-10-kafli","status":"publish","type":"page","link":"https:\/\/biblian.is\/gudbrandsbiblia\/matteusargudspjall-10-kafli\/","title":{"rendered":"Matteusargu\u00f0spjall 10. kafli"},"content":{"rendered":"<p>X.<\/p>\n<p>Og hann kalla\u00f0i t\u00f3lf s\u00edna l\u00e6risveina til s\u00edn og gaf \u00feeim magt yfir \u00f3hreina anda a\u00f0 \u00feeir r\u00e6ki \u00fe\u00e1 \u00fat og a\u00f0 l\u00e6kna alls kyns s\u00f3ttir og \u00f6ll meinl\u00e6ti.<\/p>\n<p>\tEn \u00feeirra t\u00f3lf postula n\u00f6fn eru \u00feessi: <span class=\"athugasemd\" title=\"T\u00f3lf postula n\u00f6fn \/ Mar. 6 \/ Luc. 9\">[<\/span> Fyrstur er S\u00edmon s\u00e1 er kalla\u00f0ist P\u00e9tur og Andreas br\u00f3\u00f0ir hans, Jakob son Zebedei og J\u00f3hannes hans br\u00f3\u00f0ir, Philippus og Bartholomeus, T\u00f3mas og Matteus tollheimtari og Jakob Alpheison, Lebbeus er a\u00f0 vi\u00f0urnefni h\u00e9t Taddeus, S\u00edmon Cananeus og J\u00fadas \u00cdskar\u00edot s\u00e1 er forr\u00e9\u00f0 hann.<\/p>\n<p>\t\u00deessa t\u00f3lf \u00fatsendi Jes\u00fas, bj\u00f3\u00f0andi \u00feeim og sag\u00f0i: <span class=\"athugasemd\" title=\"2 \/ \u00datsending l\u00e6risveinanna me\u00f0 s\u00e9rlegar bo\u00f0anir\">[<\/span> &#8222;Fari\u00f0 ei \u00e1 g\u00f6tu hei\u00f0innar \u00fej\u00f3\u00f0ar og gangi\u00f0 eigi inn \u00ed borgir samverskra manna heldur gangi\u00f0 til \u00feeirra fortapa\u00f0ra sau\u00f0a af h\u00fasi \u00cdsraels. En fari\u00f0 \u00fat, pr\u00e9diki\u00f0 og segi\u00f0 \u00fea\u00f0 himnar\u00edki er n\u00e1l\u00e6gt. L\u00e6kni\u00f0 sj\u00faka, hreinsi\u00f0 l\u00edkr\u00fe\u00e1, uppveki\u00f0 dau\u00f0a, \u00fatreki\u00f0 dj\u00f6fla. Fyrir ekkert hafi \u00fe\u00e9r \u00fea\u00f0 fengi\u00f0, gefi\u00f0 \u00fea\u00f0 og \u00fat fyrir ekkert. \u00de\u00e9r skulu\u00f0 eigi gull e\u00f0a silfur n\u00e9 peninga hafa \u00ed lindum y\u00f0ar n\u00e9 t\u00f6sku til vegar, engin sk\u00f3kl\u00e6\u00f0i, ei tvo kyrtla, \u00f6ngvan staf. \u00dev\u00ed a\u00f0 ver\u00f0ur er verkma\u00f0urinn sinnar f\u00e6\u00f0u.<\/p>\n<p>\tEn \u00ed hverja borg e\u00f0ur kaupt\u00fan \u00fe\u00e9r inngangi\u00f0 \u00fe\u00e1 spyrji\u00f0 a\u00f0 hver \u00ed henni ver\u00f0ugur s\u00e9 og \u00fear hj\u00e1 \u00feeim sama bl\u00edfi\u00f0 \u00fear til \u00fe\u00e9r fari\u00f0 burtu \u00fea\u00f0an.<\/p>\n<p>\tEn n\u00e6r \u00fe\u00e9r inngangi\u00f0 \u00ed h\u00fasi\u00f0 \u00fe\u00e1 heilsi\u00f0 \u00fev\u00ed og ef \u00fea\u00f0 sama h\u00fas er \u00feess ver\u00f0ugt mun y\u00f0ar fri\u00f0ur koma yfir \u00fea\u00f0 en ef \u00fea\u00f0 er eigi ver\u00f0ugt \u00fe\u00e1 mun y\u00f0ar fri\u00f0ur til y\u00f0ar aftur hverfa. <span class=\"athugasemd\" title=\"Luc. 10\">[<\/span> <\/p>\n<p>\tOg hver hann me\u00f0tekur y\u00f0ur eigi og eigi heyrir y\u00f0vari r\u00e6\u00f0u gangi\u00f0 \u00fat af \u00fev\u00ed h\u00fasi e\u00f0a borg og hristi\u00f0 dufti\u00f0 af y\u00f0rum f\u00f3tum. Sannlega segi eg y\u00f0ur a\u00f0 b\u00e6rilegra mun ver\u00f0a landinu Sodome og Gomorre \u00e1 d\u00f3msdegi heldur en \u00feeirri s\u00f6mu borg.<\/p>\n<p>\tSj\u00e1i\u00f0, eg sendi y\u00f0ur so sem sau\u00f0i \u00e1 millum varga. <span class=\"athugasemd\" title=\"3 \/ Fyrirs\u00f6gn \u00fat af krossinum og ofs\u00f3kninni \/ Luc. 10\">[<\/span> Fyrir \u00fev\u00ed veri\u00f0 forsj\u00e1lir so sem h\u00f6ggormar og einfaldir sem d\u00fafur. En vari\u00f0 y\u00f0ur fyrir \u00feeim m\u00f6nnum \u00fev\u00ed a\u00f0 \u00feeir munu ofurselja y\u00f0ur fyrir s\u00edn r\u00e1\u00f0h\u00fas og \u00ed s\u00ednum samkunduh\u00fasum munu \u00feeir y\u00f0ur str\u00fdkja. Og \u00fe\u00e9r munu\u00f0 leiddir ver\u00f0a fyrir k\u00f3nga og landsh\u00f6f\u00f0ingja fyrir m\u00edns nafns sakir til vitnisbur\u00f0ar yfir \u00fe\u00e1 og yfir hei\u00f0inn l\u00fd\u00f0.<\/p>\n<p>\tEn n\u00e6r e\u00f0 \u00feeir framselja y\u00f0ur veri\u00f0 ei hugsj\u00fakir hvernin e\u00f0ur hva\u00f0 \u00fe\u00e9r skulu\u00f0 tala \u00fev\u00ed a\u00f0 \u00fea\u00f0 mun y\u00f0ur \u00e1 \u00feeirri stundu gefi\u00f0 ver\u00f0a hva\u00f0 \u00fe\u00e9r eigi\u00f0 a\u00f0 tala. <span class=\"athugasemd\" title=\"4 \/ Huggun undir krossinum\">[<\/span> \u00dev\u00ed a\u00f0 \u00fe\u00e9r eru\u00f0 eigi \u00feeir sem tala heldur andi y\u00f0vars f\u00f6\u00f0urs, s\u00e1 er talar fyrir y\u00f0ur.<\/p>\n<p>\tEn einn br\u00f3\u00f0ir mun selja annan \u00ed dau\u00f0a og fa\u00f0ir soninn og ni\u00f0jarnir munu upp r\u00edsa \u00ed m\u00f3ti foreldrunum og \u00feeim fj\u00f6rr\u00e6\u00f0i veita og \u00fe\u00e9r ver\u00f0i\u00f0 a\u00f0 hatri haf\u00f0ir af \u00f6llum m\u00f6nnum fyrir m\u00edns nafns sakir. En hver hann er sta\u00f0fastur allt til enda s\u00e1 mun h\u00f3lpinn ver\u00f0a.<\/p>\n<p>\tEn n\u00e6r e\u00f0 \u00feeir ofs\u00e6kja y\u00f0ur \u00ed einni borg \u00fe\u00e1 fl\u00fdi\u00f0 \u00ed a\u00f0ra. Sannlega segi eg y\u00f0ur a\u00f0 \u00fe\u00e9r munu\u00f0 eigi fullkomna\u00f0 geta borgirnar \u00ed \u00cdsrael \u00fear til a\u00f0 Mannsins sonur hann kemur. Eigi er l\u00e6risveinninn yfir meistaranum og ekki \u00fej\u00f3ninn yfir s\u00ednum herra. N\u00e6gist l\u00e6risveininum a\u00f0 hann s\u00e9 so sem hans meistari og \u00fej\u00f3ninum sem hans herra. Ef \u00feeir hafa h\u00fasf\u00f6\u00f0urinn Beelseb\u00fab kalla\u00f0, hve miklu meir munu \u00feeir \u00fe\u00e1 hans heimamenn kalla? Af \u00fev\u00ed \u00f3ttist \u00fe\u00e1 ekki.<\/p>\n<p>\tEkkert er so huli\u00f0 a\u00f0 eigi ver\u00f0i auglj\u00f3st og eigi so leynt a\u00f0 eigi vitist. Hva\u00f0 eg segi y\u00f0ur \u00ed myrkri \u00fea\u00f0 tali\u00f0 \u00ed lj\u00f3si og hva\u00f0 \u00fe\u00e9r heyri\u00f0 \u00ed hlj\u00f3\u00f0i \u00fea\u00f0 pr\u00e9diki\u00f0 \u00e1 r\u00e6frunum.<\/p>\n<p>\tHr\u00e6\u00f0ist eigi \u00fe\u00e1 sem l\u00edkamann afl\u00edfa og s\u00e1lina geta eigi l\u00edfl\u00e1ti\u00f0 heldur hr\u00e6\u00f0ist \u00feann framar sem s\u00e1lu og l\u00edfi getur tort\u00fdnt til helv\u00edtis. Kaupast eigi tveir tittlingar fyrir pening? \u00de\u00f3 fellur eigi einn af \u00feeim \u00e1 j\u00f6r\u00f0 \u00e1n y\u00f0vars f\u00f6\u00f0urs vild. Svo eru og einnin \u00f6ll y\u00f0ar h\u00f6fu\u00f0h\u00e1r talin. Fyrir \u00fev\u00ed \u00f3ttist eigi, \u00fe\u00e9r eru\u00f0 m\u00f6rgum tittlingum betri.<\/p>\n<p>\tFyrir \u00fev\u00ed hver hann me\u00f0kennir mig fyrir m\u00f6nnum \u00feann mun eg me\u00f0kenna fyrir m\u00ednum f\u00f6\u00f0ur sem \u00e1 himnum er. <span class=\"athugasemd\" title=\"Marc. 6 \/ Luc. 9\">[<\/span> En hver hann afneitar m\u00e9r fyrir m\u00f6nnum \u00feeim mun eg afneita fyrir m\u00ednum f\u00f6\u00f0ur sem \u00e1 himnum er.<\/p>\n<p>\t\u00de\u00e9r skulu\u00f0 eigi meina a\u00f0 eg s\u00e9 kominn fri\u00f0 a\u00f0 senda \u00e1 j\u00f6r\u00f0ina. <span class=\"athugasemd\" title=\"Luc. 12\">[<\/span> Eigi kom eg fri\u00f0 a\u00f0 senda heldur sver\u00f0. \u00dev\u00ed a\u00f0 eg em kominn til a\u00f0 \u00fdfa manninn \u00ed m\u00f3ti f\u00f6\u00f0ur s\u00ednum og d\u00f3tturina \u00ed gegn m\u00f3\u00f0ur sinni og sonarkonuna \u00ed gegn m\u00f3\u00f0ur manns s\u00edns og mannsins \u00f3vinir eru hans eigin hj\u00fa. <\/p>\n<p>\tHver hann elskar f\u00f6\u00f0ur og m\u00f3\u00f0ur meir en mig s\u00e1 er m\u00edn eigi ver\u00f0ugur. Og hver hann elskar son e\u00f0ur d\u00f3ttur yfir mig s\u00e1 er m\u00edn eigi ver\u00f0ugur. Og hver hann tekur eigi sinn kross \u00e1 sig og fylgir m\u00e9r eftir s\u00e1 er m\u00edn eigi ver\u00f0ugur. Hver e\u00f0 finnur sitt l\u00edf s\u00e1 mun t\u00fdna \u00fev\u00ed og hver s\u00ednu l\u00edfi t\u00fdnir minna vegna hann mun \u00fea\u00f0 finna.<\/p>\n<p>\tHver hann me\u00f0tekur y\u00f0ur s\u00e1 me\u00f0tekur mig og hver mig me\u00f0tekur hann me\u00f0tekur \u00feann sem mig sendi. <span class=\"athugasemd\" title=\"Luc. 14 \/ Marc. 9\">[<\/span> Hver hann me\u00f0tekur sp\u00e1mann \u00ed sp\u00e1manns nafni s\u00e1 f\u00e6r sp\u00e1mannslaun. <span class=\"athugasemd\" title=\"5 \/ Fyrirheit \u00feeirra sem or\u00f0sins \u00fe\u00e9n\u00f6rum gj\u00f6ra gott\">[<\/span> Hver hann me\u00f0tekur r\u00e9ttl\u00e1tan \u00ed r\u00e9ttl\u00e1ts nafni s\u00e1 f\u00e6r r\u00e9ttl\u00e1ts laun. Og hver hann gefur einum af \u00feessum vesalingum kaldan vatsdrykk a\u00f0 drekka \u00ed l\u00e6risveins nafni, sannlega segi eg y\u00f0ur a\u00f0 \u00fea\u00f0 mun eigi \u00f3launa\u00f0 vera.&#8220;<\/p>\n","protected":false},"excerpt":{"rendered":"<p>X. Og hann kalla\u00f0i t\u00f3lf s\u00edna l\u00e6risveina til s\u00edn og gaf \u00feeim magt yfir \u00f3hreina anda a\u00f0 \u00feeir r\u00e6ki \u00fe\u00e1 \u00fat og a\u00f0 l\u00e6kna alls kyns s\u00f3ttir og \u00f6ll meinl\u00e6ti. En \u00feeirra t\u00f3lf postula n\u00f6fn eru \u00feessi: [ Fyrstur er S\u00edmon s\u00e1 er kalla\u00f0ist P\u00e9tur og Andreas br\u00f3\u00f0ir hans, Jakob son Zebedei og J\u00f3hannes hans br\u00f3\u00f0ir, Philippus og Bartholomeus, T\u00f3mas og Matteus tollheimtari og Jakob Alpheison, Lebbeus er a\u00f0 vi\u00f0urnefni h\u00e9t Taddeus, S\u00edmon Cananeus og J\u00fadas \u00cdskar\u00edot s\u00e1 er forr\u00e9\u00f0 hann. \u00deessa t\u00f3lf \u00fatsendi Jes\u00fas, bj\u00f3\u00f0andi \u00feeim og sag\u00f0i: [ &#8222;Fari\u00f0 ei \u00e1 g\u00f6tu hei\u00f0innar \u00fej\u00f3\u00f0ar og gangi\u00f0 eigi inn <a href=\"https:\/\/biblian.is\/gudbrandsbiblia\/matteusargudspjall-10-kafli\/\"> [&#8230;]<\/a><\/p>\n","protected":false},"author":1,"featured_media":0,"parent":0,"menu_order":0,"comment_status":"open","ping_status":"open","template":"bibliukaflar.php","meta":{"footnotes":""},"class_list":["post-3788","page","type-page","status-publish","hentry"],"_links":{"self":[{"href":"https:\/\/biblian.is\/gudbrandsbiblia\/wp-json\/wp\/v2\/pages\/3788","targetHints":{"allow":["GET"]}}],"collection":[{"href":"https:\/\/biblian.is\/gudbrandsbiblia\/wp-json\/wp\/v2\/pages"}],"about":[{"href":"https:\/\/biblian.is\/gudbrandsbiblia\/wp-json\/wp\/v2\/types\/page"}],"author":[{"embeddable":true,"href":"https:\/\/biblian.is\/gudbrandsbiblia\/wp-json\/wp\/v2\/users\/1"}],"replies":[{"embeddable":true,"href":"https:\/\/biblian.is\/gudbrandsbiblia\/wp-json\/wp\/v2\/comments?post=3788"}],"version-history":[{"count":0,"href":"https:\/\/biblian.is\/gudbrandsbiblia\/wp-json\/wp\/v2\/pages\/3788\/revisions"}],"wp:attachment":[{"href":"https:\/\/biblian.is\/gudbrandsbiblia\/wp-json\/wp\/v2\/media?parent=3788"}],"curies":[{"name":"wp","href":"https:\/\/api.w.org\/{rel}","templated":true}]}}