{"id":3786,"date":"2017-12-18T18:34:42","date_gmt":"2017-12-18T18:34:42","guid":{"rendered":"http:\/\/biblian.is\/gudbrandsbiblia\/matteusargudspjall-8-kafli\/"},"modified":"2017-12-18T18:34:42","modified_gmt":"2017-12-18T18:34:42","slug":"matteusargudspjall-8-kafli","status":"publish","type":"page","link":"https:\/\/biblian.is\/gudbrandsbiblia\/matteusargudspjall-8-kafli\/","title":{"rendered":"Matteusargu\u00f0spjall 8. kafli"},"content":{"rendered":"<p>VIII.<\/p>\n<p>En er Jes\u00fas gekk ofan af fjallinu fylgdi honum margt f\u00f3lk eftir. <span class=\"athugasemd\" title=\"1 \/ H\u00e9r fylgja jarteiknir Christi hverjar a\u00f0 styrkja Christi l\u00e6rd\u00f3m\">[<\/span> Og sj\u00e1, a\u00f0 l\u00edk\u00fer\u00e1r ma\u00f0ur kom, tilba\u00f0 hann og sag\u00f0i: <span class=\"athugasemd\" title=\"L\u00edk\u00fer\u00e1r hreinsast\">[<\/span> &#8222;Herra, ef \u00fe\u00fa vilt getur \u00fe\u00fa mig hreinsa\u00f0.&#8220; Og Jes\u00fas \u00fatr\u00e9tti h\u00f6ndina, snart hann og sag\u00f0i: &#8222;Eg vil, vertu hreinn.&#8220; Og jafnsnart var\u00f0 hans l\u00edk\u00fer\u00e1 hrein. Og Jes\u00fas sag\u00f0i til hans: &#8222;Sj\u00e1 til a\u00f0 \u00fe\u00fa seg \u00fea\u00f0 eigi neinum heldur far \u00fe\u00fa og s\u00fdn \u00feig kennim\u00f6nnunum og offra \u00fe\u00edna g\u00e1fu \u00fe\u00e1 er M\u00f3ses bau\u00f0, til vitnisbur\u00f0ar yfir \u00feeim.&#8220;<\/p>\n<p>\tEn \u00fe\u00e1 Jes\u00fas gekk inn \u00ed Kapernaum kom til hans hundra\u00f0sh\u00f6f\u00f0ingi nokkur, bi\u00f0jandi hann og sag\u00f0i: <span class=\"athugasemd\" title=\"2 \/ S\u00e1 kveisusj\u00faki l\u00e6knast \/ Luc. vii.\">[<\/span> &#8222;Herra, \u00fej\u00f3n minn liggur kveisusj\u00fakur heima og kvelst \u00feunglega.&#8220; Jes\u00fas sag\u00f0i til hans: &#8222;Eg vil koma og l\u00e6kna hann.&#8220; H\u00f6f\u00f0inginn svara\u00f0i og sag\u00f0i: &#8222;L\u00e1var\u00f0ur, eg em eigi ver\u00f0ugur a\u00f0 \u00fe\u00e1 gangir undir mitt \u00feak heldur seg \u00fe\u00fa eitt or\u00f0 og mun minn \u00fej\u00f3n heilbrig\u00f0ur ver\u00f0a. \u00dev\u00ed eg em ma\u00f0ur yfirvaldinu undirgefinn, hafandi undir m\u00e9r herna\u00f0arsveina. Og n\u00e6r eg segi \u00feessum: Far, \u00fe\u00e1 fer hann, og \u00f6\u00f0rum: Kom \u00fe\u00fa, og hann kemur, og \u00fer\u00e6li m\u00ednum: Gj\u00f6r \u00feetta, og hann gj\u00f6rir \u00fea\u00f0.&#8220;<\/p>\n<p>\tEn \u00fe\u00e1 Jes\u00fas heyr\u00f0i \u00fea\u00f0 undra\u00f0ist hann og sag\u00f0i til \u00feeirra sem honum eftirfylgdu: &#8222;Sannlega segi eg y\u00f0ur a\u00f0 sl\u00edka tr\u00fa hefi eg ei fundi\u00f0 \u00ed \u00cdsrael. En eg segi y\u00f0ur \u00fea\u00f0 margir munu koma af austri og af vestri og sitja me\u00f0 Abraham, \u00cdsaak og Jakob \u00ed himnar\u00edki en r\u00edkisins synir munu ver\u00f0a \u00fatreknir \u00ed y\u00f0stu myrkur \u00fear sem vera mun \u00f3p og tannagn\u00edstran.&#8220; Og Jes\u00fas sag\u00f0i til h\u00f6f\u00f0ingjans: &#8222;Gakk h\u00e9\u00f0an, ver\u00f0i \u00fe\u00e9r eftir \u00fev\u00ed sem \u00fe\u00fa tr\u00fa\u00f0ir.&#8220; Og hans \u00fej\u00f3n var\u00f0 heill \u00e1 \u00feeirri s\u00f6mu stundu.<\/p>\n<p>\tOg \u00fe\u00e1 Jes\u00fas kom \u00ed h\u00fas P\u00e9turs og leit a\u00f0 m\u00f3\u00f0ir konu hans l\u00e1 haldin \u00ed k\u00f6ldu \u00fe\u00e1 t\u00f3k hann um h\u00f6nd hennar og kaldan forl\u00e9t hana. <span class=\"athugasemd\" title=\"3 \/ M\u00e1gkona Petri l\u00e6knast af k\u00f6ldu\">[<\/span> Og h\u00fan st\u00f3\u00f0 upp og \u00fej\u00f3na\u00f0i \u00feeim.<\/p>\n<p>\tEn er kvelda t\u00f3k f\u00e6r\u00f0u \u00feeir marga dj\u00f6ful\u00f3\u00f0a til hans og hann rak andana \u00fat me\u00f0 or\u00f0inu og l\u00e6kna\u00f0i \u00fe\u00e1 alla er krankir voru so a\u00f0 uppfylltist hva\u00f0 sagt er fyrir Esaiam sp\u00e1mann, sem segir: <span class=\"athugasemd\" title=\"4 \/ Dj\u00f6ful\u00f3\u00f0ir frelsast\">[<\/span> &#8222;Hann hefur vor meinl\u00e6ti upp \u00e1 sig teki\u00f0 og vorar s\u00f3ttir hefur hann bori\u00f0.&#8220;<\/p>\n<p>\tEn \u00fe\u00e1 Jes\u00fas leit margt f\u00f3lk kringum sig bau\u00f0 hann s\u00ednum l\u00e6risveinum a\u00f0 \u00feeir f\u00e6ri yfir um hinumegin \u00feess sj\u00f3ar. Og einn skriftl\u00e6r\u00f0ur gekk a\u00f0 og sag\u00f0i til hans: <span class=\"athugasemd\" title=\"Luc. 9\">[<\/span> &#8222;Meistari, eg vil fylgja \u00fe\u00e9r hvert \u00fe\u00fa fer.&#8220; Jes\u00fas sag\u00f0i til hans: &#8222;Refar hafa holur og fuglar loftsins hrei\u00f0ur en Mannsins son hefur eigi hvar hann sitt h\u00f6fu\u00f0 a\u00f0 hneigi.&#8220;<\/p>\n<p>\tEnn annar af hans l\u00e6risveinum sag\u00f0i til hans: &#8222;L\u00e1var\u00f0ur, lofa m\u00e9r fyrst a\u00f0 fara og greftra f\u00f6\u00f0ur minn.&#8220; Jes\u00fas sag\u00f0i til hans: &#8222;Fylg \u00fe\u00fa m\u00e9r eftir og l\u00e1t \u00fe\u00e1 dau\u00f0u greftra s\u00edna hina dau\u00f0u.&#8220;<\/p>\n<p>\tOg er hann st\u00e9 \u00e1 skip fylgdu hans l\u00e6risveinar honum eftir. Og sj\u00e1, a\u00f0 mikill \u00f3kyrrleiki gj\u00f6r\u00f0ist \u00ed sj\u00f3num so a\u00f0 skipi\u00f0 huldist bylgjum en hann svaf. <span class=\"athugasemd\" title=\"5 \/ \u00d3kyrrleikur sj\u00f3arins\">[<\/span> Og hans l\u00e6risveinar gengu a\u00f0 honum og v\u00f6ktu hann upp og s\u00f6g\u00f0u: &#8222;Herra, hj\u00e1lpa \u00fe\u00fa oss, v\u00e6r forg\u00f6ngum!&#8220; \u00de\u00e1 sag\u00f0i hann: &#8222;Hva\u00f0 hr\u00e6\u00f0ist \u00fe\u00e9r, l\u00edtiltr\u00faa\u00f0ir?&#8220; Hann reis \u00fe\u00e1 upp og hasta\u00f0i \u00e1 sj\u00f3inn. \u00de\u00e1 var\u00f0 logn miki\u00f0. En mennirnir undru\u00f0ust og s\u00f6g\u00f0u: &#8222;Hv\u00edl\u00edkur er \u00feessi \u00fev\u00ed a\u00f0 vindur og sj\u00f3r eru honum hl\u00fd\u00f0ugir.&#8220;<\/p>\n<p>\tOg er Jes\u00fas kom yfir um sj\u00f3inn \u00ed bygg\u00f0ir Gergesenimanna hlupu tveir dj\u00f6ful\u00f3\u00f0ir \u00ed m\u00f3ti honum, komandi \u00far lei\u00f0um framli\u00f0inna, \u00feeir e\u00f0 voru mj\u00f6g \u00f3lmir svo a\u00f0 enginn m\u00e1tti um \u00feann veg fara. <span class=\"athugasemd\" title=\"6 \/ Tveir dj\u00f6ful\u00f3\u00f0ir leysast\">[<\/span> Og sj\u00e1, a\u00f0 \u00feeir k\u00f6llu\u00f0u og s\u00f6g\u00f0u: &#8222;Hva\u00f0 h\u00f6fum v\u00e6r me\u00f0 \u00feig, \u00fe\u00fa Jes\u00fas Gu\u00f0s sonur? Komstu hinga\u00f0 a\u00f0 kvelja oss \u00e1\u00f0ur en t\u00edmi er til?&#8220; En \u00fear var langt \u00ed burt fr\u00e1 \u00feeim hj\u00f6r\u00f0 margra sv\u00edna \u00ed g\u00e6slu. Dj\u00f6flarnir b\u00e1\u00f0u hann og s\u00f6g\u00f0u: &#8222;Ef \u00fe\u00fa rekur oss \u00fat h\u00e9\u00f0an \u00fe\u00e1 leyf \u00fe\u00fa oss a\u00f0 fara \u00ed sv\u00ednahj\u00f6r\u00f0ina.&#8220; Og hann sag\u00f0i til \u00feeirra: &#8222;Fari \u00fe\u00e9r.&#8220; En \u00feeir f\u00f3ru \u00fat og hlupu \u00ed sv\u00ednin og sj\u00e1, a\u00f0 \u00f6ll sv\u00ednahj\u00f6r\u00f0in fleyg\u00f0i s\u00e9r me\u00f0 \u00f6s mikilli \u00ed sj\u00f3inn og \u00feau drekktust \u00ed vatninu. En hir\u00f0arnir fl\u00fd\u00f0u og komu \u00ed borgina, kunngj\u00f6r\u00f0u allt \u00feetta og hva\u00f0 \u00feeim dj\u00f6ful\u00f3\u00f0um haf\u00f0i veist. Og sj\u00e1, a\u00f0 allur borgarm\u00fagur gekk \u00fat \u00ed m\u00f3t Jes\u00fa. Og er \u00feeir s\u00e1u hann b\u00e1\u00f0u \u00feeir hann burt fara af \u00feeirra landamerkjum.<\/p>\n","protected":false},"excerpt":{"rendered":"<p>VIII. En er Jes\u00fas gekk ofan af fjallinu fylgdi honum margt f\u00f3lk eftir. [ Og sj\u00e1, a\u00f0 l\u00edk\u00fer\u00e1r ma\u00f0ur kom, tilba\u00f0 hann og sag\u00f0i: [ &#8222;Herra, ef \u00fe\u00fa vilt getur \u00fe\u00fa mig hreinsa\u00f0.&#8220; Og Jes\u00fas \u00fatr\u00e9tti h\u00f6ndina, snart hann og sag\u00f0i: &#8222;Eg vil, vertu hreinn.&#8220; Og jafnsnart var\u00f0 hans l\u00edk\u00fer\u00e1 hrein. Og Jes\u00fas sag\u00f0i til hans: &#8222;Sj\u00e1 til a\u00f0 \u00fe\u00fa seg \u00fea\u00f0 eigi neinum heldur far \u00fe\u00fa og s\u00fdn \u00feig kennim\u00f6nnunum og offra \u00fe\u00edna g\u00e1fu \u00fe\u00e1 er M\u00f3ses bau\u00f0, til vitnisbur\u00f0ar yfir \u00feeim.&#8220; En \u00fe\u00e1 Jes\u00fas gekk inn \u00ed Kapernaum kom til hans hundra\u00f0sh\u00f6f\u00f0ingi nokkur, bi\u00f0jandi hann og sag\u00f0i: [ <a href=\"https:\/\/biblian.is\/gudbrandsbiblia\/matteusargudspjall-8-kafli\/\"> [&#8230;]<\/a><\/p>\n","protected":false},"author":1,"featured_media":0,"parent":0,"menu_order":0,"comment_status":"open","ping_status":"open","template":"bibliukaflar.php","meta":{"footnotes":""},"class_list":["post-3786","page","type-page","status-publish","hentry"],"_links":{"self":[{"href":"https:\/\/biblian.is\/gudbrandsbiblia\/wp-json\/wp\/v2\/pages\/3786","targetHints":{"allow":["GET"]}}],"collection":[{"href":"https:\/\/biblian.is\/gudbrandsbiblia\/wp-json\/wp\/v2\/pages"}],"about":[{"href":"https:\/\/biblian.is\/gudbrandsbiblia\/wp-json\/wp\/v2\/types\/page"}],"author":[{"embeddable":true,"href":"https:\/\/biblian.is\/gudbrandsbiblia\/wp-json\/wp\/v2\/users\/1"}],"replies":[{"embeddable":true,"href":"https:\/\/biblian.is\/gudbrandsbiblia\/wp-json\/wp\/v2\/comments?post=3786"}],"version-history":[{"count":0,"href":"https:\/\/biblian.is\/gudbrandsbiblia\/wp-json\/wp\/v2\/pages\/3786\/revisions"}],"wp:attachment":[{"href":"https:\/\/biblian.is\/gudbrandsbiblia\/wp-json\/wp\/v2\/media?parent=3786"}],"curies":[{"name":"wp","href":"https:\/\/api.w.org\/{rel}","templated":true}]}}