{"id":3729,"date":"2017-12-18T18:34:32","date_gmt":"2017-12-18T18:34:32","guid":{"rendered":"http:\/\/biblian.is\/gudbrandsbiblia\/siraksbok-41-kafli\/"},"modified":"2017-12-18T18:34:32","modified_gmt":"2017-12-18T18:34:32","slug":"siraksbok-41-kafli","status":"publish","type":"page","link":"https:\/\/biblian.is\/gudbrandsbiblia\/siraksbok-41-kafli\/","title":{"rendered":"S\u00edraksb\u00f3k 41. kafli"},"content":{"rendered":"<p>XLI.<\/p>\n<p>Allt \u00fea\u00f0 sem af j\u00f6r\u00f0unni kemur \u00fea\u00f0 hl\u00fdtur aftur \u00ed j\u00f6r\u00f0ina a\u00f0 sn\u00faast l\u00edka sem \u00f6ll v\u00f6tn aftur \u00ed sj\u00f3inn falla. <\/p>\n<p>\tAllar g\u00e1fur og rangfengi\u00f0 f\u00e9 hl\u00fdtur forganga en sannleikurinn varir eil\u00edflega. <\/p>\n<p>\t\u00d3gu\u00f0legra manna au\u00f0\u00e6fi \u00feorna upp sem l\u00e6kir og so sem rei\u00f0ar\u00feruman ey\u00f0ist \u00ed regninu.<\/p>\n<p>\t\u00deeir eru k\u00e1tir so lengi sem \u00feeir taka vi\u00f0 gj\u00f6funum en me\u00f0 s\u00ed\u00f0sta ganga \u00feeir \u00fe\u00f3 til grunns.<\/p>\n<p>\tAfkv\u00e6mi \u00f3gu\u00f0legra mun ekki f\u00e1 nokkra kvistu og r\u00f3t \u00f3r\u00e9ttfer\u00f0ugra manna stendur \u00e1 berum steini. Og \u00fe\u00f3tt \u00feeir allarei\u00f0u v\u00f6kvist og vi\u00f0 vatn st\u00e6\u00f0u ver\u00f0a \u00feeir \u00fe\u00f3 uppr\u00e6ttir \u00e1\u00f0ur en \u00feeir eru fullvaxnir.<\/p>\n<p>\tGu\u00f0legt l\u00edferni er so sem blessa\u00f0ur grasgar\u00f0ur og miskunnsemi bl\u00edfur eil\u00edflega.<\/p>\n<p>\tHver sig me\u00f0 s\u00ednu arfi\u00f0i n\u00e6rir og l\u00e6tur s\u00e9r \u00fear me\u00f0 n\u00e6gja, s\u00e1 hefur f\u00ednan, n\u00e1\u00f0ugan lifna\u00f0. \u00dea\u00f0 kallast a\u00f0 finna f\u00e9sj\u00f3\u00f0 \u00f6llum f\u00e9sj\u00f3\u00f0um fremra.<\/p>\n<p>\tB\u00f6rn a\u00f0 geta og borgir a\u00f0 byggja gj\u00f6rir \u00e6vinlega minning en ein \u00e6rleg kvinna framar en \u00fea\u00f0 hverttveggja.<\/p>\n<p>\tV\u00edn og strengleikur gle\u00f0ur hjarta\u00f0 en viskan er \u00e1stsamlegri en \u00fea\u00f0 hverttveggja.<\/p>\n<p>\tP\u00edpur og h\u00f6rpur hlj\u00f3\u00f0a vel en vinsamleg r\u00e6\u00f0a betur en \u00fea\u00f0 hverttveggja.<\/p>\n<p>\t\u00deitt auga s\u00e9r gjarna \u00fea\u00f0 sem fr\u00edtt og fagurt er en \u00fea\u00f0 gr\u00e6na s\u00e1\u00f0 heldur en \u00fea\u00f0 hverttveggja.<\/p>\n<p>\tEinn vinur vitjar annars \u00ed ney\u00f0 en ma\u00f0ur og kona miklu meir.<\/p>\n<p>\tEinn br\u00f3\u00f0ir hj\u00e1lpar \u00f6\u00f0rum \u00ed ney\u00f0 en miskunn hj\u00e1lpar miklu meir.<\/p>\n<p>\tGull og silfur veita manni uppheldi en h\u00e1lfu meir gott r\u00e1\u00f0. G\u00f3ss og peningar gj\u00f6ra mann djarfan en miklu meir \u00f3tti Drottins. \u00d3tta Drottins er einkis vant og hann \u00fearf \u00f6ngva hj\u00e1lp.<\/p>\n<p>\t\u00d3tti Drottins er einn blessa\u00f0ur grasgar\u00f0ur og \u00fear er ekki neitt so fagurt sem hann er.<\/p>\n<p>\tSon minn, gef \u00feig ekki til <span class=\"athugasemd\" title=\"a \/ \u00deurfamanns) \/ \u00dea\u00f0 eru bor\u00f0diskaflensarar, sn\u00edkjugestir, h\u00fasgangsmenn og letidrengir sem ekki vilja vinna\">[<\/span> \u00feurfamannsst\u00e9ttar. \u00dea\u00f0 er betra a\u00f0 deyja en \u00e1 vonarv\u00f6l a\u00f0 fara.<\/p>\n<p>\tHver hann treystir upp \u00e1 ananrs matbor\u00f0, s\u00e1 hugsar sig ekki me\u00f0 hei\u00f0ri a\u00f0 n\u00e6ra. Hann hl\u00fdtur a\u00f0 <span class=\"athugasemd\" title=\"b Syndga) \/ Hann hl\u00fdtur a\u00f0 hr\u00e6sna, lasta og lofa \u00fea\u00f0 hans herra vill\">[<\/span> syndga sig fyrir annarlegrar f\u00e6\u00f0slu skuld. En einn skynsamur og hygginn ma\u00f0ur varar sig \u00fear vi\u00f0.<\/p>\n<p>\tB\u00f3n smakkast \u00f3blj\u00fagum manni s\u00e6t en me\u00f0 seinasta mun hann f\u00e1 \u00fear af illa k\u00f6r.<\/p>\n<p>\t\u00d3 \u00fe\u00fa dau\u00f0i, hva\u00f0 beiskur \u00fe\u00fa ert \u00feegar nokkur ma\u00f0ur \u00e1 \u00feig minnist, s\u00e1 sem g\u00f3\u00f0a daga og n\u00f3g hefur og fyrir utan \u00e1hyggju lifir og \u00feeim sem vel vegnar um alla hluti og enn er vel mathress! <span class=\"athugasemd\" title=\"Dau\u00f0i\">[<\/span> <\/p>\n<p>\t\u00d3 \u00fe\u00fa dau\u00f0i, hva\u00f0 vel \u00fe\u00fa gj\u00f6rir vi\u00f0 nau\u00f0staddan, \u00feann sem a\u00f0 er veikur og gamall, sem vefst \u00ed allri sorg og ekki hefur neitt betra til a\u00f0 vona n\u00e9 eftir a\u00f0 b\u00ed\u00f0a!<\/p>\n<p>\t\u00d3ttast \u00fe\u00fa eigi dau\u00f0ann. <span class=\"athugasemd\" title=\"Dau\u00f0ann skal mann ei hr\u00e6\u00f0ast\">[<\/span> Hugsa: \u00dea\u00f0 er so af Drottni tilskikka\u00f0 yfir \u00f6llu holdi, b\u00e6\u00f0i \u00feeirra sem fyrir \u00feig hafa veri\u00f0 og eftir \u00feig munu koma. Og hva\u00f0 m\u00e6lir \u00fe\u00fa \u00ed m\u00f3ti Gu\u00f0s vilja? Lifir \u00fe\u00fa t\u00edu, hundra\u00f0 e\u00f0a \u00fe\u00fasund \u00e1r? \u00dev\u00ed a\u00f0 eftir dau\u00f0ann spyrja menn ekki a\u00f0 hversu lengi nokkur hefur lifa\u00f0.<\/p>\n","protected":false},"excerpt":{"rendered":"<p>XLI. Allt \u00fea\u00f0 sem af j\u00f6r\u00f0unni kemur \u00fea\u00f0 hl\u00fdtur aftur \u00ed j\u00f6r\u00f0ina a\u00f0 sn\u00faast l\u00edka sem \u00f6ll v\u00f6tn aftur \u00ed sj\u00f3inn falla. Allar g\u00e1fur og rangfengi\u00f0 f\u00e9 hl\u00fdtur forganga en sannleikurinn varir eil\u00edflega. \u00d3gu\u00f0legra manna au\u00f0\u00e6fi \u00feorna upp sem l\u00e6kir og so sem rei\u00f0ar\u00feruman ey\u00f0ist \u00ed regninu. \u00deeir eru k\u00e1tir so lengi sem \u00feeir taka vi\u00f0 gj\u00f6funum en me\u00f0 s\u00ed\u00f0sta ganga \u00feeir \u00fe\u00f3 til grunns. Afkv\u00e6mi \u00f3gu\u00f0legra mun ekki f\u00e1 nokkra kvistu og r\u00f3t \u00f3r\u00e9ttfer\u00f0ugra manna stendur \u00e1 berum steini. Og \u00fe\u00f3tt \u00feeir allarei\u00f0u v\u00f6kvist og vi\u00f0 vatn st\u00e6\u00f0u ver\u00f0a \u00feeir \u00fe\u00f3 uppr\u00e6ttir \u00e1\u00f0ur en \u00feeir eru fullvaxnir. Gu\u00f0legt l\u00edferni <a href=\"https:\/\/biblian.is\/gudbrandsbiblia\/siraksbok-41-kafli\/\"> [&#8230;]<\/a><\/p>\n","protected":false},"author":1,"featured_media":0,"parent":0,"menu_order":0,"comment_status":"open","ping_status":"open","template":"bibliukaflar.php","meta":{"footnotes":""},"class_list":["post-3729","page","type-page","status-publish","hentry"],"_links":{"self":[{"href":"https:\/\/biblian.is\/gudbrandsbiblia\/wp-json\/wp\/v2\/pages\/3729","targetHints":{"allow":["GET"]}}],"collection":[{"href":"https:\/\/biblian.is\/gudbrandsbiblia\/wp-json\/wp\/v2\/pages"}],"about":[{"href":"https:\/\/biblian.is\/gudbrandsbiblia\/wp-json\/wp\/v2\/types\/page"}],"author":[{"embeddable":true,"href":"https:\/\/biblian.is\/gudbrandsbiblia\/wp-json\/wp\/v2\/users\/1"}],"replies":[{"embeddable":true,"href":"https:\/\/biblian.is\/gudbrandsbiblia\/wp-json\/wp\/v2\/comments?post=3729"}],"version-history":[{"count":0,"href":"https:\/\/biblian.is\/gudbrandsbiblia\/wp-json\/wp\/v2\/pages\/3729\/revisions"}],"wp:attachment":[{"href":"https:\/\/biblian.is\/gudbrandsbiblia\/wp-json\/wp\/v2\/media?parent=3729"}],"curies":[{"name":"wp","href":"https:\/\/api.w.org\/{rel}","templated":true}]}}