{"id":3728,"date":"2017-12-18T18:34:32","date_gmt":"2017-12-18T18:34:32","guid":{"rendered":"http:\/\/biblian.is\/gudbrandsbiblia\/siraksbok-40-kafli\/"},"modified":"2017-12-18T18:34:32","modified_gmt":"2017-12-18T18:34:32","slug":"siraksbok-40-kafli","status":"publish","type":"page","link":"https:\/\/biblian.is\/gudbrandsbiblia\/siraksbok-40-kafli\/","title":{"rendered":"S\u00edraksb\u00f3k 40. kafli"},"content":{"rendered":"<p>XL.<\/p>\n<p>Eg hef enn a\u00f0 segja nokku\u00f0 meira \u00fev\u00ed a\u00f0 eg em l\u00edka sem fullt tungl. <span class=\"athugasemd\" title=\"\u00c1minning til \u00feakkargj\u00f6r\u00f0ar\">[<\/span> Heyri\u00f0 m\u00e9r, \u00fe\u00e9r heil\u00f6gu b\u00f6rn og vaxi\u00f0 so sem r\u00f3sir planta\u00f0ar vi\u00f0 vats\u00e6\u00f0ur og gefi\u00f0 af y\u00f0ur s\u00e6tan ilm so sem reykelsi\u00f0, bl\u00f3mgist \u00fe\u00e9r sem liljur og ilmi\u00f0 vel. Syngi\u00f0 loflega og lofi\u00f0 Drottin \u00ed \u00f6llum s\u00ednum verkum, pr\u00edsi\u00f0 nafn hans d\u00fdr\u00f0lega, \u00feakkir gj\u00f6ri\u00f0 honum og lofi\u00f0 hann me\u00f0 s\u00f6ng og h\u00f6rpusl\u00e6tti, so segjandi \u00ed \u00feakkargj\u00f6r\u00f0inni:<\/p>\n<p>\t\u00d6ll verk Drottins eru harla g\u00f3\u00f0 og hva\u00f0 hann b\u00fd\u00f0ur \u00fea\u00f0 sker \u00ed r\u00e9ttan t\u00edma og menn \u00feurfa ekki a\u00f0 segja: <span class=\"athugasemd\" title=\"\u00deakkargj\u00f6r\u00f0\">[<\/span> &#8222;Hva\u00f0 skal \u00fea\u00f0?&#8220; \u00dev\u00ed a\u00f0 \u00ed sinn t\u00edma koma \u00feau sem \u00f3sku\u00f0 l\u00edka sem \u00fe\u00e1 a\u00f0 fyrir hans bo\u00f0or\u00f0 <span class=\"athugasemd\" title=\"a St\u00f3\u00f0u) \/ Svo sem \u00ed Hafinu rau\u00f0a og J\u00f3rdan. Exo. xiiii.\">[<\/span> st\u00f3\u00f0 vatni\u00f0 so sem m\u00fara\u00f0ir veggir og fyrir hans or\u00f0 st\u00f3\u00f0u v\u00f6tnin r\u00e9tt sem v\u00e6ri \u00feau h\u00f6ndlu\u00f0. \u00dev\u00ed a\u00f0 hva\u00f0 sem hann fyrir sitt bo\u00f0or\u00f0 tilskikkar \u00fea\u00f0 er lj\u00faflegt og menn \u00feurfa um \u00f6ngvan brest a\u00f0 klaga \u00e1 hans hj\u00e1lp.<\/p>\n<p>\tAllra manna verk eru honum kunnig og fyrir hans augum er eigi neitt leynilegt. Hann s\u00e9r alla hluti fr\u00e1 upphafi veraldar allt til enda veraldar og honum er engi hlutur n\u00fdr. Menn \u00feurfa ekki a\u00f0 segja: &#8222;Hva\u00f0 skal \u00fea\u00f0?&#8220; \u00dev\u00ed hann hefur s\u00e9rhva\u00f0 skapa\u00f0 a\u00f0 \u00fea\u00f0 skuli til nokkurs sto\u00f0a.<\/p>\n<p>\t\u00dev\u00ed a\u00f0 hans blessan fl\u00fdtur fram sem anna\u00f0 vatn og d\u00f6ggvar j\u00f6r\u00f0ina og sem anna\u00f0 vatsfl\u00f3\u00f0. H\u00e9r \u00ed m\u00f3ti h\u00e6fir hans rei\u00f0i \u00fe\u00e1 inu hei\u00f0nu so sem \u00fe\u00e1 hann l\u00e6tur votsamt land upp \u00feorna.<\/p>\n<p>\tHans verk eru hj\u00e1 heil\u00f6gum r\u00e9ttileg en hinir \u00f3gu\u00f0r\u00e6knu hneykslast \u00fear af. Allt \u00fea\u00f0 sem skapa\u00f0 er fr\u00e1 upphafi er g\u00f3\u00f0um gott en \u00f3gu\u00f0r\u00e6kum ska\u00f0samlegt. <\/p>\n<p>\tMa\u00f0urinn \u00fearf s\u00e9r til l\u00edfsuppheldis vatn, eld, salt, mj\u00f6l, j\u00e1rn, mj\u00f3lk, hunang, v\u00edn, vi\u00f0smj\u00f6r og kl\u00e6\u00f0na\u00f0. \u00deetta allt kemur g\u00f3\u00f0um til g\u00f3\u00f0a en \u00f3mildum til ska\u00f0a.<\/p>\n<p>\tSo eru og vindar nokkurn part til hefndar skapa\u00f0ir og me\u00f0 s\u00ednum stormum gj\u00f6ra \u00feeir ska\u00f0a. Og \u00feegar koma skal str\u00f6ffunin so \u00e6\u00f0ast \u00feeir og \u00fathella rei\u00f0i \u00feess sem \u00fe\u00e1 skapa\u00f0 hefur. <\/p>\n<p>\tEldur, hagl, hungur og dau\u00f0i, sl\u00edkir hlutir allir eru til hefndar skapa\u00f0ir, villud\u00fdr, scorpiones, h\u00f6ggormar og sver\u00f0i\u00f0 er til hefndar skapa\u00f0 \u00fe\u00e1 inu \u00f3gu\u00f0r\u00e6ku a\u00f0 fordjarfa. Me\u00f0 fagna\u00f0i gj\u00f6ra \u00feeir s\u00edna b\u00edfalning og eru rei\u00f0ub\u00fanir hvar sem hann \u00fearf \u00feeirra vi\u00f0 \u00e1 j\u00f6r\u00f0unni og \u00feegar s\u00e1 t\u00edmi kemur l\u00e1ta \u00feeir ekki af.<\/p>\n<p>\t\u00dea\u00f0 er \u00fea\u00f0 sem eg uppbyrja\u00f0i og \u00feenkta a\u00f0 skrifa, einkum \u00fea\u00f0: \u00d6ll verk Drottins eru g\u00f3\u00f0 og s\u00e9rhvert \u00ed s\u00ednum t\u00edma nytsamlegt so menn \u00feurfa ekki a\u00f0 segja: &#8222;\u00deau eru ekki \u00f6ll g\u00f3\u00f0&#8220; \u00fev\u00ed a\u00f0 s\u00e9rhvert er \u00ed sinn t\u00edma kostulegt. \u00dear fyrir skulu menn lofa nafn Drottins og \u00feakkir gj\u00f6ra af hjarta og munni.<\/p>\n<p>\t\u00dea\u00f0 er einn aumlega h\u00f6rmulegur hlutur um allra manna l\u00edf fr\u00e1 m\u00f3\u00f0urkvi\u00f0i allt til \u00feess \u00feeir eru \u00ed j\u00f6r\u00f0ina grafnir hver a\u00f0 er allra vorra m\u00f3\u00f0ir. <span class=\"athugasemd\" title=\"Eymd og ves\u00f6ld manneskjunnar l\u00edfs\">[<\/span> \u00dea\u00f0 er \u00e6t\u00ed\u00f0 <span class=\"athugasemd\" title=\"b \u00c1hyggja) \/ Fyrir Gu\u00f0i og \u00f3komnu l\u00edfi\">[<\/span> \u00e1hyggja, \u00f3tti, von og me\u00f0 seinasta dau\u00f0inn, jafnvel hj\u00e1 \u00feeim \u00ed st\u00f3rum hei\u00f0ri sitja sem hj\u00e1 \u00feeim minnsta \u00e1 j\u00f6r\u00f0u, jafnvel hj\u00e1 \u00feeim sem silki og k\u00f3r\u00f3nu bera sem hj\u00e1 \u00feeim sem kl\u00e6ddir eru gr\u00e1rri hempu. \u00dear er jafnan <span class=\"athugasemd\" title=\"c Rei\u00f0i) \/ \u00cd m\u00f3ti n\u00e1unganum og me\u00f0al mannanna \u00ed \u00feessu l\u00edfi\">[<\/span> rei\u00f0i, vandl\u00e6ting, m\u00f3tgangur, \u00f3fri\u00f0ur og dau\u00f0ans h\u00e1ski, \u00f6fundsemi og hatur. Og n\u00e6r einn skal hv\u00edlast og sofa \u00ed sinni s\u00e6ng \u00e1 n\u00e1ttar\u00feeli koma honum \u00ed hug margv\u00edslegar hugsanir. Og \u00fe\u00f3 hann alla rei\u00f0u nokkra hv\u00edld hafi svo er \u00fea\u00f0 \u00fe\u00f3 einkisvert \u00fev\u00ed a\u00f0 hann skelfist \u00ed draumi l\u00edka sem s\u00e6i hann \u00f3vini koma. En \u00feegar hann vaknar og s\u00e9r hann er \u00f6ruggur svo fer honum sem \u00feeim er komi\u00f0 hefur \u00far orustu og er ofsagla\u00f0ur a\u00f0 hans \u00f3tti er einkisver\u00f0ur. Sl\u00edkt ske\u00f0ur \u00f6llu holdi, b\u00e6\u00f0i m\u00f6nnum og kvikindum, en \u00f3gu\u00f0r\u00e6kum manni sj\u00f6faldlega framar.<\/p>\n<p>\tMor\u00f0, bl\u00f3\u00f0s\u00fathelling, hatur, sver\u00f0, \u00f3lukka, hungur, fordj\u00f6rfun og pl\u00e1ga, allt \u00feetta er skikka\u00f0 \u00ed gegn \u00f3gu\u00f0r\u00e6kum \u00fev\u00ed a\u00f0 fyrir \u00feeirra skuld hlaut vatsfl\u00f3\u00f0i\u00f0 a\u00f0 koma.<\/p>\n","protected":false},"excerpt":{"rendered":"<p>XL. Eg hef enn a\u00f0 segja nokku\u00f0 meira \u00fev\u00ed a\u00f0 eg em l\u00edka sem fullt tungl. [ Heyri\u00f0 m\u00e9r, \u00fe\u00e9r heil\u00f6gu b\u00f6rn og vaxi\u00f0 so sem r\u00f3sir planta\u00f0ar vi\u00f0 vats\u00e6\u00f0ur og gefi\u00f0 af y\u00f0ur s\u00e6tan ilm so sem reykelsi\u00f0, bl\u00f3mgist \u00fe\u00e9r sem liljur og ilmi\u00f0 vel. Syngi\u00f0 loflega og lofi\u00f0 Drottin \u00ed \u00f6llum s\u00ednum verkum, pr\u00edsi\u00f0 nafn hans d\u00fdr\u00f0lega, \u00feakkir gj\u00f6ri\u00f0 honum og lofi\u00f0 hann me\u00f0 s\u00f6ng og h\u00f6rpusl\u00e6tti, so segjandi \u00ed \u00feakkargj\u00f6r\u00f0inni: \u00d6ll verk Drottins eru harla g\u00f3\u00f0 og hva\u00f0 hann b\u00fd\u00f0ur \u00fea\u00f0 sker \u00ed r\u00e9ttan t\u00edma og menn \u00feurfa ekki a\u00f0 segja: [ &#8222;Hva\u00f0 skal \u00fea\u00f0?&#8220; \u00dev\u00ed a\u00f0 <a href=\"https:\/\/biblian.is\/gudbrandsbiblia\/siraksbok-40-kafli\/\"> [&#8230;]<\/a><\/p>\n","protected":false},"author":1,"featured_media":0,"parent":0,"menu_order":0,"comment_status":"open","ping_status":"open","template":"bibliukaflar.php","meta":{"footnotes":""},"class_list":["post-3728","page","type-page","status-publish","hentry"],"_links":{"self":[{"href":"https:\/\/biblian.is\/gudbrandsbiblia\/wp-json\/wp\/v2\/pages\/3728","targetHints":{"allow":["GET"]}}],"collection":[{"href":"https:\/\/biblian.is\/gudbrandsbiblia\/wp-json\/wp\/v2\/pages"}],"about":[{"href":"https:\/\/biblian.is\/gudbrandsbiblia\/wp-json\/wp\/v2\/types\/page"}],"author":[{"embeddable":true,"href":"https:\/\/biblian.is\/gudbrandsbiblia\/wp-json\/wp\/v2\/users\/1"}],"replies":[{"embeddable":true,"href":"https:\/\/biblian.is\/gudbrandsbiblia\/wp-json\/wp\/v2\/comments?post=3728"}],"version-history":[{"count":0,"href":"https:\/\/biblian.is\/gudbrandsbiblia\/wp-json\/wp\/v2\/pages\/3728\/revisions"}],"wp:attachment":[{"href":"https:\/\/biblian.is\/gudbrandsbiblia\/wp-json\/wp\/v2\/media?parent=3728"}],"curies":[{"name":"wp","href":"https:\/\/api.w.org\/{rel}","templated":true}]}}