{"id":3727,"date":"2017-12-18T18:34:32","date_gmt":"2017-12-18T18:34:32","guid":{"rendered":"http:\/\/biblian.is\/gudbrandsbiblia\/siraksbok-39-kafli\/"},"modified":"2017-12-18T18:34:32","modified_gmt":"2017-12-18T18:34:32","slug":"siraksbok-39-kafli","status":"publish","type":"page","link":"https:\/\/biblian.is\/gudbrandsbiblia\/siraksbok-39-kafli\/","title":{"rendered":"S\u00edraksb\u00f3k 39. kafli"},"content":{"rendered":"<p>XXXIX.<\/p>\n<p>Hver l\u00e6ra skal Ritningina s\u00e1 kann ekkert anna\u00f0 erfi\u00f0i a\u00f0 vakta og s\u00e1 sem skal l\u00e6ra s\u00e1 kann ekkert anna\u00f0 hafa a\u00f0 gj\u00f6ra. <span class=\"athugasemd\" title=\"\u00deeir e\u00f0 Ritningina skulu l\u00e6ra kunna ekki a\u00f0ra i\u00f0ju a\u00f0 hafa\">[<\/span> Hvernin kann s\u00e1 taka vara upp \u00e1 kennsluna er hann hl\u00fdtur a\u00f0 erja og s\u00e1 sem eykina keyrir gjarna me\u00f0 svipunum og me\u00f0 \u00feess h\u00e1ttar verkum umgengur og veit ekki nema af eykunum a\u00f0 segja? Hann hl\u00fdtur a\u00f0 hugsa hvernin hann skal vinna sitt akurverk og hl\u00fdtur s\u00ed\u00f0 og \u00e1rla k\u00fanum f\u00f3\u00f0ur a\u00f0 gefa.<\/p>\n<p>\tSo og einnin snikkarar og tr\u00e9smi\u00f0ir. \u00deeir n\u00f3tt og dag erfi\u00f0a og skera \u00fat l\u00edkneski og eru i\u00f0nir a\u00f0 gj\u00f6ra margh\u00e1ttu\u00f0 erfi\u00f0i. \u00deeir hlj\u00f3ta a\u00f0 hugsa a\u00f0 \u00fea\u00f0 fari r\u00e9tt og \u00e1rla og s\u00ed\u00f0 \u00fear yfir a\u00f0 liggja a\u00f0 \u00feeir fullgj\u00f6ri \u00fea\u00f0.<\/p>\n<p>\tSo og einnin j\u00e1rnsmi\u00f0urinn. Hann hl\u00fdtur a\u00f0 sitja vi\u00f0 sinn ste\u00f0ja og sitt smi\u00f0i a\u00f0 vakta og ver\u00f0ur eldsm\u00f3\u00f0ur og erfi\u00f0ar sig m\u00f3\u00f0an fyrir aflinum. Hamarshlj\u00f3\u00f0i\u00f0 fyllir upp hans hlustir og s\u00e9r \u00fear til hversu hann fullgj\u00f6rir sitt verk og hann hl\u00fdtur a\u00f0 hugsa hversu hann \u00fea\u00f0 gj\u00f6ri til rei\u00f0u og snemma og seint \u00fear vi\u00f0 a\u00f0 vera a\u00f0 hann \u00fev\u00ed vel af sta\u00f0 komi.<\/p>\n<p>\tSo og einn leirpottamakari. Hann hl\u00fdtur a\u00f0 vera vi\u00f0 sitt erfi\u00f0i og hj\u00f3linu me\u00f0 f\u00f3tum s\u00e9r a\u00f0 sn\u00faa og hl\u00fdtur i\u00f0uglega sitt verk a\u00f0 vinna me\u00f0 \u00e1hyggju og hefur sitt dagsverk v\u00edst. Hann hl\u00fdtur me\u00f0 armleggjunum \u00fat af leiri sitt ker a\u00f0 mynda og hl\u00fdtur me\u00f0 m\u00e6\u00f0u sig a\u00f0 beygja \u00e1 s\u00ednum f\u00f3tum. Hann hl\u00fdtur a\u00f0 hugsa hversu hann glerrenni \u00fea\u00f0 f\u00ednlega og \u00e1rla og seint ofninn a\u00f0 hreinsa.<\/p>\n<p>\t\u00deessir allir treysta af s\u00ednum handverkum og s\u00e9rhver kostg\u00e6fir a\u00f0 hann kunni sitt erfi\u00f0i. Menn kunna ei \u00ed borginni \u00feeirra a\u00f0 missa en hvergi kunna menn \u00fe\u00e1 \u00ed burtu a\u00f0 skikka. \u00deeir kunna ei \u00e1 \u00fev\u00ed emb\u00e6tti vara a\u00f0 taka e\u00f0a \u00ed samkundum a\u00f0 stj\u00f3rna. \u00deeir kunna ei \u00feann skilning a\u00f0 hafa \u00f6\u00f0rum skriftina a\u00f0 kenna n\u00e9 heldur d\u00f3m og r\u00e9ttl\u00e6ti a\u00f0 pr\u00e9dika. \u00deeir kunna ekki spakm\u00e6li hygginna manna a\u00f0 lesa heldur hlj\u00f3ta \u00feeir upp \u00e1 s\u00edna t\u00edmanlega n\u00e6ring a\u00f0 \u00feenkja og hugsa ei framar en hva\u00f0 \u00feeir kunna me\u00f0 s\u00ednu erfi\u00f0i a\u00f0 afla.<\/p>\n<p>\tEn hver hann skal sig til leggja a\u00f0 <span class=\"athugasemd\" title=\"a L\u00e6ra) \/ Einn prestur og pr\u00e9dikari skal st\u00fadera og sig i\u00f0ka \u00ed allsh\u00e1ttu\u00f0um b\u00f3kum. \u00de\u00e1 gefur Gu\u00f0 honum skilning. En l\u00f6tum b\u00fakprestum gefur hann ekki.\">[<\/span> l\u00e6ra l\u00f6gm\u00e1l Hins h\u00e6sta s\u00e1 hl\u00fdtur v\u00edsd\u00f3m allra hinna g\u00f6mlu a\u00f0 rannsaka og \u00ed sp\u00e1mannab\u00f3kum a\u00f0 st\u00fadera. <span class=\"athugasemd\" title=\"Presta og pr\u00e9dikara emb\u00e6tti\">[<\/span> Hann hl\u00fdtur og a\u00f0 gaumg\u00e6fa l\u00edfs\u00f6gur nafnfr\u00e6gra manna og \u00fear eftir a\u00f0 hugsa hva\u00f0 \u00fe\u00e6r hafa a\u00f0 \u00fe\u00fd\u00f0a og kenna. Hann hl\u00fdtur a\u00f0 l\u00e6ra andlega m\u00e1lsgreinir og sig \u00ed dj\u00fapsettri r\u00e6\u00f0u a\u00f0 i\u00f0ka. S\u00e1 kann h\u00f6f\u00f0ingjum a\u00f0 \u00fej\u00f3na og hj\u00e1 herrunum a\u00f0 vera. Hann m\u00e1 l\u00e1ta skikka sig \u00ed framandi l\u00f6nd \u00fev\u00ed hann hefur fors\u00f3tt hva\u00f0 hj\u00e1 m\u00f6nnum er duglegt og eigi duglegt og hugsar a\u00f0 hann \u00e1rla upp r\u00edsi a\u00f0 leita Drotins sem hann hefur skapa\u00f0 og bi\u00f0st fyrir \u00ed augliti Hins h\u00e6sta. Hann l\u00fdkur upp fr\u00edlega sinn munn og bi\u00f0ur fyrir misgj\u00f6r\u00f0um alls l\u00fd\u00f0s. Og \u00fe\u00e1 \u00feegar Drottinn er so bl\u00ed\u00f0ka\u00f0ur so gefur hann honum v\u00edsd\u00f3msanda gn\u00f3glegan a\u00f0 hann kann viturlegt r\u00e1\u00f0 og l\u00e6rd\u00f3m volduglega a\u00f0 gefa. \u00dear fyrir gj\u00f6rir hann Drottni \u00feakkir \u00ed sinni b\u00e6n og Drottinn gefur \u00fear n\u00e1\u00f0 til a\u00f0 hans r\u00e1\u00f0 og kenning framgengur. Og hann umhugsar \u00e1\u00f0ur me\u00f0 sj\u00e1lfum s\u00e9r, s\u00ed\u00f0an segir hann sj\u00e1lfur sitt r\u00e1\u00f0 og kenning opinberlega og sannar \u00fea\u00f0 me\u00f0 heilagri skrift. Margur undrast hans visku og h\u00fan mun aldreigi afm\u00e1st. Honum mun aldrei ver\u00f0a gleymt og nafn hans varir um aldur og \u00e6vi. Hva\u00f0 hann hefur kennt \u00fea\u00f0 munu menn framvegis pr\u00e9dika og s\u00f6fnu\u00f0urinn mun hann pr\u00edsa. \u00c1 me\u00f0an hann lifir hefur hann meira nafn en \u00fe\u00fasund a\u00f0rir og eftir hans dau\u00f0a \u00fe\u00e1 er hans nafn uppi.<\/p>\n","protected":false},"excerpt":{"rendered":"<p>XXXIX. Hver l\u00e6ra skal Ritningina s\u00e1 kann ekkert anna\u00f0 erfi\u00f0i a\u00f0 vakta og s\u00e1 sem skal l\u00e6ra s\u00e1 kann ekkert anna\u00f0 hafa a\u00f0 gj\u00f6ra. [ Hvernin kann s\u00e1 taka vara upp \u00e1 kennsluna er hann hl\u00fdtur a\u00f0 erja og s\u00e1 sem eykina keyrir gjarna me\u00f0 svipunum og me\u00f0 \u00feess h\u00e1ttar verkum umgengur og veit ekki nema af eykunum a\u00f0 segja? Hann hl\u00fdtur a\u00f0 hugsa hvernin hann skal vinna sitt akurverk og hl\u00fdtur s\u00ed\u00f0 og \u00e1rla k\u00fanum f\u00f3\u00f0ur a\u00f0 gefa. So og einnin snikkarar og tr\u00e9smi\u00f0ir. \u00deeir n\u00f3tt og dag erfi\u00f0a og skera \u00fat l\u00edkneski og eru i\u00f0nir a\u00f0 gj\u00f6ra margh\u00e1ttu\u00f0 <a href=\"https:\/\/biblian.is\/gudbrandsbiblia\/siraksbok-39-kafli\/\"> [&#8230;]<\/a><\/p>\n","protected":false},"author":1,"featured_media":0,"parent":0,"menu_order":0,"comment_status":"open","ping_status":"open","template":"bibliukaflar.php","meta":{"footnotes":""},"class_list":["post-3727","page","type-page","status-publish","hentry"],"_links":{"self":[{"href":"https:\/\/biblian.is\/gudbrandsbiblia\/wp-json\/wp\/v2\/pages\/3727","targetHints":{"allow":["GET"]}}],"collection":[{"href":"https:\/\/biblian.is\/gudbrandsbiblia\/wp-json\/wp\/v2\/pages"}],"about":[{"href":"https:\/\/biblian.is\/gudbrandsbiblia\/wp-json\/wp\/v2\/types\/page"}],"author":[{"embeddable":true,"href":"https:\/\/biblian.is\/gudbrandsbiblia\/wp-json\/wp\/v2\/users\/1"}],"replies":[{"embeddable":true,"href":"https:\/\/biblian.is\/gudbrandsbiblia\/wp-json\/wp\/v2\/comments?post=3727"}],"version-history":[{"count":0,"href":"https:\/\/biblian.is\/gudbrandsbiblia\/wp-json\/wp\/v2\/pages\/3727\/revisions"}],"wp:attachment":[{"href":"https:\/\/biblian.is\/gudbrandsbiblia\/wp-json\/wp\/v2\/media?parent=3727"}],"curies":[{"name":"wp","href":"https:\/\/api.w.org\/{rel}","templated":true}]}}