{"id":3701,"date":"2017-12-18T18:34:28","date_gmt":"2017-12-18T18:34:28","guid":{"rendered":"http:\/\/biblian.is\/gudbrandsbiblia\/siraksbok-14-kafli\/"},"modified":"2017-12-18T18:34:28","modified_gmt":"2017-12-18T18:34:28","slug":"siraksbok-14-kafli","status":"publish","type":"page","link":"https:\/\/biblian.is\/gudbrandsbiblia\/siraksbok-14-kafli\/","title":{"rendered":"S\u00edraksb\u00f3k 14. kafli"},"content":{"rendered":"<p>XIIII.<\/p>\n<p>S\u00ednkum manni h\u00e6fir illa a\u00f0 hann s\u00e9 r\u00edkur og hva\u00f0 skal m\u00f6rgum hundi g\u00f3ss og peningar? <span class=\"athugasemd\" title=\"Proverb. xxvii.\">[<\/span><\/p>\n<p>\tHver hann samandregur og gj\u00f6rir sj\u00e1lfum s\u00e9r ekkert gott, s\u00e1 dregur saman fyrir a\u00f0ra og a\u00f0rir munu \u00fev\u00ed \u00f3nytsamlega uppey\u00f0a. <span class=\"athugasemd\" title=\"S\u00ednk og \u00e1girni\">[<\/span> <\/p>\n<p>\tHver ekki gj\u00f6rir sj\u00e1lfum s\u00e9r neitt gott, hva\u00f0 skyldi s\u00e1 \u00f6\u00f0rum gott gj\u00f6ra? Hann mun aldrei af s\u00ednu g\u00f3ssi gla\u00f0ur vera. Enginn hlutur er skammarlegri en s\u00e1 a\u00f0 ma\u00f0urinn ann s\u00e9r sj\u00e1lfum einskis til g\u00f3\u00f0s og \u00fea\u00f0 er makleg pl\u00e1ga fyrir hans vonsku. Gj\u00f6ri hann nokku\u00f0 gott so veit hann \u00fear ekki par af og me\u00f0 seinsta styggist hann \u00fear af.<\/p>\n<p>\t\u00dea\u00f0 er illur ma\u00f0ur sem ekki m\u00e1 sj\u00e1 \u00f6\u00f0rum gott gj\u00f6rt heldur fr\u00e1sn\u00fdr s\u00ednu andliti og miskunnaraugum.<\/p>\n<p>\tEinn \u00e1vinningsgjarn ma\u00f0ur l\u00e6tur s\u00e9r aldrei n\u00e6gja me\u00f0 sinn hluta og kann ekki fyrir \u00e1girni a\u00f0 \u00fer\u00edfast.<\/p>\n<p>\tEinn r\u00edkur ma\u00f0ur m\u00e1 ei gjarnan sj\u00e1 a\u00f0 eti\u00f0 s\u00e9 og \u00fea\u00f0 er honum s\u00e1rt \u00feegar hann skal gefa a\u00f0 eta. <span class=\"athugasemd\" title=\"Sup. iiii. \/ T\u00f3b. iiii.\">[<\/span><\/p>\n<p>\tSon minn, gj\u00f6r sj\u00e1lfum \u00fe\u00e9r nokku\u00f0 gott af \u00fe\u00ednu og gef Drottni \u00feau offur sem honum tilheyra.<\/p>\n<p>\tMinnstu \u00e1 \u00fea\u00f0 a\u00f0 dau\u00f0inn dvelur ekki og \u00fe\u00e9r er vel kunnigt hvern s\u00e1ttm\u00e1la a\u00f0 \u00fe\u00fa hefur me\u00f0 dau\u00f0anum.<\/p>\n<p>\tGj\u00f6r \u00fe\u00ednum vin nokku\u00f0 gott fyrir \u00feitt endad\u00e6gur og r\u00e9tt \u00fe\u00edna h\u00f6nd a\u00f0 f\u00e1t\u00e6kum eftir megni.<\/p>\n<p>\tGleym \u00fe\u00fa ekki f\u00e1t\u00e6kum \u00fe\u00e1 \u00fe\u00fa hefur gle\u00f0idag, so mun \u00fe\u00e9r f\u00f6gnu\u00f0ur veittur \u00fe\u00e1 \u00fe\u00fa girnist. \u00de\u00fa hl\u00fdtur vi\u00f0 \u00feinn s\u00faran sveita \u00f6\u00f0rum a\u00f0 \u00e6tla og \u00feitt erfi\u00f0i hj\u00e1 erfingjum \u00fe\u00ednum eftir a\u00f0 l\u00e1ta.<\/p>\n<p>\tGef \u00fe\u00fa gjarna, so muntu \u00fear igen me\u00f0taka og <span class=\"athugasemd\" title=\"a \/ Helga) \/ \u00dea\u00f0 er, Gef kennimanninum sitt tilheyrilegt offur sem l\u00f6gm\u00e1li\u00f0 b\u00fd\u00f0ur \u00fe\u00e9r\">[<\/span> helga \u00fe\u00fa \u00fe\u00edna s\u00e1l \u00fev\u00ed a\u00f0 \u00fe\u00e1 \u00fe\u00fa ert dau\u00f0ur \u00fe\u00e1 hefur \u00fe\u00fa \u00fat t\u00e6rt.<\/p>\n<p>\tAllt hold slitnar sem kl\u00e6\u00f0i \u00fev\u00ed a\u00f0 \u00fea\u00f0 er hinn gamli s\u00e1ttm\u00e1linn. \u00de\u00fa hl\u00fdtur a\u00f0 deyja.<\/p>\n<p>\tL\u00edka sem gr\u00e6n lauf \u00e1 f\u00f6gru tr\u00e9, sum falla af en sum vaxa aftur, so gengur og til m\u00f6nnum, sumir deyja en sumir koma til.<\/p>\n<p>\tAllir forgengilegir hlutir hlj\u00f3ta enda a\u00f0 taka og \u00feeir sem \u00fear me\u00f0 umganga fara og so \u00ed burtu me\u00f0.<\/p>\n","protected":false},"excerpt":{"rendered":"<p>XIIII. S\u00ednkum manni h\u00e6fir illa a\u00f0 hann s\u00e9 r\u00edkur og hva\u00f0 skal m\u00f6rgum hundi g\u00f3ss og peningar? [ Hver hann samandregur og gj\u00f6rir sj\u00e1lfum s\u00e9r ekkert gott, s\u00e1 dregur saman fyrir a\u00f0ra og a\u00f0rir munu \u00fev\u00ed \u00f3nytsamlega uppey\u00f0a. [ Hver ekki gj\u00f6rir sj\u00e1lfum s\u00e9r neitt gott, hva\u00f0 skyldi s\u00e1 \u00f6\u00f0rum gott gj\u00f6ra? Hann mun aldrei af s\u00ednu g\u00f3ssi gla\u00f0ur vera. Enginn hlutur er skammarlegri en s\u00e1 a\u00f0 ma\u00f0urinn ann s\u00e9r sj\u00e1lfum einskis til g\u00f3\u00f0s og \u00fea\u00f0 er makleg pl\u00e1ga fyrir hans vonsku. Gj\u00f6ri hann nokku\u00f0 gott so veit hann \u00fear ekki par af og me\u00f0 seinsta styggist hann \u00fear af. <a href=\"https:\/\/biblian.is\/gudbrandsbiblia\/siraksbok-14-kafli\/\"> [&#8230;]<\/a><\/p>\n","protected":false},"author":1,"featured_media":0,"parent":0,"menu_order":0,"comment_status":"open","ping_status":"open","template":"bibliukaflar.php","meta":{"footnotes":""},"class_list":["post-3701","page","type-page","status-publish","hentry"],"_links":{"self":[{"href":"https:\/\/biblian.is\/gudbrandsbiblia\/wp-json\/wp\/v2\/pages\/3701","targetHints":{"allow":["GET"]}}],"collection":[{"href":"https:\/\/biblian.is\/gudbrandsbiblia\/wp-json\/wp\/v2\/pages"}],"about":[{"href":"https:\/\/biblian.is\/gudbrandsbiblia\/wp-json\/wp\/v2\/types\/page"}],"author":[{"embeddable":true,"href":"https:\/\/biblian.is\/gudbrandsbiblia\/wp-json\/wp\/v2\/users\/1"}],"replies":[{"embeddable":true,"href":"https:\/\/biblian.is\/gudbrandsbiblia\/wp-json\/wp\/v2\/comments?post=3701"}],"version-history":[{"count":0,"href":"https:\/\/biblian.is\/gudbrandsbiblia\/wp-json\/wp\/v2\/pages\/3701\/revisions"}],"wp:attachment":[{"href":"https:\/\/biblian.is\/gudbrandsbiblia\/wp-json\/wp\/v2\/media?parent=3701"}],"curies":[{"name":"wp","href":"https:\/\/api.w.org\/{rel}","templated":true}]}}