{"id":3699,"date":"2017-12-18T18:34:28","date_gmt":"2017-12-18T18:34:28","guid":{"rendered":"http:\/\/biblian.is\/gudbrandsbiblia\/siraksbok-12-kafli\/"},"modified":"2017-12-18T18:34:28","modified_gmt":"2017-12-18T18:34:28","slug":"siraksbok-12-kafli","status":"publish","type":"page","link":"https:\/\/biblian.is\/gudbrandsbiblia\/siraksbok-12-kafli\/","title":{"rendered":"S\u00edraksb\u00f3k 12. kafli"},"content":{"rendered":"<p>XII.<\/p>\n<p>Herberg ekki hvern sem einn \u00ed \u00fe\u00ednu h\u00fasi \u00fev\u00ed a\u00f0 ver\u00f6ldin er full \u00f3tr\u00faleika og kl\u00f3kskapar. <span class=\"athugasemd\" title=\"Gestrisni\">[<\/span> Falskt hjarta er uppi sem einn t\u00e1lfugl og umsitur hversu \u00fea\u00f0 megi \u00feig fanga. \u00dev\u00ed a\u00f0 \u00fea\u00f0 sem hann s\u00e9r gott f\u00e6rir hann \u00fea\u00f0 til hins vesta og hi\u00f0 besta skammar hann allra mest. Af einum gneista ver\u00f0ur st\u00f3r eldur og einn \u00f3mildur ma\u00f0ur h\u00e6ttir ekki \u00fear til hann \u00farhellir bl\u00f3\u00f0i. Tak \u00fe\u00e9r vara fyrir soddan sk\u00e1lkum. \u00deeim b\u00fdr ekkert gott \u00ed ge\u00f0i, so a\u00f0 \u00feeir komi \u00e1 \u00feig eil\u00edfri sk\u00f6mm. Tekur \u00fe\u00fa til \u00fe\u00edn einn framanda mann \u00fe\u00e1 mun hann gj\u00f6ra \u00fe\u00e9r \u00f3mak og reka \u00feig \u00fat af \u00feinni eign.<\/p>\n<p>\tViltu gj\u00f6ra nokku\u00f0 gott so sj\u00e1 \u00fe\u00fa til hverjum \u00fe\u00fa \u00fea\u00f0 gj\u00f6rir. <span class=\"athugasemd\" title=\"Hverjum menn skulu gott gj\u00f6ra\">[<\/span> \u00de\u00e1 for\u00fe\u00e9nar \u00fe\u00fa \u00fe\u00e9r \u00fear \u00fe\u00f6kk me\u00f0. Gj\u00f6r \u00fe\u00fa g\u00f3\u00f0um gott og mun \u00fe\u00e9r ver\u00f0a \u00fea\u00f0 r\u00edkuglega endurgoldi\u00f0. S\u00e9 \u00fea\u00f0 ekki af honum so ske\u00f0ur \u00fea\u00f0 vissulega af Drottni. En vondum sk\u00e1lkum sem ekki \u00feakka fyrir velgj\u00f6rt mun ekki vel ganga.<\/p>\n<p>\tGef \u00fe\u00fa gu\u00f0hr\u00e6ddum og sj\u00e1 ekki aumur \u00e1 \u00f3gu\u00f0hr\u00e6ddum. Gj\u00f6r \u00fe\u00fa gott aumum en gef ekki \u00f3mildum. Haltu brau\u00f0i \u00fe\u00ednu fyrir honum og gef honum ekki so hann ver\u00f0i ekki styrkvari \u00fear af og f\u00f3ttro\u00f0i \u00feig \u00fev\u00ed a\u00f0 \u00fe\u00fa munt so miki\u00f0 illt af honum f\u00e1 sem \u00fe\u00fa hefur gj\u00f6rt honum gott til. \u00dev\u00ed a\u00f0 Hinn h\u00e6\u00f0sti er \u00f3vin \u00f3gu\u00f0r\u00e6kinna og \u00f3gu\u00f0r\u00e6kum mun hann refsa.<\/p>\n<p>\t\u00deegar nokkrum vegnar vel kann hann \u00f6ngvan vin r\u00e9ttilega a\u00f0 kenna en \u00feegar nokkrum vegnar illa \u00fe\u00e1 kann hans \u00f3vin s\u00e9r ekki leyna. \u00dev\u00ed a\u00f0 \u00feegar einum veitir vel \u00fea\u00f0 f\u00f3r\u00fe\u00f3kkast hans \u00f3vin. En \u00feegar nokkrum veitir illa fl\u00fdja einnin hans vinir fr\u00e1 honum.<\/p>\n<p>\tTr\u00fa \u00fe\u00fa aldrei \u00fe\u00ednum fjandmanni \u00fev\u00ed a\u00f0 sem j\u00e1rni\u00f0 ry\u00f0gar allt\u00ed\u00f0 aftur so l\u00e6tur hann aldrei s\u00edna hrekki og \u00fe\u00f3 a\u00f0 hann allarei\u00f0u hneigi sig og beygi haltu \u00fe\u00e9r \u00fe\u00f3 og g\u00e6t \u00fe\u00edn fyrir honum. <span class=\"athugasemd\" title=\"\u00d3vinum skal mann ekki tr\u00faa\">[<\/span> Og \u00fe\u00f3 \u00fe\u00fa f\u00e6gir af honum so sem af einum spegli bl\u00edfur hann \u00fe\u00f3 ry\u00f0ugur. Drag \u00fe\u00fa hann ekki a\u00f0 \u00fe\u00e9r so hann burtreki \u00feig ekki og gangi \u00ed \u00feinn sta\u00f0. Set hann ekki hj\u00e1 \u00fe\u00e9r svo hann stundi eftir \u00fe\u00ednu s\u00e6ti og me\u00f0 seinsta hlj\u00f3tir \u00fe\u00fa \u00e1 m\u00edn or\u00f0 a\u00f0 minnast og \u00fe\u00e1 i\u00f0ri \u00feig \u00feess.<\/p>\n<p>\tL\u00edka sem \u00fe\u00e1 einn h\u00f6ggormat\u00f6frari ver\u00f0ur bitinn, \u00fea\u00f0 aumkar enginn, og ef nokkur umgengur me\u00f0 villid\u00fdr og ver\u00f0ur af \u00feeim rifinn, so gengur og \u00feeim sem samlaga sig vi\u00f0 \u00f3gu\u00f0r\u00e6ka og sig vefja \u00ed \u00feeirra syndum. Hann er nokkra stund hj\u00e1 \u00fe\u00e9r en ef \u00fe\u00fa rasar e\u00f0ur fellur bl\u00edfur hann ekki.<\/p>\n<p>\tFjandma\u00f0urinn gefur g\u00f3\u00f0 or\u00f0 og aumkar sig mj\u00f6g og s\u00fdnir sig vingjarnlegan og \u00fear me\u00f0 kann hann a\u00f0 gr\u00e1ta. En \u00ed hjartanu hugsar hann hvernin hann megi koma \u00fe\u00e9r \u00ed gr\u00f6fina og f\u00e6r hann r\u00fam so kann ekki \u00fe\u00edns bl\u00f3\u00f0s saddur a\u00f0 ver\u00f0a. Og vilji \u00fe\u00e9r nokkur ska\u00f0a gj\u00f6ra svo er hann fyrstur og s\u00fdnir sig r\u00e9tt sem hann vilji hj\u00e1lpa \u00fe\u00e9r, r\u00e9tt sem felli hann \u00feig \u00f3forsvara\u00f0. Sitt h\u00f6fu\u00f0 mun hann skaka og \u00ed l\u00f3fa s\u00e9r hl\u00e6ja og nasir \u00ed loft upp reka.<\/p>\n","protected":false},"excerpt":{"rendered":"<p>XII. Herberg ekki hvern sem einn \u00ed \u00fe\u00ednu h\u00fasi \u00fev\u00ed a\u00f0 ver\u00f6ldin er full \u00f3tr\u00faleika og kl\u00f3kskapar. [ Falskt hjarta er uppi sem einn t\u00e1lfugl og umsitur hversu \u00fea\u00f0 megi \u00feig fanga. \u00dev\u00ed a\u00f0 \u00fea\u00f0 sem hann s\u00e9r gott f\u00e6rir hann \u00fea\u00f0 til hins vesta og hi\u00f0 besta skammar hann allra mest. Af einum gneista ver\u00f0ur st\u00f3r eldur og einn \u00f3mildur ma\u00f0ur h\u00e6ttir ekki \u00fear til hann \u00farhellir bl\u00f3\u00f0i. Tak \u00fe\u00e9r vara fyrir soddan sk\u00e1lkum. \u00deeim b\u00fdr ekkert gott \u00ed ge\u00f0i, so a\u00f0 \u00feeir komi \u00e1 \u00feig eil\u00edfri sk\u00f6mm. Tekur \u00fe\u00fa til \u00fe\u00edn einn framanda mann \u00fe\u00e1 mun hann gj\u00f6ra <a href=\"https:\/\/biblian.is\/gudbrandsbiblia\/siraksbok-12-kafli\/\"> [&#8230;]<\/a><\/p>\n","protected":false},"author":1,"featured_media":0,"parent":0,"menu_order":0,"comment_status":"open","ping_status":"open","template":"bibliukaflar.php","meta":{"footnotes":""},"class_list":["post-3699","page","type-page","status-publish","hentry"],"_links":{"self":[{"href":"https:\/\/biblian.is\/gudbrandsbiblia\/wp-json\/wp\/v2\/pages\/3699","targetHints":{"allow":["GET"]}}],"collection":[{"href":"https:\/\/biblian.is\/gudbrandsbiblia\/wp-json\/wp\/v2\/pages"}],"about":[{"href":"https:\/\/biblian.is\/gudbrandsbiblia\/wp-json\/wp\/v2\/types\/page"}],"author":[{"embeddable":true,"href":"https:\/\/biblian.is\/gudbrandsbiblia\/wp-json\/wp\/v2\/users\/1"}],"replies":[{"embeddable":true,"href":"https:\/\/biblian.is\/gudbrandsbiblia\/wp-json\/wp\/v2\/comments?post=3699"}],"version-history":[{"count":0,"href":"https:\/\/biblian.is\/gudbrandsbiblia\/wp-json\/wp\/v2\/pages\/3699\/revisions"}],"wp:attachment":[{"href":"https:\/\/biblian.is\/gudbrandsbiblia\/wp-json\/wp\/v2\/media?parent=3699"}],"curies":[{"name":"wp","href":"https:\/\/api.w.org\/{rel}","templated":true}]}}