{"id":3691,"date":"2017-12-18T18:34:24","date_gmt":"2017-12-18T18:34:24","guid":{"rendered":"http:\/\/biblian.is\/gudbrandsbiblia\/siraksbok-4-kafli\/"},"modified":"2017-12-18T18:34:24","modified_gmt":"2017-12-18T18:34:24","slug":"siraksbok-4-kafli","status":"publish","type":"page","link":"https:\/\/biblian.is\/gudbrandsbiblia\/siraksbok-4-kafli\/","title":{"rendered":"S\u00edraksb\u00f3k 4. kafli"},"content":{"rendered":"<p>IIII.<\/p>\n<p>Einn skynsamur ma\u00f0ur l\u00e6rir Gu\u00f0s or\u00f0 gjarnan og hver sem elskar viskuna hann heyrir gjarnan \u00fear til.<\/p>\n<p>\tSo sem vatni\u00f0 sl\u00f6kkur eld loganda l\u00edka so afm\u00e1ir \u00f6lm\u00f6sugj\u00f6r\u00f0in syndina. <span class=\"athugasemd\" title=\"\u00d6lm\u00f6sugj\u00f6r\u00f0\">[<\/span> Og hinn h\u00e6\u00f0sti endurgjaldari mun \u00feess s\u00ed\u00f0ar minnast og vi\u00f0 hj\u00e1lpa honum \u00ed \u00f3lukkunni.<\/p>\n<p>\tK\u00e6ri son, l\u00e1ttu hinn f\u00e1t\u00e6ka \u00f6ngva ney\u00f0 l\u00ed\u00f0a og vert ekki har\u00f0ur vi\u00f0 hinn nau\u00f0\u00feurftuga. <span class=\"athugasemd\" title=\"T\u00f3b\u00edas iiii.\">[<\/span> Fyrirl\u00edt ekki hungra\u00f0an og stygg ekki \u00feann hinn nau\u00f0\u00feurftuga \u00ed sinni arm\u00f3\u00f0. Sorgfullu hjarta auk \u00fe\u00fa ekki meira harm og gef \u00fe\u00fa snarlega gj\u00f6fina \u00feeim hinum nau\u00f0\u00feurftugu. Nei kve\u00f0 ekki vi\u00f0 b\u00e6n hins nau\u00f0\u00feurftuga og auma og sn\u00fa ekki \u00e1sj\u00f3nu \u00feinni fr\u00e1 hinum f\u00e1t\u00e6ka. Vend \u00fe\u00ednum augum ekki fr\u00e1 nau\u00f0\u00feurfanda manni so a\u00f0 hann klagi ekki yfir \u00feig \u00fea\u00f0 s\u00e1 sem hann skapa\u00f0 hefur heyrir hans b\u00e6n n\u00e6r hann me\u00f0 hryggu hjarta klagar yfir \u00feig.<\/p>\n<p>\tVert ekki \u00fer\u00e6tusamur fyrir r\u00e9ttinum og halt \u00feinn d\u00f3mara \u00ed hei\u00f0ri. <span class=\"athugasemd\" title=\"\u00der\u00e6tur\">[<\/span> Heyr \u00fe\u00fa hinn f\u00e1t\u00e6ka gjarnan og svara honum vinsamlega og me\u00f0 h\u00f3gv\u00e6r\u00f0. Hj\u00e1lpa honum sem fyrir ofr\u00edki ver\u00f0ur af \u00feess hendi sem honum gj\u00f6rir \u00f3r\u00e9tt og vert ekki blj\u00fagur \u00fe\u00e1 \u00fe\u00fa skalt d\u00e6ma. Halt \u00feig sem einn fa\u00f0ir vi\u00f0 f\u00f6\u00f0urleysingjana og so sem einn h\u00fasb\u00f3nda vi\u00f0 \u00feeirra m\u00f3\u00f0ur og muntu vera so sem sonur Hins allra h\u00e6\u00f0sta og mun hann \u00feig elskari hafa heldur en \u00fe\u00edn m\u00f3\u00f0ir hefur \u00feig. <span class=\"athugasemd\" title=\"Spekin\">[<\/span><\/p>\n<p>\tViskan upphefur s\u00edna sonu og tekur vi\u00f0 \u00feeim sem hennar leita. <span class=\"athugasemd\" title=\"Gu\u00f0s or\u00f0 \/ hei\u00f0ur\">[<\/span> Hver hana elskar s\u00e1 hefur l\u00edfi\u00f0 k\u00e6rt og hver hennar gl\u00f6ggt leitar mun mikinn f\u00f6gnu\u00f0 hafa. Hver \u00e1 henni fast heldur mun mikinn hei\u00f0ur \u00f6\u00f0last og hva\u00f0 sem hann \u00e1formar \u00fear mun Drottinn gefa lukku til. Hver Gu\u00f0s or\u00f0 hei\u00f0rar s\u00e1 gj\u00f6rir r\u00e9tta Gu\u00f0s \u00fej\u00f3nustu og hver hann elskar \u00fea\u00f0 \u00e1 \u00feeim hefur Drottinn elsku. S\u00e1 sem viskunni heyrir hann kann a\u00f0 kenna \u00f6\u00f0ru f\u00f3lki og s\u00e1 sem s\u00e9r til hennar heldur mun h\u00e1skalaust b\u00faa. Hver falslaus er s\u00e1 mun hana \u00f6\u00f0last og hans eftirkomendum mun vel veita. Og \u00fe\u00f3 h\u00fan me\u00f0 fyrsta heg\u00f0i s\u00e9r \u00f6\u00f0ruv\u00eds vi\u00f0 hann og gj\u00f6ri honum angist og \u00feyngsl og reyni hann me\u00f0 s\u00ednum vendi og freisti hans me\u00f0 sinni tytting \u00fear til a\u00f0 h\u00fan finnur a\u00f0 hann er falslaus, so mun h\u00fan \u00fe\u00e1 aftur til hans koma \u00e1 r\u00e9ttan veg, gle\u00f0jandi hann og s\u00edna heimuglega hluti fyrir honum opinbera. En finnist hann me\u00f0 falsi so fyrirl\u00e6tur h\u00fan hann so a\u00f0 hann hl\u00fdtur a\u00f0 fordjarfast.<\/p>\n<p>\tK\u00e6ri son, g\u00e6t \u00fe\u00fa t\u00edmans og vara \u00feig vi\u00f0 rangri s\u00f6k. Og skammast \u00fe\u00edn ekki sakir \u00feinnar s\u00e1lar a\u00f0 j\u00e1ta \u00fea\u00f0 sem r\u00e9tt er. \u00dev\u00ed ma\u00f0ur m\u00e1 so skammast s\u00edn a\u00f0 hann dr\u00fdgi \u00fear synd me\u00f0 og hann m\u00e1 skammast s\u00edn a\u00f0 hann hafi \u00fear af n\u00e1\u00f0 og hei\u00f0ur. <span class=\"athugasemd\" title=\"Menn eiga a\u00f0 hj\u00e1lpa \u00feeim r\u00e9ttfer\u00f0ugu svo og hr\u00e6\u00f0ast \u00f6ngvan ro\u00f0a \u00fear fyrir\">[<\/span> L\u00e1t \u00feig \u00f6ngva pers\u00f3nu bifa \u00fe\u00e9r til ska\u00f0a n\u00e9 skelfa \u00feig \u00fe\u00e9r til fordj\u00f6rfunar. J\u00e1ta heldur r\u00e9ttinn einar\u00f0lega \u00feegar ma\u00f0ur skal \u00f6\u00f0rum m\u00f6nnum hj\u00e1lpa \u00fea\u00f0 fyrir me\u00f0kenningina opinberast sannleikurinn og r\u00e9tturinn.<\/p>\n<p>\tM\u00e6l \u00fe\u00fa ekki \u00ed m\u00f3ti sannindunum, l\u00e1ttu heldur sneypuna yfir \u00feig ganga hafir \u00fe\u00fa \u00ed nokkri s\u00f6k villt fari\u00f0. <span class=\"athugasemd\" title=\"Sannleikurinn\">[<\/span> Skammast ei a\u00f0 j\u00e1ta hva\u00f0 \u00fe\u00fa hefur fari\u00f0 villt og kepp ekki \u00e1 m\u00f3ti straumnum.<\/p>\n<p>\t\u00dej\u00f3na ekki <span class=\"athugasemd\" title=\"a \/ Heimskum) \/ \u00dea\u00f0 er, \u00f3gu\u00f0legum\">[<\/span> heimskum manni \u00ed sinni s\u00f6k og l\u00edt ekki \u00e1 hans magt. Forsvara heldur sannleikann allt til dau\u00f0a og mun Gu\u00f0 Drottinn fyrir \u00feig str\u00ed\u00f0a.<\/p>\n<p>\tVertu ekki so sem \u00feeir er sig me\u00f0 miklum or\u00f0um tilbj\u00f3\u00f0a en gj\u00f6ra \u00fe\u00f3 alls ekki \u00fear til. <\/p>\n<p>\tVer ekki le\u00f3n \u00ed \u00fe\u00ednu h\u00fasi og enginn ofr\u00edkisma\u00f0ur vi\u00f0 \u00fe\u00edna heimahj\u00fa. \u00de\u00edn h\u00f6nd skal ekki opin vera jafnan vi\u00f0 a\u00f0 taka en afturlukt til a\u00f0 gefa.<\/p>\n","protected":false},"excerpt":{"rendered":"<p>IIII. Einn skynsamur ma\u00f0ur l\u00e6rir Gu\u00f0s or\u00f0 gjarnan og hver sem elskar viskuna hann heyrir gjarnan \u00fear til. So sem vatni\u00f0 sl\u00f6kkur eld loganda l\u00edka so afm\u00e1ir \u00f6lm\u00f6sugj\u00f6r\u00f0in syndina. [ Og hinn h\u00e6\u00f0sti endurgjaldari mun \u00feess s\u00ed\u00f0ar minnast og vi\u00f0 hj\u00e1lpa honum \u00ed \u00f3lukkunni. K\u00e6ri son, l\u00e1ttu hinn f\u00e1t\u00e6ka \u00f6ngva ney\u00f0 l\u00ed\u00f0a og vert ekki har\u00f0ur vi\u00f0 hinn nau\u00f0\u00feurftuga. [ Fyrirl\u00edt ekki hungra\u00f0an og stygg ekki \u00feann hinn nau\u00f0\u00feurftuga \u00ed sinni arm\u00f3\u00f0. Sorgfullu hjarta auk \u00fe\u00fa ekki meira harm og gef \u00fe\u00fa snarlega gj\u00f6fina \u00feeim hinum nau\u00f0\u00feurftugu. Nei kve\u00f0 ekki vi\u00f0 b\u00e6n hins nau\u00f0\u00feurftuga og auma og sn\u00fa ekki \u00e1sj\u00f3nu <a href=\"https:\/\/biblian.is\/gudbrandsbiblia\/siraksbok-4-kafli\/\"> [&#8230;]<\/a><\/p>\n","protected":false},"author":1,"featured_media":0,"parent":0,"menu_order":0,"comment_status":"open","ping_status":"open","template":"bibliukaflar.php","meta":{"footnotes":""},"class_list":["post-3691","page","type-page","status-publish","hentry"],"_links":{"self":[{"href":"https:\/\/biblian.is\/gudbrandsbiblia\/wp-json\/wp\/v2\/pages\/3691","targetHints":{"allow":["GET"]}}],"collection":[{"href":"https:\/\/biblian.is\/gudbrandsbiblia\/wp-json\/wp\/v2\/pages"}],"about":[{"href":"https:\/\/biblian.is\/gudbrandsbiblia\/wp-json\/wp\/v2\/types\/page"}],"author":[{"embeddable":true,"href":"https:\/\/biblian.is\/gudbrandsbiblia\/wp-json\/wp\/v2\/users\/1"}],"replies":[{"embeddable":true,"href":"https:\/\/biblian.is\/gudbrandsbiblia\/wp-json\/wp\/v2\/comments?post=3691"}],"version-history":[{"count":0,"href":"https:\/\/biblian.is\/gudbrandsbiblia\/wp-json\/wp\/v2\/pages\/3691\/revisions"}],"wp:attachment":[{"href":"https:\/\/biblian.is\/gudbrandsbiblia\/wp-json\/wp\/v2\/media?parent=3691"}],"curies":[{"name":"wp","href":"https:\/\/api.w.org\/{rel}","templated":true}]}}